000
CXUS56 KPQR 011200
CF6HIO
PRELIMINARY LOCAL CLIMATOLOGICAL DATA (WS FORM: F-6)
STATION: HILLSBORO OR
MONTH: OCTOBER
YEAR: 2020
LATITUDE: 45 32 N
LONGITUDE: 122 57 W
TEMPERATURE IN F: :PCPN: SNOW: WIND :SUNSHINE: SKY :PK WND
================================================================================
1 2 3 4 5 6A 6B 7 8 9 10 11 12 13 14 15 16 17 18
12Z AVG MX 2MIN
DY MAX MIN AVG DEP HDD CDD WTR SNW DPTH SPD SPD DIR MIN PSBL S-S WX SPD DR
================================================================================
1 79 49 64 8 1 0 0.00 M M 0.3 5 150 M M 4 12 7 160
2 81 48 65 9 0 0 0.00 M M 1.1 7 290 M M 4 128 10 260
3 79 49 64 9 1 0 0.00 M M 1.7 8 50 M M 4 128 10 40
4 71 55 63 8 2 0 0.00 M M 3.5 10 50 M M 6 1 13 50
5 76 50 63 8 2 0 0.00 M M 3.3 10 340 M M 4 13 340
6 82 48 65 11 0 0 0.00 M M 1.3 9 60 M M 0 1 11 70
7 75 47 61 7 4 0 0.00 M M 1.1 7 180 M M 1 12 10 180
8 64 56 60 6 5 0 0.00 M M 2.5 7 50 M M 10 1 9 50
9 73 50 62 9 3 0 0.03 M M 6.6 15 170 M M 6 1 22 200
10 63 49 56 3 9 0 0.66 M M 7.0 16 300 M M 8 1 20 280
11 61 49 55 2 10 0 0.30 M M 11.0 22 180 M M 9 1 27 190
12 63 53 58 6 7 0 0.05 M M 3.4 14 330 M M 7 1 18 340
13 66 47 57 5 8 0 0.26 M M 9.9 21 170 M M 8 1 29 260
14 63 41 52 0 13 0 0.03 M M 3.4 13 310 M M 4 128 16 310
15 65 36 51 -1 14 0 0.00 M M 2.4 8 60 M M 2 128 10 310
16 68 40 54 3 11 0 0.00 M M 1.9 9 230 M M 5 1 13 230
17 69 49 59 8 6 0 0.00 M M 2.2 8 50 M M 6 1 10 60
18 71 49 60 9 5 0 T M M 4.4 16 240 M M 7 22 230
19 64 47 56 6 9 0 0.00 M M 2.7 17 310 M M 7 1 22 300
20 64 45 55 5 10 0 T M M 3.2 8 40 M M 8 10 30
21 59 36 48 -2 17 0 T M M 6.1 25 310 M M 4 1 34 310
22 58 30 44 -6 21 0 0.00 M M 2.9 9 60 M M 1 18 12 70
23 56 30 43 -7 22 0 0.00 M M 1.7 10 190 M M 7 1 13 200
24 54 41 48 -1 17 0 T M M 10.1 21 80 M M 7 1 28 70
25 47 25 36 -13 29 0 0.00 M M 11.7 25 90 M M 0 38 90
26 56 24 40 -9 25 0 0.00 M M 0.8 7 60 M M 2 18 9 310
27 60 28 44 -5 21 0 0.00 M M 1.1 7 80 M M 1 12 8 90
28 68 33 51 3 14 0 0.00 M M 0.8 6 60 M M 4 12 8 60
29 65 37 51 3 14 0 0.00 M M 0.5 7 50 M M 4 12 9 200
30 61 36 49 1 16 0 0.05 M M 4.6 15 310 M M 6 12 19 310
31 62 30 46 -2 19 0 0.00 M M 1.6 8 30 M M 2 12 12 50
================================================================================
SM 2043 1307 335 0 1.38 M 114.8 M 148
================================================================================
AV 65.9 42.2 3.7 FASTST M M 5 MAX(MPH)
MISC ----> # 25 310 # 38 90
================================================================================
NOTES:
# LAST OF SEVERAL OCCURRENCES
COLUMN 17 PEAK WIND IN M.P.H.
PRELIMINARY LOCAL CLIMATOLOGICAL DATA (WS FORM: F-6) , PAGE 2
STATION: HILLSBORO OR
MONTH: OCTOBER
YEAR: 2020
LATITUDE: 45 32 N
LONGITUDE: 122 57 W
[TEMPERATURE DATA] [PRECIPITATION DATA] SYMBOLS USED IN COLUMN 16
AVERAGE MONTHLY: 54.0 TOTAL FOR MONTH: 1.38 1 = FOG OR MIST
DPTR FM NORMAL: 2.5 DPTR FM NORMAL: -1.80 2 = FOG REDUCING VISIBILITY
HIGHEST: 82 ON 6 GRTST 24HR 0.66 ON 10-10 TO 1/4 MILE OR LESS
LOWEST: 24 ON 26 3 = THUNDER
SNOW, ICE PELLETS, HAIL 4 = ICE PELLETS
TOTAL MONTH: M 5 = HAIL
GRTST 24HR M ON M 6 = FREEZING RAIN OR DRIZZLE
GRTST DEPTH: M ON M 7 = DUSTSTORM OR SANDSTORM:
VSBY 1/2 MILE OR LESS
8 = SMOKE OR HAZE
[NO. OF DAYS WITH] [WEATHER - DAYS WITH] 9 = BLOWING SNOW
X = TORNADO
MAX 32 OR BELOW: 0 0.01 INCH OR MORE: 7
MAX 90 OR ABOVE: 0 0.10 INCH OR MORE: 3
MIN 32 OR BELOW: 6 0.50 INCH OR MORE: 1
MIN 0 OR BELOW: 0 1.00 INCH OR MORE: 0
[HDD (BASE 65) ]
TOTAL THIS MO. 335 CLEAR (SCALE 0-3) 8
DPTR FM NORMAL -84 PTCLDY (SCALE 4-7) 21
TOTAL FM JUL 1 443 CLOUDY (SCALE 8-10) 2
DPTR FM NORMAL -238
[CDD (BASE 65) ]
TOTAL THIS MO. 0
DPTR FM NORMAL -1 [PRESSURE DATA]
TOTAL FM JAN 1 344 HIGHEST SLP 30.58 ON 15
DPTR FM NORMAL 146 LOWEST SLP 29.64 ON 10
[REMARKS]
#FINAL-10-20#