000
CXUS53 KGID 011052
CF6HJH
PRELIMINARY LOCAL CLIMATOLOGICAL DATA (WS FORM: F-6)
STATION: HEBRON NE
MONTH: DECEMBER
YEAR: 2022
LATITUDE: 40 9 N
LONGITUDE: 97 35 W
TEMPERATURE IN F: :PCPN: SNOW: WIND :SUNSHINE: SKY :PK WND
================================================================================
1 2 3 4 5 6A 6B 7 8 9 10 11 12 13 14 15 16 17 18
12Z AVG MX 2MIN
DY MAX MIN AVG DEP HDD CDD WTR SNW DPTH SPD SPD DIR MIN PSBL S-S WX SPD DR
================================================================================
1 52 25 39 M 26 0 0.00 M M 16.2 24 200 M M 0 35 180
2 66 19 43 M 22 0 0.00 M M 17.7 22 340 M M 0 37 340
3 37 8 23 M 42 0 0.00 M M 7.1 15 210 M M 0 20 210
4 45 17 31 M 34 0 0.00 M M 3.7 8 230 M M 0 M M
5 46 21 34 M 31 0 0.00 M M 6.1 15 10 M M 0 21 10
6 43 18 31 M 34 0 0.00 M M 2.0 7 240 M M 1 M M
7 47 20 34 M 31 0 0.00 M M 3.7 13 20 M M 2 16 40
8 35 23 29 M 36 0 0.00 M M 4.2 10 260 M M 9 1 17 270
9 40 28 34 M 31 0 0.00 M M 5.7 12 320 M M 8 12 17 300
10 47 19 33 M 32 0 0.00 M M 4.9 13 340 M M 4 1 M M
11 49 13 31 M 34 0 0.00 M M 6.7 17 160 M M 2 1 23 160
12 46 36 41 M 24 0 0.07 M M 13.6 18 130 M M 10 1 29 140
13 52 29 41 M 24 0 0.37 M M 18.2 28 200 M M 6 33 190
14 34 26 30 M 35 0 0.00 M M 14.5 21 300 M M 9 28 300
15 32 22 27 M 38 0 M M M 18.2 28 310 M M 6 36 310
16 29 22 26 M 39 0 T M M 14.8 24 300 M M 7 32 300
17 36 12 24 M 41 0 0.00 M M 8.5 18 320 M M 1 25 320
18 41 7 24 M 41 0 0.00 M M 4.7 15 150 M M 0 17 180
19 37 10 24 M 41 0 T M M 8.2 14 360 M M 9 1 22 170
20 16 3 10 M 55 0 T M M 6.0 13 20 M M 3 18 360
21 26 -1 13 M 52 0 M M M 7.1 23 350 M M 10 18 30 340
22 -1 -13 -7 M 72 0 M M M 17.7 24 340 M M 6 8 33 340
23 11 -8 2 M 63 0 0.00 M M 11.6 20 320 M M 0 29 320
24 18 1 10 M 55 0 0.00 M M 4.3 12 330 M M 7 20 320
25 32 -4 14 M 51 0 T M M 4.5 13 210 M M 2 21 210
26 37 10 24 M 41 0 0.00 M M 11.7 22 350 M M 2 31 350
27 40 16 28 M 37 0 0.00 M M 11.9 16 210 M M 0 27 210
28 48 29 39 M 26 0 M M M 5.3 13 210 M M 2 17 170
29 47 25 36 M 29 0 M M M 5.2 14 320 M M 5 25 320
30 48 21 35 M 30 0 0.00 M M 2.7 8 180 M M 0 M M
31 50 25 38 M 27 0 0.00 M M 4.6 10 240 M M 0 M M
================================================================================
SM 1186 479 1174 0 M M 271.3 M 111
================================================================================
AV 38.3 15.5 8.8 FASTST M M 4 MAX(MPH)
MISC ----> # 28 200 M M
================================================================================
NOTES:
# LAST OF SEVERAL OCCURRENCES
COLUMN 17 PEAK WIND IN M.P.H.
PRELIMINARY LOCAL CLIMATOLOGICAL DATA (WS FORM: F-6) , PAGE 2
STATION: HEBRON NE
MONTH: DECEMBER
YEAR: 2022
LATITUDE: 40 9 N
LONGITUDE: 97 35 W
[TEMPERATURE DATA] [PRECIPITATION DATA] SYMBOLS USED IN COLUMN 16
AVERAGE MONTHLY: 26.9 TOTAL FOR MONTH: M 1 = FOG OR MIST
DPTR FM NORMAL: M DPTR FM NORMAL: M 2 = FOG REDUCING VISIBILITY
HIGHEST: 66 ON 2 GRTST 24HR M ON M TO 1/4 MILE OR LESS
LOWEST: -13 ON 22 3 = THUNDER
SNOW, ICE PELLETS, HAIL 4 = ICE PELLETS
TOTAL MONTH: M 5 = HAIL
GRTST 24HR M ON M 6 = FREEZING RAIN OR DRIZZLE
GRTST DEPTH: M ON M 7 = DUSTSTORM OR SANDSTORM:
VSBY 1/2 MILE OR LESS
8 = SMOKE OR HAZE
[NO. OF DAYS WITH] [WEATHER - DAYS WITH] 9 = BLOWING SNOW
X = TORNADO
MAX 32 OR BELOW: 8 0.01 INCH OR MORE: M
MAX 90 OR ABOVE: 0 0.10 INCH OR MORE: M
MIN 32 OR BELOW: 30 0.50 INCH OR MORE: M
MIN 0 OR BELOW: 4 1.00 INCH OR MORE: M
[HDD (BASE 65) ]
TOTAL THIS MO. 1174 CLEAR (SCALE 0-3) 18
DPTR FM NORMAL M PTCLDY (SCALE 4-7) 8
TOTAL FM JUL 1 2350 CLOUDY (SCALE 8-10) 5
DPTR FM NORMAL M
[CDD (BASE 65) ]
TOTAL THIS MO. 0
DPTR FM NORMAL M [PRESSURE DATA]
TOTAL FM JAN 1 1428 HIGHEST SLP M ON M
DPTR FM NORMAL M LOWEST SLP M ON M
[REMARKS]
#FINAL-12-22#