000
CXUS56 KHNX 011214
CF6HJO
PRELIMINARY LOCAL CLIMATOLOGICAL DATA (WS FORM: F-6)
STATION: HANFORD CA AIRPORT
MONTH: APRIL
YEAR: 2021
LATITUDE: 36 19 N
LONGITUDE: 119 38 W
TEMPERATURE IN F: :PCPN: SNOW: WIND :SUNSHINE: SKY :PK WND
================================================================================
1 2 3 4 5 6A 6B 7 8 9 10 11 12 13 14 15 16 17 18
12Z AVG MX 2MIN
DY MAX MIN AVG DEP HDD CDD WTR SNW DPTH SPD SPD DIR MIN PSBL S-S WX SPD DR
================================================================================
1 87 44 66 8 0 1 0.00 0.0 0 2.2 9 320 M M 0 13 300
2 89 44 67 9 0 2 0.00 0.0 0 3.5 12 320 M M 0 8 16 310
3 83 50 67 9 0 2 0.00 0.0 0 7.8 16 310 M M 0 20 320
4 76 46 61 3 4 0 0.00 0.0 0 6.0 17 320 M M 0 23 310
5 76 49 63 5 2 0 0.00 0.0 0 8.7 16 330 M M 0 20 330
6 78 48 63 5 2 0 0.00 0.0 0 3.4 13 320 M M 0 17 320
7 82 48 65 7 0 0 0.00 0.0 0 6.5 15 330 M M 0 19 320
8 77 48 63 4 2 0 0.00 0.0 0 7.1 16 320 M M 0 21 320
9 82 41 62 3 3 0 0.00 0.0 0 6.9 15 330 M M 0 22 330
10 77 48 63 4 2 0 0.00 0.0 0 6.7 15 310 M M 0 19 330
11 81 45 63 4 2 0 0.00 0.0 0 3.8 13 330 M M 0 1 17 290
12 84 46 65 5 0 0 0.00 0.0 0 4.9 13 310 M M 0 1 17 330
13 82 44 63 3 2 0 0.00 0.0 0 6.3 24 310 M M 0 30 310
14 71 42 57 -3 8 0 0.00 0.0 0 5.8 15 320 M M 0 18 19 310
15 78 45 62 2 3 0 0.00 0.0 0 5.6 13 320 M M 0 17 310
16 80 42 61 0 4 0 0.00 0.0 0 8.0 15 320 M M 0 22 330
17 82 46 64 3 1 0 0.00 0.0 0 3.7 13 330 M M 0 17 330
18 88 46 67 6 0 2 0.00 0.0 0 3.5 14 330 M M 0 18 320
19 90 46 68 7 0 3 0.00 0.0 0 5.1 15 320 M M 0 20 320
20 85 48 67 5 0 2 0.00 0.0 0 5.2 21 330 M M 0 28 330
21 74 45 60 -2 5 0 0.00 0.0 0 3.0 8 50 M M 0 13 130
22 83 47 65 3 0 0 0.00 0.0 0 6.1 16 320 M M 0 22 310
23 80 46 63 0 2 0 0.00 0.0 0 5.5 15 330 M M 0 19 330
24 76 48 62 -1 3 0 0.00 0.0 0 7.9 16 320 M M 0 21 320
25 67 54 61 -2 4 0 0.06 0.0 0 3.7 15 310 M M 5 18 310
26 69 51 60 -4 5 0 0.10 0.0 0 8.3 16 310 M M 6 1 22 320
27 74 42 58 -6 7 0 0.00 0.0 0 5.8 14 330 M M 0 18 320
28 84 44 64 0 1 0 0.00 0.0 0 3.8 10 320 M M 0 16 310
29 91 47 69 5 0 4 0.00 0.0 0 3.6 12 330 M M 0 14 320
30 95 52 74 9 0 9 0.00 0.0 0 5.8 15 320 M M 0 20 300
================================================================================
SM 2421 1392 62 25 0.16 0.0 164.2 M 11
================================================================================
AV 80.7 46.4 5.5 FASTST M M 0 MAX(MPH)
MISC ----> 24 310 30 310
================================================================================
NOTES:
# LAST OF SEVERAL OCCURRENCES
COLUMN 17 PEAK WIND IN M.P.H.
PRELIMINARY LOCAL CLIMATOLOGICAL DATA (WS FORM: F-6) , PAGE 2
STATION: HANFORD CA AIRPORT
MONTH: APRIL
YEAR: 2021
LATITUDE: 36 19 N
LONGITUDE: 119 38 W
[TEMPERATURE DATA] [PRECIPITATION DATA] SYMBOLS USED IN COLUMN 16
AVERAGE MONTHLY: 63.6 TOTAL FOR MONTH: 0.16 1 = FOG OR MIST
DPTR FM NORMAL: 2.8 DPTR FM NORMAL: -0.63 2 = FOG REDUCING VISIBILITY
HIGHEST: 95 ON 30 GRTST 24HR 0.16 ON 25-26 TO 1/4 MILE OR LESS
LOWEST: 41 ON 9 3 = THUNDER
SNOW, ICE PELLETS, HAIL 4 = ICE PELLETS
TOTAL MONTH: 0.0 INCH 5 = HAIL
GRTST 24HR 0.0 6 = FREEZING RAIN OR DRIZZLE
GRTST DEPTH: 0 7 = DUSTSTORM OR SANDSTORM:
VSBY 1/2 MILE OR LESS
8 = SMOKE OR HAZE
[NO. OF DAYS WITH] [WEATHER - DAYS WITH] 9 = BLOWING SNOW
X = TORNADO
MAX 32 OR BELOW: 0 0.01 INCH OR MORE: 2
MAX 90 OR ABOVE: 3 0.10 INCH OR MORE: 1
MIN 32 OR BELOW: 0 0.50 INCH OR MORE: 0
MIN 0 OR BELOW: 0 1.00 INCH OR MORE: 0
[HDD (BASE 65) ]
TOTAL THIS MO. 62 CLEAR (SCALE 0-3) 28
DPTR FM NORMAL -98 PTCLDY (SCALE 4-7) 2
TOTAL FM JUL 1 2195 CLOUDY (SCALE 8-10) 0
DPTR FM NORMAL -421
[CDD (BASE 65) ]
TOTAL THIS MO. 25
DPTR FM NORMAL -7 [PRESSURE DATA]
TOTAL FM JAN 1 25 HIGHEST SLP 30.23 ON 4
DPTR FM NORMAL -11 LOWEST SLP 29.71 ON 20
[REMARKS]
#FINAL-04-21#