000
CXUS52 KGSP 010817
CF6HKY
PRELIMINARY LOCAL CLIMATOLOGICAL DATA (WS FORM: F-6)
STATION: HICKORY NC
MONTH: AUGUST
YEAR: 2023
LATITUDE: 35 45 N
LONGITUDE: 81 23 W
TEMPERATURE IN F: :PCPN: SNOW: WIND :SUNSHINE: SKY :PK WND
================================================================================
1 2 3 4 5 6A 6B 7 8 9 10 11 12 13 14 15 16 17 18
12Z AVG MX 2MIN
DY MAX MIN AVG DEP HDD CDD WTR SNW DPTH SPD SPD DIR MIN PSBL S-S WX SPD DR
================================================================================
1 85 67 76 -2 0 11 0.00 M M 6.3 12 60 M M 4 17 20
2 84 63 74 -3 0 9 0.00 M M 2.9 9 200 M M 6 11 190
3 74 68 71 -6 0 6 1.12 M M 7.4 16 190 M M 10 1 24 200
4 86 70 78 1 0 13 0.00 M M 1.9 8 50 M M 7 1 10 50
5 90 67 79 2 0 14 0.00 M M 2.4 9 300 M M 2 12 12 300
6 86 71 79 2 0 14 0.69 M M 3.0 21 190 M M 5 13 29 200
7 86 69 78 1 0 13 1.01 M M 4.8 39 280 M M 5 13 54 300
8 83 67 75 -2 0 10 0.00 M M 5.8 15 320 M M 1 22 330
9 85 65 75 -2 0 10 0.00 M M 4.8 12 300 M M 1 15 220
10 85 68 77 0 0 12 0.47 M M 4.9 17 270 M M 6 13 22 260
11 82 65 74 -3 0 9 0.00 M M 2.1 8 190 M M 2 11 190
12 89 67 78 1 0 13 0.08 M M 3.7 25 280 M M 2 123 43 280
13 88 66 77 0 0 12 0.00 M M 2.2 8 190 M M 0 12 220
14 91 72 82 5 0 17 0.00 M M 2.3 12 340 M M 1 1 16 360
15 88 71 80 3 0 15 0.04 M M 4.4 13 280 M M 3 13 19 350
16 85 65 75 -1 0 10 0.00 M M 2.7 9 200 M M 4 13 200
17 86 66 76 0 0 11 0.00 M M 3.6 13 220 M M 3 16 230
18 86 65 76 0 0 11 0.00 M M 3.6 12 280 M M 1 17 270
19 82 61 72 -4 0 7 0.00 M M 1.9 8 210 M M 1 18 12 180
20 87 64 76 0 0 11 0.00 M M 2.8 9 220 M M 1 12 13 230
21 92 68 80 4 0 15 0.00 M M 2.7 7 260 M M 0 13 270
22 92 72 82 6 0 17 0.00 M M 4.5 12 50 M M 1 17 60
23 86 65 76 0 0 11 0.00 M M 4.3 13 60 M M 1 20 50
24 93 66 80 4 0 15 0.00 M M 4.5 14 70 M M 1 17 50
25 92 70 81 5 0 16 0.00 M M 1.9 9 180 M M 1 13 10
26 94 74 84 9 0 19 0.00 M M 3.0 10 220 M M 1 13 14 190
27 90 71 81 6 0 16 0.02 M M 3.8 22 10 M M 3 3 34 10
28 84 70 77 2 0 12 0.18 M M 3.3 12 360 M M 8 13 15 20
29 82 70 76 1 0 11 0.16 M M 2.3 12 270 M M 9 13 13 280
30 81 70 76 1 0 11 0.00 M M 6.0 14 20 M M 8 12 20 360
31 84 63 74 -1 0 9 0.00 M M 4.4 14 60 M M 2 17 70
================================================================================
SM 2678 2096 0 380 3.77 M 114.2 M 100
================================================================================
AV 86.4 67.6 3.7 FASTST M M 3 MAX(MPH)
MISC ----> 39 280 54 300
================================================================================
NOTES:
# LAST OF SEVERAL OCCURRENCES
COLUMN 17 PEAK WIND IN M.P.H.
PRELIMINARY LOCAL CLIMATOLOGICAL DATA (WS FORM: F-6) , PAGE 2
STATION: HICKORY NC
MONTH: AUGUST
YEAR: 2023
LATITUDE: 35 45 N
LONGITUDE: 81 23 W
[TEMPERATURE DATA] [PRECIPITATION DATA] SYMBOLS USED IN COLUMN 16
AVERAGE MONTHLY: 77.0 TOTAL FOR MONTH: 3.77 1 = FOG OR MIST
DPTR FM NORMAL: 0.6 DPTR FM NORMAL: -0.81 2 = FOG REDUCING VISIBILITY
HIGHEST: 94 ON 26 GRTST 24HR 1.12 ON 3- 3 TO 1/4 MILE OR LESS
LOWEST: 61 ON 19 3 = THUNDER
SNOW, ICE PELLETS, HAIL 4 = ICE PELLETS
TOTAL MONTH: M 5 = HAIL
GRTST 24HR M ON M 6 = FREEZING RAIN OR DRIZZLE
GRTST DEPTH: M ON M 7 = DUSTSTORM OR SANDSTORM:
VSBY 1/2 MILE OR LESS
8 = SMOKE OR HAZE
[NO. OF DAYS WITH] [WEATHER - DAYS WITH] 9 = BLOWING SNOW
X = TORNADO
MAX 32 OR BELOW: 0 0.01 INCH OR MORE: 9
MAX 90 OR ABOVE: 8 0.10 INCH OR MORE: 6
MIN 32 OR BELOW: 0 0.50 INCH OR MORE: 3
MIN 0 OR BELOW: 0 1.00 INCH OR MORE: 2
[HDD (BASE 65) ]
TOTAL THIS MO. 0 CLEAR (SCALE 0-3) 19
DPTR FM NORMAL 0 PTCLDY (SCALE 4-7) 9
TOTAL FM JUL 1 0 CLOUDY (SCALE 8-10) 3
DPTR FM NORMAL 0
[CDD (BASE 65) ]
TOTAL THIS MO. 380
DPTR FM NORMAL 28 [PRESSURE DATA]
TOTAL FM JAN 1 1104 HIGHEST SLP 30.21 ON 2
DPTR FM NORMAL -76 LOWEST SLP 29.67 ON 30
[REMARKS]
#FINAL-08-23#