000
CXUS53 KGLD 021643
CF6HLC
PRELIMINARY LOCAL CLIMATOLOGICAL DATA (WS FORM: F-6)
STATION: HILL CITY KS
MONTH: FEBRUARY
YEAR: 2022
LATITUDE: 39 22 N
LONGITUDE: 99 50 W
TEMPERATURE IN F: :PCPN: SNOW: WIND :SUNSHINE: SKY :PK WND
================================================================================
1 2 3 4 5 6A 6B 7 8 9 10 11 12 13 14 15 16 17 18
12Z AVG MX 2MIN
DY MAX MIN AVG DEP HDD CDD WTR SNW DPTH SPD SPD DIR MIN PSBL S-S WX SPD DR
================================================================================
1 43 24 34 3 31 0 0.00 M M 15.4 26 20 M M 2 38 20
2 24 11 18 -13 47 0 0.06 M M 15.9 24 30 M M 10 18 31 30
3 24 3 14 -17 51 0 0.00 M M 6.7 16 40 M M 4 21 40
4 48 5 27 -4 38 0 0.00 M M 8.8 18 310 M M 0 24 300
5 56 19 38 7 27 0 0.00 M M 8.1 16 320 M M 0 25 320
6 49 22 36 5 29 0 0.00 M M 12.8 26 350 M M 2 34 350
7 60 25 43 12 22 0 0.00 M M 9.9 20 310 M M 1 28 330
8 61 28 45 14 20 0 0.00 M M 13.8 32 350 M M 0 44 340
9 60 30 45 13 20 0 T M M 9.6 28 330 M M 3 39 340
10 64 24 44 12 21 0 0.00 M M 10.9 23 240 M M 1 34 240
11 53 18 36 4 29 0 0.00 M M 15.1 29 350 M M 5 38 10
12 48 9 29 -3 36 0 0.00 M M 9.5 22 300 M M 2 33 320
13 55 19 37 5 28 0 0.00 M M 7.9 18 190 M M 1 25 190
14 55 23 39 6 26 0 0.00 M M 7.8 16 140 M M 0 23 130
15 61 27 44 11 21 0 0.00 M M 6.6 17 180 M M 0 24 190
16 45 27 36 3 29 0 0.00 M M 16.3 28 10 M M 1 40 10
17 37 20 29 -4 36 0 0.00 M M 13.8 29 10 M M 4 43 10
18 60 23 42 8 23 0 0.00 M M 11.5 21 300 M M 1 31 290
19 57 13 35 1 30 0 0.00 M M 11.8 25 190 M M 0 36 200
20 68 27 48 14 17 0 0.00 M M 8.0 25 340 M M 0 39 340
21 50 7 29 -5 36 0 0.00 M M 16.2 30 360 M M 2 43 360
22 18 2 10 -25 55 0 T M M 21.4 35 340 M M 7 46 350
23 19 -3 8 -27 57 0 M M M 10.3 20 350 M M 1 23 360
24 21 0 11 -25 54 0 0.00 M M 8.1 16 320 M M 2 21 330
25 37 -3 17 -19 48 0 0.00 M M 4.8 12 170 M M 0 17 180
26 48 7 28 -8 37 0 0.00 M M 5.2 13 320 M M 2 18 320
27 64 12 38 1 27 0 0.00 M M 7.3 18 230 M M 0 26 230
28 69 25 47 10 18 0 0.00 M M 7.5 17 310 M M 0 28 320
================================================================================
SM 1354 444 913 0 0.06 M 301.0 M 51
================================================================================
AV 48.4 15.9 10.8 FASTST M M 2 MAX(MPH)
MISC ----> 35 340 46 350
================================================================================
NOTES:
# LAST OF SEVERAL OCCURRENCES
COLUMN 17 PEAK WIND IN M.P.H.
PRELIMINARY LOCAL CLIMATOLOGICAL DATA (WS FORM: F-6) , PAGE 2
STATION: HILL CITY KS
MONTH: FEBRUARY
YEAR: 2022
LATITUDE: 39 22 N
LONGITUDE: 99 50 W
[TEMPERATURE DATA] [PRECIPITATION DATA] SYMBOLS USED IN COLUMN 16
AVERAGE MONTHLY: 32.1 TOTAL FOR MONTH: 0.06 1 = FOG OR MIST
DPTR FM NORMAL: -1.0 DPTR FM NORMAL: -0.39 2 = FOG REDUCING VISIBILITY
HIGHEST: 69 ON 28 GRTST 24HR 0.06 ON 2- 2 TO 1/4 MILE OR LESS
LOWEST: -3 ON 25,23 3 = THUNDER
SNOW, ICE PELLETS, HAIL 4 = ICE PELLETS
TOTAL MONTH: M 5 = HAIL
GRTST 24HR M ON M 6 = FREEZING RAIN OR DRIZZLE
GRTST DEPTH: M ON M 7 = DUSTSTORM OR SANDSTORM:
VSBY 1/2 MILE OR LESS
8 = SMOKE OR HAZE
[NO. OF DAYS WITH] [WEATHER - DAYS WITH] 9 = BLOWING SNOW
X = TORNADO
MAX 32 OR BELOW: 5 0.01 INCH OR MORE: 1
MAX 90 OR ABOVE: 0 0.10 INCH OR MORE: 0
MIN 32 OR BELOW: 28 0.50 INCH OR MORE: 0
MIN 0 OR BELOW: 3 1.00 INCH OR MORE: 0
[HDD (BASE 65) ]
TOTAL THIS MO. 913 CLEAR (SCALE 0-3) 23
DPTR FM NORMAL 20 PTCLDY (SCALE 4-7) 4
TOTAL FM JUL 1 3648 CLOUDY (SCALE 8-10) 1
DPTR FM NORMAL -503
[CDD (BASE 65) ]
TOTAL THIS MO. 0
DPTR FM NORMAL 0 [PRESSURE DATA]
TOTAL FM JAN 1 0 HIGHEST SLP 30.75 ON 23
DPTR FM NORMAL 0 LOWEST SLP 29.54 ON 21
[REMARKS]
#FINAL-02-22#