000
CXHW50 PHFO 020025
CF6HNL
PRELIMINARY LOCAL CLIMATOLOGICAL DATA (WS FORM: F-6)
STATION: HONOLULU HI
MONTH: APRIL
YEAR: 2023
LATITUDE: 21 21 N
LONGITUDE: 157 56 W
TEMPERATURE IN F: :PCPN: SNOW: WIND :SUNSHINE: SKY :PK WND
================================================================================
1 2 3 4 5 6A 6B 7 8 9 10 11 12 13 14 15 16 17 18
12Z AVG MX 2MIN
DY MAX MIN AVG DEP HDD CDD WTR SNW DPTH SPD SPD DIR MIN PSBL S-S WX SPD DR
================================================================================
1 83 73 78 2 0 13 T M M 6.9 17 80 M M 8 22 70
2 81 69 75 -1 0 10 1.16 M M 6.6 21 60 M M 10 13 27 60
3 85 70 78 2 0 13 0.04 M M 11.8 22 100 M M 5 28 110
4 85 72 79 3 0 14 T M M 12.2 24 80 M M 4 30 70
5 85 75 80 4 0 15 0.00 M M 15.4 24 70 M M 4 8 31 70
6 85 74 80 4 0 15 T M M 15.0 26 50 M M 5 35 60
7 83 73 78 2 0 13 T M M 11.1 22 50 M M 5 28 60
8 84 70 77 1 0 12 0.00 M M 9.3 22 60 M M 5 29 80
9 80 71 76 0 0 11 T M M 9.7 23 70 M M 7 29 60
10 85 71 78 2 0 13 0.01 M M 13.7 25 70 M M 5 35 50
11 85 73 79 3 0 14 0.01 M M 16.1 28 60 M M 5 36 70
12 85 74 80 4 0 15 0.00 M M 15.0 26 50 M M 5 32 50
13 85 74 80 4 0 15 T M M 13.4 24 80 M M 4 33 80
14 85 73 79 2 0 14 0.00 M M 10.0 20 50 M M 2 26 30
15 85 72 79 2 0 14 T M M 8.9 20 70 M M 4 26 70
16 84 70 77 0 0 12 T M M 7.2 15 120 M M 3 19 120
17 83 72 78 1 0 13 0.00 M M 6.5 15 140 M M 5 21 130
18 81 72 77 0 0 12 0.11 M M 13.6 26 150 M M 7 34 150
19 85 74 80 3 0 15 0.71 M M 12.2 37 160 M M 7 1 47 170
20 83 73 78 1 0 13 0.02 M M 6.0 14 90 M M 7 1 16 90
21 85 72 79 2 0 14 T M M 7.3 18 150 M M 3 22 160
22 86 74 80 3 0 15 T M M 8.2 16 140 M M 4 21 140
23 84 70 77 0 0 12 0.01 M M 5.8 14 210 M M 4 19 160
24 84 72 78 1 0 13 0.01 M M 5.6 13 290 M M 5 1 16 230
25 85 72 79 2 0 14 0.02 M M 8.1 17 40 M M 7 1 22 60
26 85 73 79 2 0 14 0.00 M M 8.0 18 40 M M 4 23 40
27 M M M M M M 0.07 M M 4.8 10 70 M M 8 18 13 70
28 M M M M M M T M M 5.4 13 170 M M 5 1 17 150
29 M M M M M M 0.00 M M 11.1 22 60 M M 4 27 50
30 M M M M M M 0.00 M M 10.3 20 30 M M 3 26 70
================================================================================
SM 2186 1878 0 348 2.17 M 295.2 M 154
================================================================================
AV 84.1 72.2 9.8 FASTST M M 5 MAX(MPH)
MISC ----> 37 160 47 170
================================================================================
NOTES:
# LAST OF SEVERAL OCCURRENCES
COLUMN 17 PEAK WIND IN M.P.H.
PRELIMINARY LOCAL CLIMATOLOGICAL DATA (WS FORM: F-6) , PAGE 2
STATION: HONOLULU HI
MONTH: APRIL
YEAR: 2023
LATITUDE: 21 21 N
LONGITUDE: 157 56 W
[TEMPERATURE DATA] [PRECIPITATION DATA] SYMBOLS USED IN COLUMN 16
AVERAGE MONTHLY: 78.2 TOTAL FOR MONTH: 2.17 1 = FOG OR MIST
DPTR FM NORMAL: 1.6 DPTR FM NORMAL: 1.40 2 = FOG REDUCING VISIBILITY
HIGHEST: 86 ON 22 GRTST 24HR 1.20 ON 2- 3 TO 1/4 MILE OR LESS
LOWEST: 69 ON 2 3 = THUNDER
SNOW, ICE PELLETS, HAIL 4 = ICE PELLETS
TOTAL MONTH: M 5 = HAIL
GRTST 24HR M ON M 6 = FREEZING RAIN OR DRIZZLE
GRTST DEPTH: M ON M 7 = DUSTSTORM OR SANDSTORM:
VSBY 1/2 MILE OR LESS
8 = SMOKE OR HAZE
[NO. OF DAYS WITH] [WEATHER - DAYS WITH] 9 = BLOWING SNOW
X = TORNADO
MAX 32 OR BELOW: 0 0.01 INCH OR MORE: 11
MAX 90 OR ABOVE: 0 0.10 INCH OR MORE: 3
MIN 32 OR BELOW: 0 0.50 INCH OR MORE: 2
MIN 0 OR BELOW: 0 1.00 INCH OR MORE: 1
[HDD (BASE 65) ]
TOTAL THIS MO. 0 CLEAR (SCALE 0-3) 2
DPTR FM NORMAL 0 PTCLDY (SCALE 4-7) 26
TOTAL FM JUL 1 0 CLOUDY (SCALE 8-10) 2
DPTR FM NORMAL 0
[CDD (BASE 65) ]
TOTAL THIS MO. 348
DPTR FM NORMAL 0 [PRESSURE DATA]
TOTAL FM JAN 1 1321 HIGHEST SLP 30.14 ON 11
DPTR FM NORMAL 160 LOWEST SLP 29.76 ON 19
[REMARKS]
#FINAL-04-23#