054
CXHW50 PHFO 011250
CF6HNL
PRELIMINARY LOCAL CLIMATOLOGICAL DATA (WS FORM: F-6)
STATION: HONOLULU HI
MONTH: MAY
YEAR: 2020
LATITUDE: 21 21 N
LONGITUDE: 157 56 W
TEMPERATURE IN F: :PCPN: SNOW: WIND :SUNSHINE: SKY :PK WND
================================================================================
1 2 3 4 5 6A 6B 7 8 9 10 11 12 13 14 15 16 17 18
12Z AVG MX 2MIN
DY MAX MIN AVG DEP HDD CDD WTR SNW DPTH SPD SPD DIR MIN PSBL S-S WX SPD DR
================================================================================
1 85 74 80 3 0 15 T 0.0 M 16.0 28 70 M M M 34 80
2 85 75 80 3 0 15 T 0.0 M 15.5 24 70 M M M 32 70
3 85 74 80 3 0 15 0.00 0.0 M 13.9 25 70 M M M 31 80
4 86 74 80 3 0 15 0.00 0.0 M 14.3 25 60 M M M 34 80
5 86 74 80 3 0 15 0.00 0.0 M 12.3 21 60 M M M 27 60
6 86 72 79 2 0 14 T 0.0 M 10.0 16 30 M M M 22 50
7 84 70 77 0 0 12 0.01 0.0 M 10.1 22 40 M M M 8 29 40
8 83 69 76 -1 0 11 0.00 0.0 M 11.4 23 40 M M M 29 60
9 85 69 77 0 0 12 0.00 0.0 M 10.4 23 60 M M M 28 60
10 86 70 78 1 0 13 0.00 0.0 M 9.1 20 60 M M M 24 70
11 85 72 79 2 0 14 0.01 0.0 M 10.8 23 70 M M M 35 60
12 86 70 78 1 0 13 T 0.0 M 9.2 18 70 M M M 23 60
13 85 71 78 1 0 13 0.00 0.0 M 7.9 21 130 M M M 25 140
14 83 70 77 -1 0 12 0.17 0.0 M 5.3 13 150 M M M 16 150
15 88 71 80 2 0 15 0.00 0.0 M 9.1 20 40 M M M 24 40
16 88 74 81 3 0 16 0.00 0.0 M 11.3 21 80 M M M 27 70
17 88 74 81 3 0 16 0.00 0.0 M 10.6 17 20 M M M 23 40
18 82 72 77 -1 0 12 0.01 0.0 M 9.2 21 70 M M M 1 26 70
19 86 75 81 3 0 16 T 0.0 M 12.2 25 70 M M M 31 80
20 86 73 80 2 0 15 T 0.0 M 11.9 22 70 M M M 27 60
21 86 73 80 2 0 15 0.01 0.0 M 10.9 23 60 M M M 8 29 50
22 87 73 80 2 0 15 0.01 0.0 M 12.3 26 70 M M M 32 70
23 87 71 79 1 0 14 0.00 0.0 M 7.4 20 70 M M M 23 60
24 88 71 80 2 0 15 0.00 0.0 M 8.2 18 130 M M M 28 110
25 84 70 77 -2 0 12 0.00 0.0 M 7.3 14 150 M M M 19 160
26 85 71 78 -1 0 13 0.00 0.0 M 8.8 17 70 M M M 22 150
27 85 72 79 0 0 14 0.33 0.0 M 8.1 21 60 M M M 8 24 60
28 86 73 80 1 0 15 0.00 0.0 M 11.9 24 70 M M M 33 60
29 88 75 82 3 0 17 0.00 0.0 M 10.2 22 40 M M M 27 20
30 87 72 80 1 0 15 T 0.0 M 9.4 21 40 M M M 27 40
31 88 74 81 2 0 16 0.00 0.0 M 11.0 23 70 M M M 32 70
================================================================================
SM 2659 2238 0 440 0.55 0.0 326.0 M M
================================================================================
AV 85.8 72.2 10.5 FASTST M M 0 MAX(MPH)
MISC ----> # 28 70 # 35 60
================================================================================
NOTES:
# LAST OF SEVERAL OCCURRENCES
COLUMN 17 PEAK WIND IN M.P.H.
PRELIMINARY LOCAL CLIMATOLOGICAL DATA (WS FORM: F-6) , PAGE 2
STATION: HONOLULU HI
MONTH: MAY
YEAR: 2020
LATITUDE: 21 21 N
LONGITUDE: 157 56 W
[TEMPERATURE DATA] [PRECIPITATION DATA] SYMBOLS USED IN COLUMN 16
AVERAGE MONTHLY: 79.0 TOTAL FOR MONTH: 0.55 1 = FOG OR MIST
DPTR FM NORMAL: 1.2 DPTR FM NORMAL: -0.07 2 = FOG REDUCING VISIBILITY
HIGHEST: 88 ON 31,29 GRTST 24HR 0.33 ON 27-27 TO 1/4 MILE OR LESS
LOWEST: 69 ON 9, 8 3 = THUNDER
SNOW, ICE PELLETS, HAIL 4 = ICE PELLETS
TOTAL MONTH: 0.0 INCH 5 = HAIL
GRTST 24HR 0.0 6 = FREEZING RAIN OR DRIZZLE
GRTST DEPTH: M ON M 7 = DUSTSTORM OR SANDSTORM:
VSBY 1/2 MILE OR LESS
8 = SMOKE OR HAZE
[NO. OF DAYS WITH] [WEATHER - DAYS WITH] 9 = BLOWING SNOW
X = TORNADO
MAX 32 OR BELOW: 0 0.01 INCH OR MORE: 7
MAX 90 OR ABOVE: 0 0.10 INCH OR MORE: 2
MIN 32 OR BELOW: 0 0.50 INCH OR MORE: 0
MIN 0 OR BELOW: 0 1.00 INCH OR MORE: 0
[HDD (BASE 65) ]
TOTAL THIS MO. 0 CLEAR (SCALE 0-3) 0
DPTR FM NORMAL 0 PTCLDY (SCALE 4-7) 0
TOTAL FM JUL 1 0 CLOUDY (SCALE 8-10) 0
DPTR FM NORMAL 0
[CDD (BASE 65) ]
TOTAL THIS MO. 440
DPTR FM NORMAL 45 [PRESSURE DATA]
TOTAL FM JAN 1 1748 HIGHEST SLP 30.22 ON 2
DPTR FM NORMAL 246 LOWEST SLP 29.95 ON 13
[REMARKS]
#FINAL-05-20#