000
CXUS54 KMAF 082034
CF6HOB
PRELIMINARY LOCAL CLIMATOLOGICAL DATA (WS FORM: F-6)
STATION: LEA AIRPORT, HOBBS
MONTH: JULY
YEAR: 2022
LATITUDE: 32 40 N
LONGITUDE: 103-12 E
TEMPERATURE IN F: :PCPN: SNOW: WIND :SUNSHINE: SKY :PK WND
================================================================================
1 2 3 4 5 6A 6B 7 8 9 10 11 12 13 14 15 16 17 18
12Z AVG MX 2MIN
DY MAX MIN AVG DEP HDD CDD WTR SNW DPTH SPD SPD DIR MIN PSBL S-S WX SPD DR
================================================================================
1 97 72 85 M 0 20 0.00 M M 10.1 16 130 M M 0 25 80
2 97 70 84 M 0 19 0.00 M M 11.2 17 140 M M 1 23 180
3 93 66 80 M 0 15 0.00 M M 13.3 20 100 M M 1 31 140
4 95 68 82 M 0 17 0.00 M M 11.0 33 190 M M 1 46 190
5 97 70 84 M 0 19 0.00 M M 10.0 22 200 M M 1 30 200
6 97 72 85 M 0 20 0.00 M M 9.4 18 280 M M 1 24 330
7 100 72 86 M 0 21 0.00 M M 10.6 24 300 M M 2 3 32 360
8 97 68 83 M 0 18 0.00 M M 5.8 15 20 M M 1 16 70
9 99 70 85 M 0 20 0.00 M M 6.6 17 70 M M 1 24 70
10 99 70 85 M 0 20 0.00 M M 5.9 10 110 M M 1 14 120
11 102 68 85 M 0 20 0.00 M M 7.2 14 70 M M 0 21 90
12 97 64 81 M 0 16 0.00 M M 12.7 22 M M M 0 8 29 M
13 95 68 82 M 0 17 0.00 M M 10.0 24 190 M M 2 32 190
14 97 70 84 M 0 19 0.00 M M 7.6 17 150 M M 2 31 130
15 99 68 84 M 0 19 0.00 M M 8.2 15 130 M M 1 23 130
16 95 68 82 M 0 17 0.00 M M 7.6 13 110 M M 0 30 180
17 97 70 84 M 0 19 0.00 M M 8.0 14 200 M M 0 18 30
18 100 68 84 M 0 19 0.00 M M 7.3 12 190 M M 0 20 140
19 102 75 89 M 0 24 0.00 M M 11.6 17 180 M M 1 28 160
20 102 75 89 M 0 24 0.00 M M 10.5 18 320 M M 1 26 130
21 97 75 86 M 0 21 0.00 M M 9.8 18 130 M M 2 25 130
22 99 75 87 M 0 22 0.00 M M 8.9 16 150 M M 1 3 26 120
23 97 72 85 M 0 20 0.00 M M 9.6 16 120 M M 1 32 100
24 95 73 84 M 0 19 0.00 M M 10.6 18 110 M M 1 25 110
25 97 75 86 M 0 21 0.00 M M 11.0 17 150 M M 2 23 150
26 99 70 85 M 0 20 0.00 M M 8.7 15 170 M M 1 20 150
27 97 73 85 M 0 20 0.00 M M 9.3 18 100 M M 2 23 100
28 97 73 85 M 0 20 0.00 M M 8.3 17 100 M M 1 25 80
29 M 73 M M M M 0.00 M M 12.2 18 120 M M 1 27 130
30 97 72 85 M 0 20 0.00 M M 9.4 16 140 M M 1 20 120
31 99 72 86 M 0 21 0.00 M M 8.9 15 160 M M 0 24 130
================================================================================
SM 2931 2195 0 587 0.00 M 290.7 M 30
================================================================================
AV 97.7 70.8 9.4 FASTST M M 1 MAX(MPH)
MISC ----> 33 190 46 190
================================================================================
NOTES:
# LAST OF SEVERAL OCCURRENCES
COLUMN 17 PEAK WIND IN M.P.H.
PRELIMINARY LOCAL CLIMATOLOGICAL DATA (WS FORM: F-6) , PAGE 2
STATION: LEA AIRPORT, HOBBS
MONTH: JULY
YEAR: 2022
LATITUDE: 32 40 N
LONGITUDE: 103-12 E
[TEMPERATURE DATA] [PRECIPITATION DATA] SYMBOLS USED IN COLUMN 16
AVERAGE MONTHLY: 84.3 TOTAL FOR MONTH: 0.00 1 = FOG OR MIST
DPTR FM NORMAL: 0.0 DPTR FM NORMAL: M 2 = FOG REDUCING VISIBILITY
HIGHEST: 102 ON 20,19 GRTST 24HR 0.00 ON 1- 1 TO 1/4 MILE OR LESS
LOWEST: 64 ON 12 3 = THUNDER
SNOW, ICE PELLETS, HAIL 4 = ICE PELLETS
TOTAL MONTH: M 5 = HAIL
GRTST 24HR M ON M 6 = FREEZING RAIN OR DRIZZLE
GRTST DEPTH: M ON M 7 = DUSTSTORM OR SANDSTORM:
VSBY 1/2 MILE OR LESS
8 = SMOKE OR HAZE
[NO. OF DAYS WITH] [WEATHER - DAYS WITH] 9 = BLOWING SNOW
X = TORNADO
MAX 32 OR BELOW: 0 0.01 INCH OR MORE: 0
MAX 90 OR ABOVE: 30 0.10 INCH OR MORE: 0
MIN 32 OR BELOW: 0 0.50 INCH OR MORE: 0
MIN 0 OR BELOW: 0 1.00 INCH OR MORE: 0
[HDD (BASE 65) ]
TOTAL THIS MO. 0 CLEAR (SCALE 0-3) 31
DPTR FM NORMAL M PTCLDY (SCALE 4-7) 0
TOTAL FM JUL 1 0 CLOUDY (SCALE 8-10) 0
DPTR FM NORMAL M
[CDD (BASE 65) ]
TOTAL THIS MO. 587
DPTR FM NORMAL M [PRESSURE DATA]
TOTAL FM JAN 1 1455 HIGHEST SLP M ON M
DPTR FM NORMAL M LOWEST SLP M ON M
[REMARKS]
#FINAL-07-22#