000
CXUS54 KMAF 011110
CF6HOB
PRELIMINARY LOCAL CLIMATOLOGICAL DATA (WS FORM: F-6)
STATION: LEA AIRPORT, HOBBS
MONTH: MARCH
YEAR: 2020
LATITUDE: 32 40 N
LONGITUDE: 103-12 E
TEMPERATURE IN F: :PCPN: SNOW: WIND :SUNSHINE: SKY :PK WND
================================================================================
1 2 3 4 5 6A 6B 7 8 9 10 11 12 13 14 15 16 17 18
12Z AVG MX 2MIN
DY MAX MIN AVG DEP HDD CDD WTR SNW DPTH SPD SPD DIR MIN PSBL S-S WX SPD DR
================================================================================
1 68 43 56 M 9 0 0.00 M M 13.1 23 250 M M 0 35 250
2 70 50 60 M 5 0 0.00 M M 13.5 26 240 M M 0 37 240
3 57 48 53 M 12 0 0.60 M M 6.5 14 40 M M 9 17 150
4 48 37 43 M 22 0 0.87 M M 11.0 22 30 M M 7 35 20
5 63 39 51 M 14 0 0.00 M M 11.2 17 60 M M 0 26 60
6 63 37 50 M 15 0 0.00 M M 11.4 17 140 M M 0 28 140
7 70 37 54 M 11 0 0.00 M M 10.5 16 150 M M 0 22 160
8 63 50 57 M 8 0 0.05 M M 14.6 22 170 M M 9 1 25 170
9 70 48 59 M 6 0 0.01 M M 10.6 16 240 M M 1 21 270
10 73 46 60 M 5 0 0.00 M M 7.5 15 190 M M 0 23 200
11 79 48 64 M 1 0 0.00 M M 8.5 17 210 M M 0 17 230
12 75 55 65 M 0 0 0.06 M M 6.8 13 270 M M 7 M M
13 55 48 52 M 13 0 0.19 M M 8.7 18 110 M M 10 12 26 110
14 72 50 61 M 4 0 0.00 M M 4.7 12 110 M M 4 12 18 120
15 50 46 48 M 17 0 0.00 M M 12.7 20 80 M M 10 12 22 60
16 68 46 57 M 8 0 0.00 M M 7.3 17 90 M M 8 12 15 130
17 66 52 59 M 6 0 0.00 M M 8.0 20 270 M M 8 12 26 270
18 70 48 59 M 6 0 0.00 M M 7.9 14 210 M M 3 21 210
19 64 50 57 M 8 0 0.00 M M 19.7 32 230 M M 0 44 240
20 55 36 46 M 19 0 0.00 M M 11.6 23 20 M M 0 26 30
21 41 36 39 M 26 0 0.00 M M 9.8 13 80 M M 8 1 16 110
22 72 41 57 M 8 0 0.00 M M 8.2 17 230 M M 5 1 M M
23 79 46 63 M 2 0 0.00 M M 10.7 20 280 M M 0 17 220
24 75 43 59 M 6 0 0.00 M M 12.0 21 310 M M 0 28 310
25 86 48 67 M 0 2 0.00 M M 13.0 23 220 M M 0 35 230
26 88 50 69 M 0 4 0.00 M M 9.9 21 260 M M 0 29 249
27 72 55 64 M 1 0 0.00 M M 13.6 31 270 M M 2 39 270
28 63 39 51 M 14 0 0.00 M M 15.2 23 240 M M 0 35 260
29 68 36 52 M 13 0 0.00 M M 11.0 23 140 M M 0 18 140
30 75 46 61 M 4 0 0.00 M M 13.8 29 300 M M 0 40 270
31 75 39 57 M 8 0 0.00 M M 8.0 15 310 M M 0 17 200
================================================================================
SM 2093 1393 271 6 1.78 M 330.7 M 91
================================================================================
AV 67.5 44.9 10.7 FASTST M M 3 MAX(MPH)
MISC ----> 32 230 44 240
================================================================================
NOTES:
# LAST OF SEVERAL OCCURRENCES
COLUMN 17 PEAK WIND IN M.P.H.
PRELIMINARY LOCAL CLIMATOLOGICAL DATA (WS FORM: F-6) , PAGE 2
STATION: LEA AIRPORT, HOBBS
MONTH: MARCH
YEAR: 2020
LATITUDE: 32 40 N
LONGITUDE: 103-12 E
[TEMPERATURE DATA] [PRECIPITATION DATA] SYMBOLS USED IN COLUMN 16
AVERAGE MONTHLY: 56.2 TOTAL FOR MONTH: 1.78 1 = FOG OR MIST
DPTR FM NORMAL: 0.0 DPTR FM NORMAL: M 2 = FOG REDUCING VISIBILITY
HIGHEST: 88 ON 26 GRTST 24HR 0.87 ON 4- 4 TO 1/4 MILE OR LESS
LOWEST: 36 ON 29,21 3 = THUNDER
SNOW, ICE PELLETS, HAIL 4 = ICE PELLETS
TOTAL MONTH: M 5 = HAIL
GRTST 24HR M ON M 6 = FREEZING RAIN OR DRIZZLE
GRTST DEPTH: M ON M 7 = DUSTSTORM OR SANDSTORM:
VSBY 1/2 MILE OR LESS
8 = SMOKE OR HAZE
[NO. OF DAYS WITH] [WEATHER - DAYS WITH] 9 = BLOWING SNOW
X = TORNADO
MAX 32 OR BELOW: 0 0.01 INCH OR MORE: 6
MAX 90 OR ABOVE: 0 0.10 INCH OR MORE: 3
MIN 32 OR BELOW: 0 0.50 INCH OR MORE: 2
MIN 0 OR BELOW: 0 1.00 INCH OR MORE: 0
[HDD (BASE 65) ]
TOTAL THIS MO. 271 CLEAR (SCALE 0-3) 20
DPTR FM NORMAL M PTCLDY (SCALE 4-7) 7
TOTAL FM JUL 1 2701 CLOUDY (SCALE 8-10) 4
DPTR FM NORMAL M
[CDD (BASE 65) ]
TOTAL THIS MO. 6
DPTR FM NORMAL M [PRESSURE DATA]
TOTAL FM JAN 1 6 HIGHEST SLP M ON M
DPTR FM NORMAL M LOWEST SLP M ON M
[REMARKS]
#FINAL-03-20#