000
CXUS53 KFSD 011502
CF6HON
PRELIMINARY LOCAL CLIMATOLOGICAL DATA (WS FORM: F-6)
STATION: HURON
MONTH: JANUARY
YEAR: 2023
LATITUDE: 44 22 N
LONGITUDE: 98 13 W
TEMPERATURE IN F: :PCPN: SNOW: WIND :SUNSHINE: SKY :PK WND
================================================================================
1 2 3 4 5 6A 6B 7 8 9 10 11 12 13 14 15 16 17 18
12Z AVG MX 2MIN
DY MAX MIN AVG DEP HDD CDD WTR SNW DPTH SPD SPD DIR MIN PSBL S-S WX SPD DR
================================================================================
1 28 9 19 2 46 0 0.00 0.0 6 2.2 8 170 M M 0 1 9 170
2 26 15 21 5 44 0 0.00 0.0 5 4.9 12 360 M M 9 1 14 360
3 21 19 20 4 45 0 0.20 4.0 5 15.9 22 340 M M 10 12 29 350
4 26 19 23 7 42 0 0.02 0.3 9 16.7 23 340 M M 10 1 29 340
5 24 3 14 -2 51 0 0.00 0.0 8 7.4 20 350 M M 1 1 24 340
6 10 -3 4 -12 61 0 0.00 0.0 8 2.8 7 20 M M 6 12 9 20
7 8 -3 3 -13 62 0 0.00 0.0 8 5.6 14 150 M M 4 12 20 170
8 19 3 11 -5 54 0 0.00 0.0 8 6.8 16 140 M M 1 1 21 140
9 26 4 15 -1 50 0 0.00 0.0 8 4.2 15 150 M M 0 1 21 140
10 32 6 19 3 46 0 0.00 0.0 5 5.1 13 290 M M 5 1 15 170
11 27 9 18 2 47 0 T T 5 11.6 24 340 M M 5 12 32 350
12 21 14 18 2 47 0 0.00 0.0 5 12.6 23 340 M M 10 1 31 340
13 19 11 15 -1 50 0 T T 5 10.3 17 160 M M 6 12 25 150
14 37 19 28 12 37 0 0.00 0.0 4 13.0 22 160 M M 0 31 170
15 32 28 30 14 35 0 0.00 0.0 4 7.2 14 140 M M 1 19 160
16 32 25 29 13 36 0 0.06 1.0 4 13.8 23 340 M M 10 1 29 340
17 25 20 23 7 42 0 0.02 0.3 5 11.3 21 330 M M 10 1 25 330
18 22 17 20 4 45 0 T T 5 10.4 17 360 M M 10 1 21 350
19 24 18 21 5 44 0 0.02 0.2 5 13.3 21 330 M M 10 1 24 330
20 27 19 23 7 42 0 0.00 0.0 5 4.6 10 280 M M 10 1 14 290
21 26 5 16 0 49 0 0.00 0.0 5 4.9 12 310 M M 2 12 14 310
22 16 -2 7 -9 58 0 0.00 0.0 5 4.3 9 160 M M 2 1 14 170
23 35 7 21 5 44 0 T 0.0 5 10.0 24 320 M M 4 31 330
24 34 11 23 7 42 0 0.00 0.0 4 7.9 15 320 M M 5 19 310
25 30 3 17 1 48 0 T T 4 15.7 29 340 M M 7 36 340
26 37 10 24 8 41 0 0.07 0.2 4 11.6 24 280 M M 9 1 32 280
27 37 20 29 13 36 0 T T 4 16.7 43 330 M M 9 1 54 340
28 20 0 10 -6 55 0 0.04 0.4 4 13.4 20 350 M M 6 1 25 50
29 5 -9 -2 -18 67 0 0.01 0.1 5 9.5 17 300 M M 5 22 310
30 2 -15 -6 -23 71 0 0.00 0.0 5 8.5 15 180 M M 0 20 180
31 11 -14 -1 -18 66 0 0.00 0.0 5 6.2 14 170 M M 0 17 170
================================================================================
SM 739 268 1503 0 0.44 6.5 288.4 M 167
================================================================================
AV 23.8 8.6 9.3 FASTST M M 5 MAX(MPH)
MISC ----> 43 330 54 340
================================================================================
NOTES:
# LAST OF SEVERAL OCCURRENCES
-COLUMN 17 PEAK WIND IN M.P.H.
-PRECIPITATION AMOUNTS IN COLUMNS 7,8 AND 9 ARE THE OFFICIAL PRECIPITATION
AMOUNTS FOR HURON, SD.
-SNOW DEPTH IN COLUMN 9 IS RECORDED AT 6 AM CST (12Z).
PRELIMINARY LOCAL CLIMATOLOGICAL DATA (WS FORM: F-6) , PAGE 2
STATION: HURON
MONTH: JANUARY
YEAR: 2023
LATITUDE: 44 22 N
LONGITUDE: 98 13 W
[TEMPERATURE DATA] [PRECIPITATION DATA] SYMBOLS USED IN COLUMN 16
AVERAGE MONTHLY: 16.2 TOTAL FOR MONTH: 0.44 1 = FOG OR MIST
DPTR FM NORMAL: 0.2 DPTR FM NORMAL: -0.14 2 = FOG REDUCING VISIBILITY
HIGHEST: 37 ON 27,26 GRTST 24HR 0.22 ON 3- 4 TO 1/4 MILE OR LESS
LOWEST: -15 ON 30 3 = THUNDER
SNOW, ICE PELLETS, HAIL 4 = ICE PELLETS
TOTAL MONTH: 6.5 INCHES 5 = HAIL
GRTST 24HR 4.3 ON 3- 4 6 = FREEZING RAIN OR DRIZZLE
GRTST DEPTH: 9 ON 4 7 = DUSTSTORM OR SANDSTORM:
VSBY 1/2 MILE OR LESS
8 = SMOKE OR HAZE
[NO. OF DAYS WITH] [WEATHER - DAYS WITH] 9 = BLOWING SNOW
X = TORNADO
MAX 32 OR BELOW: 26 0.01 INCH OR MORE: 8
MAX 90 OR ABOVE: 0 0.10 INCH OR MORE: 1
MIN 32 OR BELOW: 31 0.50 INCH OR MORE: 0
MIN 0 OR BELOW: 7 1.00 INCH OR MORE: 0
[HDD (BASE 65) ]
TOTAL THIS MO. 1503 CLEAR (SCALE 0-3) 10
DPTR FM NORMAL -16 PTCLDY (SCALE 4-7) 10
TOTAL FM JUL 1 4620 CLOUDY (SCALE 8-10) 11
DPTR FM NORMAL 59
[CDD (BASE 65) ]
TOTAL THIS MO. 0
DPTR FM NORMAL 0 [PRESSURE DATA]
TOTAL FM JAN 1 0 HIGHEST SLP 30.62 ON 30
DPTR FM NORMAL 0 LOWEST SLP 29.51 ON 16
[REMARKS]
#FINAL-01-23#