000
CXUS54 KLZK 011130
CF6HOT
PRELIMINARY LOCAL CLIMATOLOGICAL DATA (WS FORM: F-6)
STATION: HOT SPRINGS MEMORIAL FIELD
MONTH: OCTOBER
YEAR: 2021
LATITUDE: 34 28 N
LONGITUDE: 93 6 W
TEMPERATURE IN F: :PCPN: SNOW: WIND :SUNSHINE: SKY :PK WND
================================================================================
1 2 3 4 5 6A 6B 7 8 9 10 11 12 13 14 15 16 17 18
12Z AVG MX 2MIN
DY MAX MIN AVG DEP HDD CDD WTR SNW DPTH SPD SPD DIR MIN PSBL S-S WX SPD DR
================================================================================
1 80 71 76 6 0 11 0.30 M M 4.0 15 150 M M 10 1 20 180
2 81 70 76 7 0 11 1.09 M M 3.3 10 180 M M 8 123 15 180
3 85 64 75 6 0 10 T M M 2.7 10 270 M M 4 1 16 20
4 85 60 73 5 0 8 0.00 M M 2.2 9 60 M M 2 1 14 50
5 83 58 71 3 0 6 0.00 M M 3.3 13 60 M M 3 16 60
6 80 62 71 3 0 6 0.16 M M 2.5 14 280 M M 7 18 20 300
7 85 62 74 7 0 9 0.00 M M 1.7 7 190 M M 2 12 13 230
8 90 59 75 8 0 10 0.00 M M 3.9 15 250 M M 0 1 19 240
9 87 66 77 10 0 12 0.00 M M 6.1 16 250 M M 0 22 260
10 85 70 78 12 0 13 0.00 M M 8.7 15 180 M M 4 23 240
11 79 58 69 3 0 4 0.15 M M 7.8 21 240 M M 4 13 30 270
12 78 54 66 1 0 1 0.02 M M 4.9 14 90 M M 4 19 90
13 84 71 78 13 0 13 0.00 M M 7.2 14 210 M M 7 24 180
14 79 66 73 8 0 8 0.31 M M 3.5 14 220 M M 8 1 19 200
15 83 54 69 5 0 4 T M M 6.0 18 280 M M 7 1 30 300
16 71 47 59 -5 6 0 0.00 M M 4.0 14 330 M M 0 8 21 330
17 74 43 59 -4 6 0 0.00 M M 2.3 8 270 M M 0 13 210
18 73 45 59 -4 6 0 0.00 M M 3.1 10 140 M M 0 1 14 210
19 75 45 60 -3 5 0 0.00 M M 4.6 12 140 M M 0 15 130
20 81 51 66 4 0 1 0.00 M M 2.7 12 180 M M 3 16 190
21 80 55 68 6 0 3 0.00 M M 4.6 12 320 M M 3 17 280
22 76 48 62 1 3 0 0.00 M M 2.5 9 200 M M 1 14 160
23 84 52 68 7 0 3 0.00 M M 3.8 13 200 M M 4 20 210
24 86 69 78 17 0 13 0.68 M M 9.5 21 220 M M 6 13 29 240
25 79 58 69 9 0 4 T M M 4.2 13 280 M M 1 1 17 320
26 70 53 62 2 3 0 0.00 M M 8.0 13 110 M M 4 18 120
27 65 57 61 1 4 0 0.51 M M 8.4 23 80 M M 9 1 31 90
28 59 52 56 -3 9 0 T M M 10.7 22 310 M M 10 1 32 280
29 59 53 56 -3 9 0 0.00 M M 9.1 17 320 M M 10 31 320
30 70 45 58 0 7 0 0.00 M M 4.3 12 320 M M 3 18 270
31 76 41 59 1 6 0 0.00 M M 2.8 9 80 M M 0 1 12 90
================================================================================
SM 2422 1759 64 150 3.22 M 152.4 M 124
================================================================================
AV 78.1 56.7 4.9 FASTST M M 4 MAX(MPH)
MISC ----> 23 80 32 280
================================================================================
NOTES:
# LAST OF SEVERAL OCCURRENCES
COLUMN 17 PEAK WIND IN M.P.H.
PRELIMINARY LOCAL CLIMATOLOGICAL DATA (WS FORM: F-6) , PAGE 2
STATION: HOT SPRINGS MEMORIAL FIELD
MONTH: OCTOBER
YEAR: 2021
LATITUDE: 34 28 N
LONGITUDE: 93 6 W
[TEMPERATURE DATA] [PRECIPITATION DATA] SYMBOLS USED IN COLUMN 16
AVERAGE MONTHLY: 67.4 TOTAL FOR MONTH: 3.22 1 = FOG OR MIST
DPTR FM NORMAL: 3.6 DPTR FM NORMAL: -1.67 2 = FOG REDUCING VISIBILITY
HIGHEST: 90 ON 8 GRTST 24HR 1.38 ON 1- 2 TO 1/4 MILE OR LESS
LOWEST: 41 ON 31 3 = THUNDER
SNOW, ICE PELLETS, HAIL 4 = ICE PELLETS
TOTAL MONTH: M 5 = HAIL
GRTST 24HR M ON M 6 = FREEZING RAIN OR DRIZZLE
GRTST DEPTH: M ON M 7 = DUSTSTORM OR SANDSTORM:
VSBY 1/2 MILE OR LESS
8 = SMOKE OR HAZE
[NO. OF DAYS WITH] [WEATHER - DAYS WITH] 9 = BLOWING SNOW
X = TORNADO
MAX 32 OR BELOW: 0 0.01 INCH OR MORE: 8
MAX 90 OR ABOVE: 1 0.10 INCH OR MORE: 7
MIN 32 OR BELOW: 0 0.50 INCH OR MORE: 3
MIN 0 OR BELOW: 0 1.00 INCH OR MORE: 1
[HDD (BASE 65) ]
TOTAL THIS MO. 64 CLEAR (SCALE 0-3) 15
DPTR FM NORMAL -59 PTCLDY (SCALE 4-7) 12
TOTAL FM JUL 1 65 CLOUDY (SCALE 8-10) 4
DPTR FM NORMAL -67
[CDD (BASE 65) ]
TOTAL THIS MO. 150
DPTR FM NORMAL 64 [PRESSURE DATA]
TOTAL FM JAN 1 2244 HIGHEST SLP 30.34 ON 17
DPTR FM NORMAL 48 LOWEST SLP 29.40 ON 28
[REMARKS]
#FINAL-10-21#