000
CXUS54 KHGX 011410
CF6HOU
PRELIMINARY LOCAL CLIMATOLOGICAL DATA (WS FORM: F-6)
STATION: HOUSTON/HOBBY AIRPORT
MONTH: MARCH
YEAR: 2023
LATITUDE: 29 38 N
LONGITUDE: 95 17 W
TEMPERATURE IN F: :PCPN: SNOW: WIND :SUNSHINE: SKY :PK WND
================================================================================
1 2 3 4 5 6A 6B 7 8 9 10 11 12 13 14 15 16 17 18
12Z AVG MX 2MIN
DY MAX MIN AVG DEP HDD CDD WTR SNW DPTH SPD SPD DIR MIN PSBL S-S WX SPD DR
================================================================================
1 85 72 79 17 0 14 0.00 0.0 0 13.0 26 180 M M 8 1 37 170
2 79 67 73 11 0 8 T 0.0 0 14.6 29 170 M M 10 42 170
3 74 56 65 3 0 0 T 0.0 0 12.7 28 310 M M 1 43 310
4 79 52 66 4 0 1 0.00 0.0 0 6.0 14 110 M M 0 17 120
5 79 53 66 4 0 1 0.00 0.0 0 6.8 16 110 M M 2 18 26 130
6 84 61 73 10 0 8 0.00 0.0 0 5.1 17 160 M M 7 128 22 150
7 85 71 78 15 0 13 T 0.0 0 8.3 17 150 M M 9 18 22 150
8 84 68 76 13 0 11 0.00 0.0 0 8.7 17 170 M M 6 18 23 160
9 86 67 77 14 0 12 0.00 0.0 0 8.8 21 160 M M M 27 160
10 83 69 76 12 0 11 0.00 0.0 0 4.6 16 340 M M 7 1 20 360
11 87 70 79 15 0 14 0.00 0.0 0 13.7 25 190 M M 8 1 36 180
12 85 61 73 9 0 8 0.00 0.0 0 16.0 26 350 M M 7 35 10
13 72 55 64 0 1 0 0.00 0.0 0 13.7 25 50 M M 6 35 50
14 67 54 61 -3 4 0 0.00 0.0 0 12.6 22 70 M M 6 30 70
15 71 51 61 -3 4 0 0.00 0.0 0 11.7 22 110 M M 3 32 110
16 75 62 69 4 0 4 0.10 0.0 0 14.1 26 160 M M 8 1 39 160
17 73 47 60 -5 5 0 1.55 0.0 0 16.4 32 340 M M 9 13 46 280
18 57 48 53 -12 12 0 0.01 0.0 0 12.0 20 20 M M 10 28 30
19 60 45 53 -12 12 0 0.00 0.0 0 9.7 22 20 M M 6 33 20
20 59 44 52 -13 13 0 0.00 0.0 0 12.0 22 110 M M 7 32 110
21 75 58 67 1 0 2 T 0.0 0 15.8 28 160 M M 10 1 37 150
22 83 69 76 10 0 11 0.00 0.0 0 14.0 20 180 M M 8 32 180
23 86 72 79 13 0 14 T 0.0 0 13.3 22 160 M M 9 1 35 160
24 81 70 76 10 0 11 0.04 0.0 0 23.2242 180 M M 7 1 30 160
25 87 64 76 10 0 11 0.04 0.0 0 6.2 13 340 M M 2 1 22 10
26 85 60 73 6 0 8 0.02 0.0 0 7.7 18 190 M M 8 18 25 190
27 77 68 73 6 0 8 T 0.0 0 8.3 12 60 M M 10 138 M M
28 77 65 71 4 0 6 0.02 0.0 0 14.3 24 10 M M 8 35 40
29 66 61 64 -3 1 0 T 0.0 0 10.9 15 70 M M 8 3 M M
30 80 63 72 5 0 7 0.00 0.0 0 13.2 23 160 M M 10 1 32 160
31 85 73 79 11 0 14 T 0.0 0 14.1 25 190 M M 8 36 160
================================================================================
SM 2406 1896 52 197 1.78 0.0 361.5 M 208
================================================================================
AV 77.6 61.2 11.7 FASTST M M 7 MAX(MPH)
MISC ----> 242 180 46 280
================================================================================
NOTES:
# LAST OF SEVERAL OCCURRENCES
COLUMN 17 PEAK WIND IN M.P.H.
PRELIMINARY LOCAL CLIMATOLOGICAL DATA (WS FORM: F-6) , PAGE 2
STATION: HOUSTON/HOBBY AIRPORT
MONTH: MARCH
YEAR: 2023
LATITUDE: 29 38 N
LONGITUDE: 95 17 W
[TEMPERATURE DATA] [PRECIPITATION DATA] SYMBOLS USED IN COLUMN 16
AVERAGE MONTHLY: 69.4 TOTAL FOR MONTH: 1.78 1 = FOG OR MIST
DPTR FM NORMAL: 4.7 DPTR FM NORMAL: -1.50 2 = FOG REDUCING VISIBILITY
HIGHEST: 87 ON 25,11 GRTST 24HR 1.65 ON 16-17 TO 1/4 MILE OR LESS
LOWEST: 44 ON 20 3 = THUNDER
SNOW, ICE PELLETS, HAIL 4 = ICE PELLETS
TOTAL MONTH: 0.0 INCH 5 = HAIL
GRTST 24HR 0.0 6 = FREEZING RAIN OR DRIZZLE
GRTST DEPTH: 0 7 = DUSTSTORM OR SANDSTORM:
VSBY 1/2 MILE OR LESS
8 = SMOKE OR HAZE
[NO. OF DAYS WITH] [WEATHER - DAYS WITH] 9 = BLOWING SNOW
X = TORNADO
MAX 32 OR BELOW: 0 0.01 INCH OR MORE: 7
MAX 90 OR ABOVE: 0 0.10 INCH OR MORE: 2
MIN 32 OR BELOW: 0 0.50 INCH OR MORE: 1
MIN 0 OR BELOW: 0 1.00 INCH OR MORE: 1
[HDD (BASE 65) ]
TOTAL THIS MO. 52 CLEAR (SCALE 0-3) 5
DPTR FM NORMAL -49 PTCLDY (SCALE 4-7) 14
TOTAL FM JUL 1 864 CLOUDY (SCALE 8-10) 12
DPTR FM NORMAL -212
[CDD (BASE 65) ]
TOTAL THIS MO. 197
DPTR FM NORMAL 107 [PRESSURE DATA]
TOTAL FM JAN 1 375 HIGHEST SLP M ON M
DPTR FM NORMAL 233 LOWEST SLP 29.38 ON 2
[REMARKS]
#FINAL-03-23#