000
CXUS56 KPDT 011810
CF6HRI
PRELIMINARY LOCAL CLIMATOLOGICAL DATA (WS FORM: F-6)
STATION: HERMISTON OR
MONTH: AUGUST
YEAR: 2021
LATITUDE: 45 49 N
LONGITUDE: 119 16 W
TEMPERATURE IN F: :PCPN: SNOW: WIND :SUNSHINE: SKY :PK WND
================================================================================
1 2 3 4 5 6A 6B 7 8 9 10 11 12 13 14 15 16 17 18
12Z AVG MX 2MIN
DY MAX MIN AVG DEP HDD CDD WTR SNW DPTH SPD SPD DIR MIN PSBL S-S WX SPD DR
================================================================================
1 94 74 84 7 0 19 0.00 M M 6.2 15 70 M M 3 8 20 60
2 102 69 86 9 0 21 0.00 M M 3.6 9 60 M M 0 8 13 200
3 106 66 86 9 0 21 0.00 M M 5.8 17 40 M M 0 8 22 40
4 100 65 83 6 0 18 0.00 M M 3.1 10 130 M M 0 8 13 120
5 95 65 80 3 0 15 0.00 M M 9.6 24 250 M M 0 8 34 250
6 92 69 81 4 0 16 0.00 M M 16.9 29 250 M M 1 37 240
7 95 68 82 6 0 17 0.00 M M 14.9 24 260 M M 1 35 280
8 81 61 71 -5 0 6 0.00 M M 13.8 25 260 M M 1 35 250
9 88 51 70 -6 0 5 0.00 M M 4.1 12 40 M M 0 8 16 240
10 96 54 75 -1 0 10 0.00 M M 3.5 9 340 M M 0 8 15 250
11 104 63 84 8 0 19 0.00 M M 3.8 9 10 M M 0 8 12 350
12 104 64 84 9 0 19 0.00 M M 5.5 12 40 M M 2 8 18 50
13 98 60 79 4 0 14 0.00 M M 2.8 9 190 M M 10 8 11 90
14 103 63 83 8 0 18 0.00 M M 4.0 10 300 M M 7 8 15 260
15 103 68 86 12 0 21 0.00 M M 5.5 15 250 M M 0 8 20 230
16 102 61 82 8 0 17 0.00 M M 9.9 23 230 M M 0 34 230
17 79 60 70 -4 0 5 T M M 16.9 29 250 M M 3 8 44 250
18 83 60 72 -2 0 7 T M M 5.8 15 240 M M 5 21 250
19 87 54 71 -2 0 6 0.00 M M 7.2 17 250 M M 2 8 28 210
20 82 63 73 0 0 8 T M M 12.8 21 230 M M 1 30 230
21 80 61 71 -2 0 6 0.00 M M 10.4 21 230 M M 3 31 240
22 81 57 69 -3 0 4 0.00 M M 15.6 25 230 M M 0 35 230
23 77 50 64 -8 1 0 0.00 M M 7.0 18 240 M M 0 25 230
24 84 43 64 -8 1 0 0.00 M M 4.5 13 30 M M 0 19 40
25 87 50 69 -2 0 4 0.00 M M 4.9 18 210 M M 0 8 29 240
26 84 64 74 3 0 9 0.00 M M 14.6 25 250 M M 1 36 260
27 82 55 69 -2 0 4 0.00 M M 8.1 20 240 M M 1 25 240
28 87 48 68 -2 0 3 0.00 M M 4.3 9 170 M M 0 13 40
29 90 50 70 0 0 5 0.00 M M 4.3 9 200 M M 0 12 50
30 84 55 70 0 0 5 0.00 M M 16.3 31 250 M M 0 45 240
31 77 51 64 -6 1 0 0.00 M M 11.6 21 260 M M 0 29 230
================================================================================
SM 2807 1842 3 322 T M 257.3 M 41
================================================================================
AV 90.5 59.4 8.3 FASTST M M 1 MAX(MPH)
MISC ----> 31 250 45 240
================================================================================
NOTES:
# LAST OF SEVERAL OCCURRENCES
COLUMN 17 PEAK WIND IN M.P.H.
PRELIMINARY LOCAL CLIMATOLOGICAL DATA (WS FORM: F-6) , PAGE 2
STATION: HERMISTON OR
MONTH: AUGUST
YEAR: 2021
LATITUDE: 45 49 N
LONGITUDE: 119 16 W
[TEMPERATURE DATA] [PRECIPITATION DATA] SYMBOLS USED IN COLUMN 16
AVERAGE MONTHLY: 75.0 TOTAL FOR MONTH: T 1 = FOG OR MIST
DPTR FM NORMAL: 1.1 DPTR FM NORMAL: -0.17 2 = FOG REDUCING VISIBILITY
HIGHEST: 106 ON 3 GRTST 24HR T ON 31- 1 TO 1/4 MILE OR LESS
LOWEST: 43 ON 24 3 = THUNDER
SNOW, ICE PELLETS, HAIL 4 = ICE PELLETS
TOTAL MONTH: M 5 = HAIL
GRTST 24HR M ON M 6 = FREEZING RAIN OR DRIZZLE
GRTST DEPTH: M ON M 7 = DUSTSTORM OR SANDSTORM:
VSBY 1/2 MILE OR LESS
8 = SMOKE OR HAZE
[NO. OF DAYS WITH] [WEATHER - DAYS WITH] 9 = BLOWING SNOW
X = TORNADO
MAX 32 OR BELOW: 0 0.01 INCH OR MORE: 0
MAX 90 OR ABOVE: 15 0.10 INCH OR MORE: 0
MIN 32 OR BELOW: 0 0.50 INCH OR MORE: 0
MIN 0 OR BELOW: 0 1.00 INCH OR MORE: 0
[HDD (BASE 65) ]
TOTAL THIS MO. 3 CLEAR (SCALE 0-3) 26
DPTR FM NORMAL -3 PTCLDY (SCALE 4-7) 4
TOTAL FM JUL 1 3 CLOUDY (SCALE 8-10) 1
DPTR FM NORMAL -3
[CDD (BASE 65) ]
TOTAL THIS MO. 322
DPTR FM NORMAL 41 [PRESSURE DATA]
TOTAL FM JAN 1 1174 HIGHEST SLP 30.12 ON 28
DPTR FM NORMAL 403 LOWEST SLP 29.60 ON 16
[REMARKS]
#FINAL-08-21#