000
CXUS56 KPDT 011810
CF6HRI
PRELIMINARY LOCAL CLIMATOLOGICAL DATA (WS FORM: F-6)
STATION: HERMISTON OR
MONTH: SEPTEMBER
YEAR: 2020
LATITUDE: 45 49 N
LONGITUDE: 119 16 W
TEMPERATURE IN F: :PCPN: SNOW: WIND :SUNSHINE: SKY :PK WND
================================================================================
1 2 3 4 5 6A 6B 7 8 9 10 11 12 13 14 15 16 17 18
12Z AVG MX 2MIN
DY MAX MIN AVG DEP HDD CDD WTR SNW DPTH SPD SPD DIR MIN PSBL S-S WX SPD DR
================================================================================
1 94 56 75 7 0 10 0.00 M M 5.6 10 290 M M 0 M M
2 98 57 78 10 0 13 0.00 M M 4.2 9 140 M M 0 M M
3 98 58 78 11 0 13 0.00 M M 5.2 9 40 M M 0 M M
4 98 52 75 8 0 10 0.00 M M 5.6 13 70 M M 0 17 30
5 95 67 81 14 0 16 0.00 M M 8.7 16 260 M M 0 23 260
6 96 52 74 8 0 9 0.00 M M 3.5 10 230 M M 0 13 250
7 84 52 68 2 0 3 0.00 M M 15.5 38 30 M M 4 8 51 30
8 78 43 61 -5 4 0 0.00 M M 8.0 16 30 M M 0 20 40
9 83 37 60 -6 5 0 0.00 M M 4.0 10 20 M M 0 8 13 20
10 88 46 67 2 0 2 0.00 M M 4.3 9 170 M M 0 8 11 40
11 81 47 64 -1 1 0 0.00 M M 2.9 8 160 M M 7 8 8 110
12 75 50 63 -2 2 0 0.00 M M 2.7 8 120 M M 10 8 29 330
13 73 48 61 -3 4 0 0.00 M M 2.4 6 170 M M 10 8 7 240
14 76 51 64 0 1 0 0.00 M M 2.7 8 150 M M 10 8 9 150
15 78 49 64 1 1 0 0.00 M M 2.9 8 180 M M 10 8 10 150
16 79 47 63 0 2 0 0.00 M M 2.7 8 160 M M 10 18 9 160
17 79 47 63 0 2 0 0.00 M M 3.9 9 90 M M 10 8 11 30
18 77 49 63 1 2 0 0.05 M M 7.3 23 230 M M 9 38 30 230
19 79 55 67 5 0 2 0.00 M M 12.2 20 260 M M 2 26 230
20 80 48 64 2 1 0 0.00 M M 5.2 14 280 M M 0 27 90
21 80 47 64 3 1 0 0.00 M M 3.3 9 200 M M 0 12 210
22 82 60 71 10 0 6 0.00 M M 8.6 17 250 M M 0 22 230
23 86 59 73 13 0 8 T M M 6.5 26 300 M M 2 8 36 280
24 78 53 66 6 0 1 0.02 M M 10.3 22 260 M M 3 28 240
25 76 51 64 5 1 0 0.00 M M 8.8 21 260 M M 3 28 240
26 74 53 64 5 1 0 T M M 12.7 26 260 M M 2 32 260
27 74 42 58 -1 7 0 0.00 M M 4.2 8 260 M M 0 8 M M
28 79 39 59 1 6 0 0.00 M M 4.4 9 50 M M 0 13 50
29 82 41 62 4 3 0 0.00 M M 3.8 9 70 M M 0 14 50
30 83 44 64 7 1 0 0.00 M M 4.1 9 50 M M 0 8 13 10
================================================================================
SM 2483 1500 45 93 0.07 M 176.2 M 92
================================================================================
AV 82.8 50.0 5.9 FASTST M M 3 MAX(MPH)
MISC ----> 38 30 51 30
================================================================================
NOTES:
# LAST OF SEVERAL OCCURRENCES
COLUMN 17 PEAK WIND IN M.P.H.
PRELIMINARY LOCAL CLIMATOLOGICAL DATA (WS FORM: F-6) , PAGE 2
STATION: HERMISTON OR
MONTH: SEPTEMBER
YEAR: 2020
LATITUDE: 45 49 N
LONGITUDE: 119 16 W
[TEMPERATURE DATA] [PRECIPITATION DATA] SYMBOLS USED IN COLUMN 16
AVERAGE MONTHLY: 66.4 TOTAL FOR MONTH: 0.07 1 = FOG OR MIST
DPTR FM NORMAL: 3.4 DPTR FM NORMAL: -0.43 2 = FOG REDUCING VISIBILITY
HIGHEST: 98 ON 4, 3 GRTST 24HR 0.05 ON 18-18 TO 1/4 MILE OR LESS
LOWEST: 37 ON 9 3 = THUNDER
SNOW, ICE PELLETS, HAIL 4 = ICE PELLETS
TOTAL MONTH: M 5 = HAIL
GRTST 24HR M ON M 6 = FREEZING RAIN OR DRIZZLE
GRTST DEPTH: M ON M 7 = DUSTSTORM OR SANDSTORM:
VSBY 1/2 MILE OR LESS
8 = SMOKE OR HAZE
[NO. OF DAYS WITH] [WEATHER - DAYS WITH] 9 = BLOWING SNOW
X = TORNADO
MAX 32 OR BELOW: 0 0.01 INCH OR MORE: 2
MAX 90 OR ABOVE: 6 0.10 INCH OR MORE: 0
MIN 32 OR BELOW: 0 0.50 INCH OR MORE: 0
MIN 0 OR BELOW: 0 1.00 INCH OR MORE: 0
[HDD (BASE 65) ]
TOTAL THIS MO. 45 CLEAR (SCALE 0-3) 20
DPTR FM NORMAL -60 PTCLDY (SCALE 4-7) 3
TOTAL FM JUL 1 47 CLOUDY (SCALE 8-10) 7
DPTR FM NORMAL -65
[CDD (BASE 65) ]
TOTAL THIS MO. 93
DPTR FM NORMAL 36 [PRESSURE DATA]
TOTAL FM JAN 1 946 HIGHEST SLP 30.44 ON 27
DPTR FM NORMAL 250 LOWEST SLP 29.64 ON 23
[REMARKS]
#FINAL-09-20#