000
CXUS56 KPDT 011906
CF6HRI
PRELIMINARY LOCAL CLIMATOLOGICAL DATA (WS FORM: F-6)
STATION: HERMISTON OR
MONTH: SEPTEMBER
YEAR: 2023
LATITUDE: 45 49 N
LONGITUDE: 119 16 W
TEMPERATURE IN F: :PCPN: SNOW: WIND :SUNSHINE: SKY :PK WND
================================================================================
1 2 3 4 5 6A 6B 7 8 9 10 11 12 13 14 15 16 17 18
12Z AVG MX 2MIN
DY MAX MIN AVG DEP HDD CDD WTR SNW DPTH SPD SPD DIR MIN PSBL S-S WX SPD DR
================================================================================
1 81 57 69 0 0 4 T M M 3.4 12 30 M M 5 17 70
2 88 56 72 3 0 7 T M M 5.5 18 230 M M 2 3 27 220
3 86 65 76 7 0 11 T M M 14.4 25 250 M M 2 40 240
4 78 57 68 0 0 3 0.00 M M 16.0 28 260 M M 1 41 260
5 81 49 65 -3 0 0 0.00 M M 6.2 13 260 M M 0 20 250
6 86 49 68 0 0 3 0.00 M M 8.1 16 240 M M 0 24 250
7 84 51 68 1 0 3 0.04 M M 5.3 17 240 M M 1 3 26 250
8 85 53 69 2 0 4 0.00 M M 5.9 15 210 M M 0 21 210
9 91 47 69 2 0 4 0.00 M M 5.0 15 60 M M 0 20 50
10 90 52 71 5 0 6 0.00 M M 3.2 9 210 M M 0 14 230
11 90 57 74 8 0 9 0.00 M M 9.6 23 230 M M 0 33 250
12 85 64 75 9 0 10 0.00 M M 9.6 21 230 M M 0 27 240
13 83 54 69 3 0 4 0.00 M M 4.8 13 240 M M 0 20 320
14 88 48 68 3 0 3 0.00 M M 5.6 13 40 M M 0 17 40
15 90 47 69 4 0 4 0.00 M M 4.1 8 160 M M 0 11 50
16 92 47 70 6 0 5 0.00 M M 3.9 13 210 M M 0 18 220
17 91 64 78 14 0 13 0.00 M M 12.0 21 210 M M 0 28 220
18 81 56 69 5 0 4 0.00 M M 14.4 28 240 M M 0 39 230
19 M 43 M M M M 0.00 M M M 14 260 M M 0 18 250
20 67 M M M M M 0.28 M M 5.1 23 350 M M 5 13 31 350
21 57 44 51 -12 14 0 0.20 M M 3.5 9 190 M M 7 1 12 180
22 72 40 56 -6 9 0 0.00 M M 3.6 8 280 M M 0 18 14 140
23 74 46 60 -2 5 0 0.00 M M 5.4 14 250 M M 2 20 260
24 69 51 60 -2 5 0 0.04 M M 3.9 13 250 M M 7 16 250
25 69 56 63 2 2 0 0.06 M M 6.3 16 50 M M 4 22 50
26 74 50 62 1 3 0 0.05 M M 6.1 16 250 M M 4 1 23 240
27 73 49 61 0 4 0 0.02 M M 11.3 26 250 M M 4 37 260
28 72 43 58 -2 7 0 0.00 M M 8.4 21 270 M M 2 8 27 280
29 59 47 53 -7 12 0 0.03 M M 4.7 13 50 M M 9 1 18 40
30 69 42 56 -3 9 0 0.00 M M 5.0 10 180 M M 5 8 15 180
================================================================================
SM 2305 1484 70 97 0.72 M 200.3 M 60
================================================================================
AV 79.5 51.2 6.9 FASTST M M 2 MAX(MPH)
MISC ----> # 28 260 41 260
================================================================================
NOTES:
# LAST OF SEVERAL OCCURRENCES
COLUMN 17 PEAK WIND IN M.P.H.
PRELIMINARY LOCAL CLIMATOLOGICAL DATA (WS FORM: F-6) , PAGE 2
STATION: HERMISTON OR
MONTH: SEPTEMBER
YEAR: 2023
LATITUDE: 45 49 N
LONGITUDE: 119 16 W
[TEMPERATURE DATA] [PRECIPITATION DATA] SYMBOLS USED IN COLUMN 16
AVERAGE MONTHLY: 65.3 TOTAL FOR MONTH: 0.72 1 = FOG OR MIST
DPTR FM NORMAL: 0.7 DPTR FM NORMAL: 0.39 2 = FOG REDUCING VISIBILITY
HIGHEST: 92 ON 16 GRTST 24HR 0.41 ON 20-21 TO 1/4 MILE OR LESS
LOWEST: 40 ON 22 3 = THUNDER
SNOW, ICE PELLETS, HAIL 4 = ICE PELLETS
TOTAL MONTH: M 5 = HAIL
GRTST 24HR M ON M 6 = FREEZING RAIN OR DRIZZLE
GRTST DEPTH: M ON M 7 = DUSTSTORM OR SANDSTORM:
VSBY 1/2 MILE OR LESS
8 = SMOKE OR HAZE
[NO. OF DAYS WITH] [WEATHER - DAYS WITH] 9 = BLOWING SNOW
X = TORNADO
MAX 32 OR BELOW: 0 0.01 INCH OR MORE: 8
MAX 90 OR ABOVE: 6 0.10 INCH OR MORE: 2
MIN 32 OR BELOW: 0 0.50 INCH OR MORE: 0
MIN 0 OR BELOW: 0 1.00 INCH OR MORE: 0
[HDD (BASE 65) ]
TOTAL THIS MO. 70 CLEAR (SCALE 0-3) 21
DPTR FM NORMAL -11 PTCLDY (SCALE 4-7) 8
TOTAL FM JUL 1 71 CLOUDY (SCALE 8-10) 1
DPTR FM NORMAL -20
[CDD (BASE 65) ]
TOTAL THIS MO. 97
DPTR FM NORMAL 29 [PRESSURE DATA]
TOTAL FM JAN 1 1100 HIGHEST SLP 30.14 ON 14
DPTR FM NORMAL 261 LOWEST SLP 29.76 ON 25
[REMARKS]
#FINAL-09-23#