000
CXUS54 KBRO 010646
CLMHRL
CLIMATE REPORT
NATIONAL WEATHER SERVICE BROWNSVILLE, TX
146 AM CDT FRI SEP 01 2023
...................................
...THE HARLINGEN CLIMATE SUMMARY FOR THE MONTH OF AUGUST 2023...
CLIMATE NORMAL PERIOD 1991 TO 2020
CLIMATE RECORD PERIOD 1912 TO 2023
WEATHER OBSERVED NORMAL DEPART LAST YEAR`S
VALUE DATE(S) VALUE FROM VALUE DATE(S)
NORMAL
................................................................
TEMPERATURE (F)
HIGHEST 105 08/28 100 5 99 08/24
LOWEST 71 08/31 71 0 73 08/10
08/19
AVG. MAXIMUM 100.0 97.2 2.8 95.0
AVG. MINIMUM 76.8 75.3 1.5 75.5
MEAN 88.4 86.2 2.2 85.2
DAYS MAX >= 90 31 30.2 0.8 30
DAYS MAX <= 32 0 0.0 0.0 0
DAYS MIN <= 32 0 0.0 0.0 0
DAYS MIN <= 0 0 0.0 0.0 0
PRECIPITATION (INCHES)
TOTALS 1.13 1.92 -0.79 3.34
DAILY AVG. 0.04 0.06 -0.02 0.11
DAYS >= .01 3 5.4 -2.4 9
DAYS >= .10 1 2.9 -1.9
DAYS >= .50 1 1.0 0.0
DAYS >= 1.00 1 0.6 0.4
GREATEST
24 HR. TOTAL 1.06 08/22 TO 08/22
STORM TOTAL 1.06
(MM/DD(HH))
SNOWFALL (INCHES)
TOTALS 0.0 MM MM 0.0
SINCE 7/1 0.0 MM MM MM
DEGREE DAYS
HEATING TOTAL 0 0 0 0
SINCE 7/1 0 0 0 MM
COOLING TOTAL 732 658 74 637
SINCE 1/1 3456 3090 366 MM
................................................................
WIND (MPH)
AVERAGE WIND SPEED 11.1
HIGHEST WIND SPEED/DIRECTION 32/160 DATE 08/10
HIGHEST GUST SPEED/DIRECTION 40/160 DATE 08/10
SKY COVER
POSSIBLE SUNSHINE (PERCENT) MM
AVERAGE SKY COVER 0.12
NUMBER OF DAYS FAIR 30
NUMBER OF DAYS PC 1
NUMBER OF DAYS CLOUDY 0
AVERAGE RH (PERCENT) 70
WEATHER CONDITIONS. NUMBER OF DAYS WITH
THUNDERSTORM 4 MIXED PRECIP 0
HEAVY RAIN 1 RAIN 1
LIGHT RAIN 4 FREEZING RAIN 0
LT FREEZING RAIN 0 HAIL 0
HEAVY SNOW 0 SNOW 0
LIGHT SNOW 0 SLEET 0
FOG 8 FOG W/VIS <= 1/4 MILE 2
HAZE 1
- INDICATES NEGATIVE NUMBERS.
R INDICATES RECORD WAS SET OR TIED.
MM INDICATES DATA IS MISSING.
T INDICATES TRACE AMOUNT.
$$