000
CXUS53 KGID 011558
CF6HSI
PRELIMINARY LOCAL CLIMATOLOGICAL DATA (WS FORM: F-6)
STATION: HASTINGS NE
MONTH: JUNE
YEAR: 2021
LATITUDE: 40 35 N
LONGITUDE: 98 26 W
TEMPERATURE IN F: :PCPN: SNOW: WIND :SUNSHINE: SKY :PK WND
================================================================================
1 2 3 4 5 6A 6B 7 8 9 10 11 12 13 14 15 16 17 18
12Z AVG MX 2MIN
DY MAX MIN AVG DEP HDD CDD WTR SNW DPTH SPD SPD DIR MIN PSBL S-S WX SPD DR
================================================================================
1 74 53 64 -4 1 0 0.00 0.0 0 4.2 15 110 M M 0 22 130
2 77 52 65 -4 0 0 0.00 0.0 0 2.9 13 120 M M 0 1 19 120
3 84 55 70 1 0 5 0.00 0.0 0 7.6 14 180 M M 0 23 200
4 90 61 76 7 0 11 0.00 0.0 0 8.9 15 190 M M 0 25 210
5 89 65 77 7 0 12 0.00 0.0 0 11.1 18 180 M M 0 34 180
6 87 66 77 7 0 12 0.00 0.0 0 11.4 20 200 M M 1 31 170
7 89 67 78 8 0 13 0.00 0.0 0 9.0 16 160 M M 1 23 210
8 87 67 77 6 0 12 0.00 0.0 0 8.0 16 140 M M 1 25 160
9 91 68 80 9 0 15 0.00 0.0 0 8.1 16 150 M M 0 23 160
10 95 71 83 12 0 18 0.00 0.0 0 10.6 18 160 M M 1 28 170
11 83 62 73 1 0 8 0.00 0.0 0 12.1 28 360 M M 3 1 38 10
12 86 54 70 -2 0 5 0.00 0.0 0 5.9 14 120 M M 0 20 100
13 91 57 74 2 0 9 0.00 0.0 0 6.4 14 160 M M 0 20 180
14 97 64 81 8 0 16 0.00 0.0 0 4.5 16 310 M M 0 23 310
15 97 67 82 9 0 17 0.00 0.0 0 5.2 13 130 M M 0 20 120
16 101 72 87 14 0 22 0.00 0.0 0 10.2 20 210 M M 0 32 210
17 103 71 87 14 0 22 0.00 0.0 0 9.0 22 210 M M 0 36 180
18 89 71 80 6 0 15 0.00 0.0 0 9.5 18 50 M M 0 25 120
19 87 63 75 1 0 10 0.13 0.0 0 9.7 21 60 M M 0 13 31 160
20 88 64 76 2 0 11 0.12 0.0 0 11.6 26 360 M M 1 18 36 360
21 79 60 70 -4 0 5 0.00 0.0 0 6.8 14 360 M M 2 21 10
22 89 59 74 0 0 9 0.00 0.0 0 12.2 22 210 M M 0 33 220
23 93 65 79 4 0 14 0.00 0.0 0 12.5 20 160 M M 0 29 200
24 84 66 75 0 0 10 0.26 0.0 0 10.4 25 360 M M 4 13 37 350
25 84 64 74 -1 0 9 0.00 0.0 0 6.4 18 350 M M 3 18 24 350
26 78 63 71 -4 0 6 T 0.0 0 9.4 22 340 M M 6 1 27 330
27 84 57 71 -5 0 6 0.03 0.0 0 3.0 15 150 M M 2 138 23 130
28 82 62 72 -4 0 7 0.32 0.0 0 4.9 22 340 M M 5 13 29 340
29 83 59 71 -5 0 6 0.00 0.0 0 3.5 8 130 M M 1 13 130
30 84 62 73 -3 0 8 T 0.0 0 3.4 9 90 M M 2 18 15 70
================================================================================
SM 2625 1887 1 313 0.86 0.0 238.4 M 33
================================================================================
AV 87.5 62.9 7.9 FASTST M M 1 MAX(MPH)
MISC ----> 28 360 38 10
================================================================================
NOTES:
# LAST OF SEVERAL OCCURRENCES
COLUMN 17 PEAK WIND IN M.P.H.
PRELIMINARY LOCAL CLIMATOLOGICAL DATA (WS FORM: F-6) , PAGE 2
STATION: HASTINGS NE
MONTH: JUNE
YEAR: 2021
LATITUDE: 40 35 N
LONGITUDE: 98 26 W
[TEMPERATURE DATA] [PRECIPITATION DATA] SYMBOLS USED IN COLUMN 16
AVERAGE MONTHLY: 75.2 TOTAL FOR MONTH: 0.86 1 = FOG OR MIST
DPTR FM NORMAL: 2.5 DPTR FM NORMAL: -2.81 2 = FOG REDUCING VISIBILITY
HIGHEST: 103 ON 17 GRTST 24HR 0.35 ON 27-28 TO 1/4 MILE OR LESS
LOWEST: 52 ON 2 3 = THUNDER
SNOW, ICE PELLETS, HAIL 4 = ICE PELLETS
TOTAL MONTH: 0.0 INCH 5 = HAIL
GRTST 24HR 0.0 6 = FREEZING RAIN OR DRIZZLE
GRTST DEPTH: 0 7 = DUSTSTORM OR SANDSTORM:
VSBY 1/2 MILE OR LESS
8 = SMOKE OR HAZE
[NO. OF DAYS WITH] [WEATHER - DAYS WITH] 9 = BLOWING SNOW
X = TORNADO
MAX 32 OR BELOW: 0 0.01 INCH OR MORE: 5
MAX 90 OR ABOVE: 9 0.10 INCH OR MORE: 4
MIN 32 OR BELOW: 0 0.50 INCH OR MORE: 0
MIN 0 OR BELOW: 0 1.00 INCH OR MORE: 0
[HDD (BASE 65) ]
TOTAL THIS MO. 1 CLEAR (SCALE 0-3) 26
DPTR FM NORMAL -15 PTCLDY (SCALE 4-7) 4
TOTAL FM JUL 1 5797 CLOUDY (SCALE 8-10) 0
DPTR FM NORMAL -70
[CDD (BASE 65) ]
TOTAL THIS MO. 313
DPTR FM NORMAL 66 [PRESSURE DATA]
TOTAL FM JAN 1 385 HIGHEST SLP 30.20 ON 01
DPTR FM NORMAL 64 LOWEST SLP 29.51 ON 20
[REMARKS]
#FINAL-06-21#