000
CXUS54 KHUN 021559
CF6HSV
PRELIMINARY LOCAL CLIMATOLOGICAL DATA (WS FORM: F-6)
STATION: HUNTSVILLE
MONTH: JUNE
YEAR: 2021
LATITUDE: 34 39 N
LONGITUDE: 86 46 W
TEMPERATURE IN F: :PCPN: SNOW: WIND :SUNSHINE: SKY :PK WND
================================================================================
1 2 3 4 5 6A 6B 7 8 9 10 11 12 13 14 15 16 17 18
12Z AVG MX 2MIN
DY MAX MIN AVG DEP HDD CDD WTR SNW DPTH SPD SPD DIR MIN PSBL S-S WX SPD DR
================================================================================
1 86 63 75 -1 0 10 0.00 0.0 0 8.8 17 160 M M 8 21 160
2 81 64 73 -3 0 8 1.46 0.0 0 10.4 22 180 M M 9 13 29 190
3 83 66 75 -1 0 10 0.20 0.0 0 7.1 16 190 M M 7 13 23 190
4 88 63 76 0 0 11 0.00 0.0 0 2.4 9 180 M M 5 13 170
5 86 66 76 0 0 11 0.07 0.0 0 4.1 18 160 M M 7 1 23 160
6 75 71 73 -4 0 8 0.29 0.0 0 7.8 17 140 M M 9 1 22 130
7 86 68 77 0 0 12 0.12 0.0 0 7.5 14 190 M M 7 1 21 200
8 86 69 78 1 0 13 0.66 0.0 0 8.8 25 230 M M 7 13 34 230
9 77 69 73 -4 0 8 0.66 0.0 0 5.5 15 230 M M 10 1 20 220
10 78 70 74 -4 0 9 0.17 0.0 0 5.9 12 190 M M 10 1 14 170
11 89 71 80 2 0 15 T 0.0 0 6.4 16 210 M M 8 3 22 220
12 87 69 78 0 0 13 0.64 0.0 0 3.7 20 100 M M 8 123 33 110
13 93 67 80 2 0 15 0.03 0.0 0 2.2 12 30 M M 6 123 13 210
14 92 71 82 4 0 17 0.00 0.0 0 5.8 15 10 M M 2 1 20 330
15 88 67 78 -1 0 13 0.00 0.0 0 7.6 20 10 M M 2 24 20
16 89 60 75 -4 0 10 0.00 0.0 0 6.5 17 20 M M 1 23 20
17 88 62 75 -4 0 10 0.00 0.0 0 3.5 10 180 M M 3 14 220
18 91 67 79 0 0 14 0.00 0.0 0 5.5 14 170 M M 5 22 190
19 78 66 72 -7 0 7 0.43 0.0 0 8.1 16 110 M M 8 1 21 150
20 89 68 79 -1 0 14 T 0.0 0 6.2 15 240 M M 4 20 210
21 90 71 81 1 0 16 0.92 0.0 0 8.8 29 260 M M 7 1238 40 240
22 81 61 71 -9 0 6 0.05 0.0 0 6.9 16 350 M M 5 1 24 330
23 84 59 72 -8 0 7 0.00 0.0 0 4.4 9 130 M M 2 12 130
24 87 65 76 -4 0 11 0.00 0.0 0 9.2 15 150 M M 5 19 130
25 85 70 78 -2 0 13 0.00 0.0 0 9.2 18 160 M M 4 26 180
26 88 68 78 -2 0 13 0.00 0.0 0 8.1 17 130 M M 3 22 150
27 89 70 80 0 0 15 0.00 0.0 0 7.0 17 120 M M 3 21 130
28 92 72 82 1 0 17 0.00 0.0 0 6.1 13 100 M M 2 17 150
29 84 72 78 -3 0 13 T 0.0 0 5.7 16 150 M M 7 19 150
30 91 70 81 0 0 16 0.03 0.0 0 4.6 12 190 M M 4 15 150
================================================================================
SM 2581 2015 0 355 5.73 0.0 193.8 M 168
================================================================================
AV 86.0 67.2 6.5 FASTST M M 6 MAX(MPH)
MISC ----> 29 260 40 240
================================================================================
NOTES:
# LAST OF SEVERAL OCCURRENCES
COLUMN 17 PEAK WIND IN M.P.H.
PRELIMINARY LOCAL CLIMATOLOGICAL DATA (WS FORM: F-6) , PAGE 2
STATION: HUNTSVILLE
MONTH: JUNE
YEAR: 2021
LATITUDE: 34 39 N
LONGITUDE: 86 46 W
[TEMPERATURE DATA] [PRECIPITATION DATA] SYMBOLS USED IN COLUMN 16
AVERAGE MONTHLY: 76.6 TOTAL FOR MONTH: 5.73 1 = FOG OR MIST
DPTR FM NORMAL: -2.0 DPTR FM NORMAL: 1.67 2 = FOG REDUCING VISIBILITY
HIGHEST: 93 ON 13 GRTST 24HR 1.46 ON 2- 2 TO 1/4 MILE OR LESS
LOWEST: 59 ON 23 3 = THUNDER
SNOW, ICE PELLETS, HAIL 4 = ICE PELLETS
TOTAL MONTH: 0.0 INCH 5 = HAIL
GRTST 24HR 0.0 6 = FREEZING RAIN OR DRIZZLE
GRTST DEPTH: 0 7 = DUSTSTORM OR SANDSTORM:
VSBY 1/2 MILE OR LESS
8 = SMOKE OR HAZE
[NO. OF DAYS WITH] [WEATHER - DAYS WITH] 9 = BLOWING SNOW
X = TORNADO
MAX 32 OR BELOW: 0 0.01 INCH OR MORE: 14
MAX 90 OR ABOVE: 6 0.10 INCH OR MORE: 10
MIN 32 OR BELOW: 0 0.50 INCH OR MORE: 5
MIN 0 OR BELOW: 0 1.00 INCH OR MORE: 1
[HDD (BASE 65) ]
TOTAL THIS MO. 0 CLEAR (SCALE 0-3) 8
DPTR FM NORMAL 0 PTCLDY (SCALE 4-7) 18
TOTAL FM JUL 1 2929 CLOUDY (SCALE 8-10) 4
DPTR FM NORMAL 98
[CDD (BASE 65) ]
TOTAL THIS MO. 355
DPTR FM NORMAL -52 [PRESSURE DATA]
TOTAL FM JAN 1 543 HIGHEST SLP 30.20 ON 29
DPTR FM NORMAL -172 LOWEST SLP 29.79 ON 21
[REMARKS]
#FINAL-06-21#