000
CXUS54 KHUN 052248
CLMHSV
CLIMATE REPORT
NATIONAL WEATHER SERVICE HUNTSVILLE AL
448 PM CST MON FEB 05 2024
...................................
...THE HUNTSVILLE CLIMATE SUMMARY FOR THE MONTH OF JANUARY 2024...
CLIMATE NORMAL PERIOD 1991 TO 2020
CLIMATE RECORD PERIOD 1894 TO 2024
WEATHER OBSERVED NORMAL DEPART LAST YEAR`S
VALUE DATE(S) VALUE FROM VALUE
NORMAL
..............................................................
TEMPERATURE (F)
RECORD
HIGH 79 01/01/1952
LOW -11 01/21/1985
01/30/1966
HIGHEST 68 01/25 MM MM 72
LOWEST 8 01/17 MM MM 25
AVG. MAXIMUM 47.8 52.3 -4.5 58.3
AVG. MINIMUM 30.2 33.1 -2.9 39.4
MEAN 39.0 42.7 -3.7 48.9
DAYS MAX >= 90 0 0.0 0.0 0
DAYS MAX <= 32 4 1.6 2.4 0
DAYS MIN <= 32 18 16.2 1.8 8
DAYS MIN <= 0 0 0.0 0.0 0
PRECIPITATION (INCHES)
RECORD
MAXIMUM 10.92 1982
MINIMUM 1.28 1914
TOTALS 6.96 4.99 1.97 5.21
DAILY AVG. 0.22 0.16 0.06 0.17
DAYS >= .01 12 10.6 1.4 13
DAYS >= .10 10 6.9 3.1 11
DAYS >= .50 6 3.3 2.7 4
DAYS >= 1.00 3 1.5 1.5 1
GREATEST
24 HR. TOTAL 2.17 01/08 TO 01/09 1.14
SNOWFALL (INCHES)
RECORDS
TOTAL 9.6 1988
24 HR TOTAL 9.6 01/06/1988 TO 01/07/1988
TOTALS 0.8 0.7 0.1 T
SINCE 7/1 0.8 0.9 MM MM
DAYS >= TRACE 4 0.8 3.2 2
DAYS >= 1.0 0 0.2 -0.2 0
GREATEST
SNOW DEPTH 1 01/16 MM
01/17
01/18
24 HR TOTAL 0.8 01/15 TO 01/15
DEGREE DAYS
HEATING TOTAL 796 692 104 493
SINCE 7/1 1760 1814 -54 MM
COOLING TOTAL 0 1 -1 0
SINCE 1/1 0 1 -1 MM
FREEZE DATES
RECORD
EARLIEST 10/09/2000
LATEST 05/07/1944
EARLIEST 11/01 11/08
LATEST 03/13 03/24
..............................................................
WIND (MPH)
AVERAGE WIND SPEED 8.8
HIGHEST WIND SPEED/DIRECTION 36/150 DATE 01/12
HIGHEST GUST SPEED/DIRECTION 56/120 DATE 01/08
SKY COVER
POSSIBLE SUNSHINE (PERCENT) MM
WEATHER CONDITIONS. NUMBER OF DAYS WITH
THUNDERSTORM 4 MIXED PRECIP 0
HEAVY RAIN 6 RAIN 8
LIGHT RAIN 12 FREEZING RAIN 1
LT FREEZING RAIN 2 HAIL 0
HEAVY SNOW 0 SNOW 1
LIGHT SNOW 5 SLEET 2
FOG 18 FOG W/VIS <= 1/4 MILE 4
- INDICATES NEGATIVE NUMBERS.
R INDICATES RECORD WAS SET OR TIED.
MM INDICATES DATA IS MISSING.
T INDICATES TRACE AMOUNT.
$$