000
CXUS53 KAPX 010730
CF6HTL
PRELIMINARY LOCAL CLIMATOLOGICAL DATA (WS FORM: F-6)
STATION: HOUGHTON LAKE MI
MONTH: SEPTEMBER
YEAR: 2022
LATITUDE: 44 22 N
LONGITUDE: 84 41 W
TEMPERATURE IN F: :PCPN: SNOW: WIND :SUNSHINE: SKY :PK WND
================================================================================
1 2 3 4 5 6A 6B 7 8 9 10 11 12 13 14 15 16 17 18
12Z AVG MX 2MIN
DY MAX MIN AVG DEP HDD CDD WTR SNW DPTH SPD SPD DIR MIN PSBL S-S WX SPD DR
================================================================================
1 82 45 64 1 1 0 0.00 0.0 0 4.3 10 240 M M 1 18 240
2 83 63 73 10 0 8 0.00 0.0 0 8.0 16 200 M M 5 27 200
3 82 63 73 11 0 8 0.00 0.0 0 7.2 15 30 M M 6 3 22 360
4 66 47 57 -5 8 0 0.00 0.0 0 8.6 16 60 M M 6 24 60
5 70 46 58 -4 7 0 0.00 0.0 0 5.2 13 60 M M 8 16 60
6 77 51 64 2 1 0 0.00 0.0 0 4.7 9 260 M M 5 12 12 290
7 78 44 61 0 4 0 0.00 0.0 0 3.3 8 310 M M 4 12 12 220
8 80 47 64 3 1 0 0.00 0.0 0 3.7 8 180 M M 0 M M
9 80 51 66 5 0 1 0.00 0.0 0 6.8 15 180 M M 0 21 200
10 83 53 68 8 0 3 0.11 0.0 0 4.8 9 170 M M 3 17 170
11 67 58 63 3 2 0 0.64 0.0 0 6.8 16 60 M M 10 12 22 60
12 69 56 63 3 2 0 0.80 0.0 0 6.4 13 100 M M 8 1 19 100
13 74 50 62 3 3 0 0.00 0.0 0 5.2 12 320 M M 6 1 15 320
14 72 51 62 3 3 0 0.00 0.0 0 6.4 13 290 M M 3 17 290
15 67 41 54 -5 11 0 0.00 0.0 0 6.1 13 160 M M 3 1 18 180
16 80 53 67 9 0 2 0.00 0.0 0 4.4 12 190 M M 0 12 15 200
17 79 62 71 13 0 6 0.00 0.0 0 7.6 14 230 M M 4 20 200
18 81 67 74 16 0 9 0.00 0.0 0 8.2 15 280 M M 3 23 280
19 76 61 69 12 0 4 T 0.0 0 8.9 21 300 M M 4 27 320
20 72 51 62 5 3 0 T 0.0 0 5.6 13 170 M M 2 1 20 280
21 77 54 66 10 0 1 0.09 0.0 0 9.7 22 330 M M 3 13 32 320
22 57 42 50 -6 15 0 T 0.0 0 13.3 21 330 M M 4 36 10
23 62 30 46 -10 19 0 0.00 0.0 0 3.4 8 250 M M 0 12 M M
24 54 43 49 -6 16 0 0.01 0.0 0 5.6 13 230 M M 8 1 20 230
25 58 50 54 -1 11 0 0.05 0.0 0 7.3 18 310 M M 10 1 27 310
26 58 49 54 -1 11 0 0.65 0.0 0 9.0 16 310 M M 10 1 24 310
27 54 46 50 -4 15 0 0.40 0.0 0 10.6 16 300 M M 10 1 25 290
28 50 35 43 -11 22 0 0.01 0.0 0 6.5 14 10 M M 10 1 22 20
29 58 28 43 -10 22 0 0.00 0.0 0 2.2 7 250 M M 0 1 M M
30 65 29 47 -6 18 0 0.00 0.0 0 1.8 7 280 M M 0 12 11 290
================================================================================
SM 2111 1466 195 42 2.76 0.0 191.6 M 136
================================================================================
AV 70.4 48.9 6.4 FASTST M M 5 MAX(MPH)
MISC ----> 22 330 36 10
================================================================================
NOTES:
# LAST OF SEVERAL OCCURRENCES
COLUMN 17 PEAK WIND IN M.P.H.
PRELIMINARY LOCAL CLIMATOLOGICAL DATA (WS FORM: F-6) , PAGE 2
STATION: HOUGHTON LAKE MI
MONTH: SEPTEMBER
YEAR: 2022
LATITUDE: 44 22 N
LONGITUDE: 84 41 W
[TEMPERATURE DATA] [PRECIPITATION DATA] SYMBOLS USED IN COLUMN 16
AVERAGE MONTHLY: 59.6 TOTAL FOR MONTH: 2.76 1 = FOG OR MIST
DPTR FM NORMAL: 1.3 DPTR FM NORMAL: 0.17 2 = FOG REDUCING VISIBILITY
HIGHEST: 83 ON 10, 2 GRTST 24HR 1.44 ON 11-12 TO 1/4 MILE OR LESS
LOWEST: 28 ON 29 3 = THUNDER
SNOW, ICE PELLETS, HAIL 4 = ICE PELLETS
TOTAL MONTH: 0.0 INCH 5 = HAIL
GRTST 24HR 0.0 6 = FREEZING RAIN OR DRIZZLE
GRTST DEPTH: 0 7 = DUSTSTORM OR SANDSTORM:
VSBY 1/2 MILE OR LESS
8 = SMOKE OR HAZE
[NO. OF DAYS WITH] [WEATHER - DAYS WITH] 9 = BLOWING SNOW
X = TORNADO
MAX 32 OR BELOW: 0 0.01 INCH OR MORE: 9
MAX 90 OR ABOVE: 0 0.10 INCH OR MORE: 5
MIN 32 OR BELOW: 3 0.50 INCH OR MORE: 3
MIN 0 OR BELOW: 0 1.00 INCH OR MORE: 0
[HDD (BASE 65) ]
TOTAL THIS MO. 195 CLEAR (SCALE 0-3) 10
DPTR FM NORMAL -32 PTCLDY (SCALE 4-7) 14
TOTAL FM JUL 1 227 CLOUDY (SCALE 8-10) 6
DPTR FM NORMAL -108
[CDD (BASE 65) ]
TOTAL THIS MO. 42
DPTR FM NORMAL 14 [PRESSURE DATA]
TOTAL FM JAN 1 373 HIGHEST SLP 30.58 ON 29
DPTR FM NORMAL 38 LOWEST SLP 29.55 ON 26
[REMARKS]
#FINAL-09-22#