000
CXUS51 KRLX 011326
CF6HTS
PRELIMINARY LOCAL CLIMATOLOGICAL DATA (WS FORM: F-6)
STATION: HUNTINGTON WV
MONTH: JANUARY
YEAR: 2023
LATITUDE: 38 22 N
LONGITUDE: 82 33 W
TEMPERATURE IN F: :PCPN: SNOW: WIND :SUNSHINE: SKY :PK WND
================================================================================
1 2 3 4 5 6A 6B 7 8 9 10 11 12 13 14 15 16 17 18
12Z AVG MX 2MIN
DY MAX MIN AVG DEP HDD CDD WTR SNW DPTH SPD SPD DIR MIN PSBL S-S WX SPD DR
================================================================================
1 59 38 49 13 16 0 0.00 0.0 0 3.0 9 220 M M 9 12 13 220
2 67 45 56 20 9 0 0.02 0.0 0 4.6 10 190 M M 8 128 16 190
3 71 54 63 28 2 0 0.28 0.0 0 7.4 20 180 M M 8 13 28 200
4 65 49 57 22 8 0 0.03 0.0 0 6.9 22 250 M M 6 30 260
5 52 35 44 9 21 0 0.00 0.0 0 6.7 20 250 M M 4 28 260
6 43 30 37 2 28 0 0.00 0.0 0 5.7 15 250 M M 8 24 260
7 49 25 37 2 28 0 0.00 0.0 0 4.1 12 240 M M 1 15 50
8 41 30 36 1 29 0 T 0.0 0 5.0 10 320 M M 9 14 290
9 40 29 35 0 30 0 0.00 0.0 0 5.4 12 260 M M 7 16 270
10 49 26 38 3 27 0 0.00 0.0 0 3.2 10 230 M M 4 15 210
11 54 31 43 8 22 0 0.23 0.0 0 3.6 9 200 M M 5 1 12 200
12 62 42 52 17 13 0 0.82 0.0 0 8.6 20 310 M M 8 13 36 280
13 42 30 36 2 29 0 0.07 0.2 0 8.8 20 310 M M 10 18 26 310
14 34 23 29 -5 36 0 T 0.2 T 6.9 15 330 M M 7 1 20 320
15 39 17 28 -6 37 0 0.00 0.0 0 2.8 7 110 M M 0 9 90
16 47 22 35 1 30 0 0.21 0.0 0 2.4 9 180 M M 2 13 180
17 60 42 51 17 14 0 0.10 0.0 0 8.1 15 210 M M 7 1 21 210
18 54 39 47 13 18 0 0.00 0.0 0 4.4 12 70 M M 2 14 60
19 65 45 55 21 10 0 0.30 0.0 0 9.6 26 260 M M 6 1 39 260
20 45 35 40 6 25 0 0.01 T 0 10.1 23 250 M M 10 1 33 250
21 41 30 36 2 29 0 0.00 0.0 0 4.4 10 260 M M 7 13 280
22 40 27 34 0 31 0 0.07 0.0 0 3.3 10 320 M M 8 1 14 320
23 37 33 35 0 30 0 0.02 T 0 8.0 15 300 M M 10 18 23 280
24 48 29 39 4 26 0 0.00 0.0 0 4.4 13 250 M M 2 19 250
25 64 35 50 15 15 0 0.49 0.0 0 11.3 26 190 M M 7 1 36 170
26 39 31 35 0 30 0 0.07 T 0 9.7 20 260 M M 10 18 34 300
27 43 29 36 1 29 0 0.02 0.1 T 9.6 18 190 M M 7 1 26 180
28 57 40 49 14 16 0 0.00 0.0 0 8.3 14 210 M M 2 22 250
29 49 41 45 10 20 0 0.37 0.0 0 5.8 15 190 M M 9 1 19 180
30 52 33 43 8 22 0 0.01 0.0 0 4.4 14 330 M M 10 128 20 340
31 33 25 29 -6 36 0 0.33 T 0 6.6 12 20 M M 10 16 15 10
================================================================================
SM 1541 1040 716 0 3.45 0.5 193.1 M 203
================================================================================
AV 49.7 33.5 6.2 FASTST M M 7 MAX(MPH)
MISC ----> # 26 260 39 260
================================================================================
NOTES:
# LAST OF SEVERAL OCCURRENCES
COLUMN 17 PEAK WIND IN M.P.H.
PRELIMINARY LOCAL CLIMATOLOGICAL DATA (WS FORM: F-6) , PAGE 2
STATION: HUNTINGTON WV
MONTH: JANUARY
YEAR: 2023
LATITUDE: 38 22 N
LONGITUDE: 82 33 W
[TEMPERATURE DATA] [PRECIPITATION DATA] SYMBOLS USED IN COLUMN 16
AVERAGE MONTHLY: 41.6 TOTAL FOR MONTH: 3.45 1 = FOG OR MIST
DPTR FM NORMAL: 6.8 DPTR FM NORMAL: 0.35 2 = FOG REDUCING VISIBILITY
HIGHEST: 71 ON 3 GRTST 24HR 1.92 ON 3- 3 TO 1/4 MILE OR LESS
LOWEST: 17 ON 15 3 = THUNDER
SNOW, ICE PELLETS, HAIL 4 = ICE PELLETS
TOTAL MONTH: 0.5 INCH 5 = HAIL
GRTST 24HR 0.2 ON 13-13 6 = FREEZING RAIN OR DRIZZLE
GRTST DEPTH: T 7 = DUSTSTORM OR SANDSTORM:
VSBY 1/2 MILE OR LESS
8 = SMOKE OR HAZE
[NO. OF DAYS WITH] [WEATHER - DAYS WITH] 9 = BLOWING SNOW
X = TORNADO
MAX 32 OR BELOW: 0 0.01 INCH OR MORE: 18
MAX 90 OR ABOVE: 0 0.10 INCH OR MORE: 8
MIN 32 OR BELOW: 16 0.50 INCH OR MORE: 1
MIN 0 OR BELOW: 0 1.00 INCH OR MORE: 0
[HDD (BASE 65) ]
TOTAL THIS MO. 716 CLEAR (SCALE 0-3) 6
DPTR FM NORMAL -220 PTCLDY (SCALE 4-7) 15
TOTAL FM JUL 1 2402 CLOUDY (SCALE 8-10) 10
DPTR FM NORMAL -214
[CDD (BASE 65) ]
TOTAL THIS MO. 0
DPTR FM NORMAL 0 [PRESSURE DATA]
TOTAL FM JAN 1 0 HIGHEST SLP 30.38 ON 15
DPTR FM NORMAL 0 LOWEST SLP 29.44 ON 25
[REMARKS]
#FINAL-01-23#