000
CXUS51 KRLX 012210
CLMHTS
CLIMATE REPORT
NATIONAL WEATHER SERVICE CHARLESTON WV
510 PM EST FRI DEC 01 2023
...................................
...THE HUNTINGTON WV CLIMATE SUMMARY FOR THE MONTH OF NOVEMBER 2023...
CLIMATE NORMAL PERIOD: 1991 TO 2020
CLIMATE RECORD PERIOD: 1897 TO 2023
WEATHER OBSERVED NORMAL DEPART LAST YEAR`S
VALUE DATE(S) VALUE FROM VALUE
NORMAL
..............................................................
TEMPERATURE (F)
RECORD
HIGH 86 11/07/1938
LOW 4 11/30/1929
HIGHEST 80 11/08 82
LOWEST 15 11/29 18
AVG. MAXIMUM 59.7 56.6 3.1 58.8
AVG. MINIMUM 35.7 36.6 -0.9 37.3
MEAN 47.7 46.6 1.1 48.0
DAYS MAX <= 32 0 0.4 -0.4 0
DAYS MAX >= 80 1 1
DAYS MIN <= 32 11 11.8 -0.8 12
DAYS MIN <= 10 0 0
PRECIPITATION (INCHES)
RECORD
MAXIMUM 7.78 2003
MINIMUM 0.10 1904
TOTALS 1.32 3.07 -1.75 3.18
DAILY AVG. 0.04 0.10 -0.06 0.11
DAYS >= .01 4 10.3 -6.3 11
DAYS >= .10 3 5.9 -2.9 5
DAYS >= .50 1 2.1 -1.1 2
DAYS >= 1.00 0 0.6 -0.6 1
GREATEST
24 HR. TOTAL 0.55 11/21 TO 11/21 1.49
SNOWFALL (INCHES)
RECORDS
TOTAL 20.9 1950
24 HR TOTAL 11.0 11/24/1938 TO 11/24/1938
SNOW DEPTH 12 11/27/1950
TOTALS 0.0 0.5 -0.5 T
SINCE 7/1 0.0 0.7 -0.7 T
SNOWDEPTH AVG. 0 0
DAYS >= TRACE 0 0.8 -0.8 4
DAYS >= 1.0 0 0.2 -0.2 0
GREATEST
SNOW DEPTH 0 0
24 HR TOTAL 0.0 T
DEGREE DAYS
HEATING TOTAL 513 554 -41 513
SINCE 7/1 724 861 -137 MM
COOLING TOTAL 0 2 -2 11
SINCE 1/1 1121 1234 -113 MM
FALL FREEZE DATES
RECORD
EARLIEST 31 09/24/1983
LATEST 32 11/21/1985
NORMAL 10/26
1ST OBS. 2023 29 11/01
..............................................................
WIND (MPH)
AVERAGE WIND SPEED 4.8
HIGHEST WIND SPEED/DIRECTION 20/260 DATE 11/27
20/280 11/28
HIGHEST GUST SPEED/DIRECTION 28/320 DATE 11/09
28/270 11/27
SKY COVER
AVERAGE SKY COVER 0.27
NUMBER OF DAYS FAIR 19
NUMBER OF DAYS PC 7
NUMBER OF DAYS CLOUDY 4
AVERAGE RH (PERCENT) 59
WEATHER CONDITIONS. NUMBER OF DAYS WITH
THUNDERSTORM 0 MIXED PRECIP 0
HEAVY RAIN 1 RAIN 2
LIGHT RAIN 8 FREEZING RAIN 0
LT FREEZING RAIN 0 HAIL 0
HEAVY SNOW 0 SNOW 0
LIGHT SNOW 0 SLEET 0
FOG 9 FOG W/VIS <= 1/4 MILE 1
HAZE 4
- INDICATES NEGATIVE NUMBERS.
R INDICATES RECORD WAS SET OR TIED.
MM INDICATES DATA IS MISSING.
T INDICATES TRACE AMOUNT.
$$