000
CXUS51 KCAR 010700
CF6HUL
PRELIMINARY LOCAL CLIMATOLOGICAL DATA (WS FORM: F-6)
STATION: HOULTON ME
MONTH: JANUARY
YEAR: 2023
LATITUDE: 46 7 N
LONGITUDE: 67 48 W
TEMPERATURE IN F: :PCPN: SNOW: WIND :SUNSHINE: SKY :PK WND
================================================================================
1 2 3 4 5 6A 6B 7 8 9 10 11 12 13 14 15 16 17 18
12Z AVG MX 2MIN
DY MAX MIN AVG DEP HDD CDD WTR SNW DPTH SPD SPD DIR MIN PSBL S-S WX SPD DR
================================================================================
1 39 32 36 20 29 0 0.57 M M 4.7 18 340 M M 10 12 28 340
2 33 29 31 15 34 0 T M M 3.6 12 360 M M 10 18 16 360
3 36 31 34 19 31 0 0.00 M M 3.2 8 200 M M 9 12 190
4 38 24 31 16 34 0 0.00 M M 8.2 20 20 M M 6 26 10
5 24 20 22 7 43 0 T M M 7.2 18 20 M M 10 1 23 20
6 30 23 27 13 38 0 T M M 2.9 10 80 M M 9 1 14 80
7 36 16 26 12 39 0 0.01 M M 8.0 22 350 M M 10 1 33 350
8 24 10 17 3 48 0 0.00 M M 9.0 18 320 M M 3 29 310
9 27 12 20 6 45 0 0.01 M M 1.7 9 300 M M 6 1 14 300
10 25 10 18 4 47 0 0.01 M M 5.3 17 360 M M 8 1 22 360
11 20 -5 8 -5 57 0 0.00 M M 2.5 13 360 M M 1 18 320
12 25 -5 10 -3 55 0 0.04 M M 2.9 10 140 M M 7 1 18 120
13 34 24 29 16 36 0 0.93 M M 7.4 20 80 M M 10 16 30 80
14 30 18 24 11 41 0 T M M 11.9 21 10 M M 10 16 27 10
15 22 8 15 2 50 0 T M M 13.7 22 10 M M 1 28 360
16 32 21 27 15 38 0 0.75 M M 15.1 22 10 M M 10 16 31 360
17 32 26 29 17 36 0 0.00 M M 7.6 16 340 M M 10 18 24 350
18 34 28 31 19 34 0 0.16 M M 5.6 17 310 M M 10 126 27 340
19 33 25 29 17 36 0 0.00 M M 9.1 17 10 M M 10 32 300
20 27 18 23 11 42 0 0.01 M M 10.1 16 360 M M 10 18 24 60
21 24 5 15 3 50 0 T M M 7.2 15 360 M M 8 21 10
22 26 -7 10 -2 55 0 T M M 4.2 13 200 M M 7 1 19 200
23 28 23 26 14 39 0 0.06 M M 9.7 22 340 M M 9 1 35 350
24 34 22 28 16 37 0 T M M 9.6 20 330 M M 9 8 33 300
25 22 3 13 1 52 0 0.07 M M 4.2 12 330 M M 3 1 19 330
26 36 13 25 13 40 0 0.93 M M 11.0 25 250 M M 10 16 36 250
27 25 0 13 1 52 0 0.00 M M 6.7 17 260 M M 2 28 300
28 34 -2 16 4 49 0 T M M 8.6 20 260 M M 7 1 30 280
29 36 15 26 14 39 0 0.12 M M 6.1 14 120 M M 10 18 25 150
30 33 7 20 8 45 0 T M M 3.5 18 300 M M 5 1 27 280
31 22 -13 5 -7 60 0 T M M 5.9 21 290 M M 6 1 32 280
================================================================================
SM 921 431 1331 0 3.67 M 216.4 M 236
================================================================================
AV 29.7 13.9 7.0 FASTST M M 8 MAX(MPH)
MISC ----> 25 250 36 250
================================================================================
NOTES:
# LAST OF SEVERAL OCCURRENCES
COLUMN 17 PEAK WIND IN M.P.H.
PRELIMINARY LOCAL CLIMATOLOGICAL DATA (WS FORM: F-6) , PAGE 2
STATION: HOULTON ME
MONTH: JANUARY
YEAR: 2023
LATITUDE: 46 7 N
LONGITUDE: 67 48 W
[TEMPERATURE DATA] [PRECIPITATION DATA] SYMBOLS USED IN COLUMN 16
AVERAGE MONTHLY: 21.8 TOTAL FOR MONTH: 3.67 1 = FOG OR MIST
DPTR FM NORMAL: 8.9 DPTR FM NORMAL: 1.02 2 = FOG REDUCING VISIBILITY
HIGHEST: 39 ON 1 GRTST 24HR 1.34 ON 12-13 TO 1/4 MILE OR LESS
LOWEST: -13 ON 31 3 = THUNDER
SNOW, ICE PELLETS, HAIL 4 = ICE PELLETS
TOTAL MONTH: M 5 = HAIL
GRTST 24HR M ON M 6 = FREEZING RAIN OR DRIZZLE
GRTST DEPTH: M ON M 7 = DUSTSTORM OR SANDSTORM:
VSBY 1/2 MILE OR LESS
8 = SMOKE OR HAZE
[NO. OF DAYS WITH] [WEATHER - DAYS WITH] 9 = BLOWING SNOW
X = TORNADO
MAX 32 OR BELOW: 18 0.01 INCH OR MORE: 13
MAX 90 OR ABOVE: 0 0.10 INCH OR MORE: 6
MIN 32 OR BELOW: 31 0.50 INCH OR MORE: 4
MIN 0 OR BELOW: 6 1.00 INCH OR MORE: 0
[HDD (BASE 65) ]
TOTAL THIS MO. 1331 CLEAR (SCALE 0-3) 5
DPTR FM NORMAL -284 PTCLDY (SCALE 4-7) 9
TOTAL FM JUL 1 4073 CLOUDY (SCALE 8-10) 17
DPTR FM NORMAL -930
[CDD (BASE 65) ]
TOTAL THIS MO. 0
DPTR FM NORMAL 0 [PRESSURE DATA]
TOTAL FM JAN 1 0 HIGHEST SLP 30.42 ON 12
DPTR FM NORMAL 0 LOWEST SLP 29.03 ON 26
[REMARKS]
#FINAL-01-23#