000
CXUS56 KTFX 020853
CF6HVR
PRELIMINARY LOCAL CLIMATOLOGICAL DATA (WS FORM: F-6)
STATION: HAVRE MT
MONTH: JANUARY
YEAR: 2022
LATITUDE: 48 32 N
LONGITUDE: 109 46 W
TEMPERATURE IN F: :PCPN: SNOW: WIND :SUNSHINE: SKY :PK WND
================================================================================
1 2 3 4 5 6A 6B 7 8 9 10 11 12 13 14 15 16 17 18
12Z AVG MX 2MIN
DY MAX MIN AVG DEP HDD CDD WTR SNW DPTH SPD SPD DIR MIN PSBL S-S WX SPD DR
================================================================================
1 23 -31 -4 -22 69 0 0.00 0.0 3 9.3 35 220 M M 0 18 45 220
2 36 17 27 9 38 0 0.00 0.0 3 17.4 38 220 M M 4 51 220
3 21 0 11 -6 54 0 0.00 0.0 2 8.2 25 320 M M 2 34 310
4 0 -18 -9 -26 74 0 T T 2 14.6 29 300 M M 9 8 35 300
5 -8 -21 -14 -31 79 0 T T 2 6.7 13 290 M M 6 16 280
6 -3 -23 -13 -30 78 0 0.05 0.4 2 6.3 17 70 M M 5 18 20 70
7 16 -3 7 -10 58 0 0.00 0.0 3 7.2 25 320 M M 7 18 33 300
8 1 -11 -5 -22 70 0 0.05 1.1 3 11.9 23 290 M M 6 8 28 310
9 30 -14 8 -9 57 0 0.00 0.0 4 5.7 17 220 M M 1 22 210
10 39 4 22 5 43 0 0.00 0.0 4 16.1 36 240 M M 0 45 230
11 42 32 37 20 28 0 0.00 0.0 4 21.8 33 220 M M 2 43 210
12 46 37 42 25 23 0 0.00 0.0 2 18.3 30 220 M M 5 40 210
13 49 32 41 24 24 0 0.00 0.0 0 12.1 22 220 M M 4 29 220
14 38 22 30 13 35 0 0.00 0.0 0 6.1 17 310 M M 3 1 22 310
15 49 22 36 19 29 0 0.00 0.0 0 14.8 29 220 M M 3 39 210
16 46 26 36 18 29 0 0.00 0.0 0 11.2 24 220 M M 4 31 210
17 51 36 44 26 21 0 0.00 0.0 0 16.3 26 230 M M 0 34 220
18 40 -6 17 -1 48 0 0.03 0.8 T 13.4 32 320 M M 8 8 43 320
19 9 -12 -1 -19 66 0 0.00 0.0 1 3.5 9 80 M M 0 12 80
20 41 -6 18 0 47 0 0.00 0.0 1 9.5 32 210 M M 4 46 210
21 40 28 34 16 31 0 0.00 0.0 T 11.2 24 220 M M 8 31 220
22 47 33 40 22 25 0 0.00 0.0 0 16.3 28 220 M M 8 37 210
23 45 32 39 21 26 0 0.00 0.0 0 14.5 25 220 M M 6 34 220
24 39 27 33 15 32 0 T 0.1 0 10.8 20 320 M M 10 1 27 330
25 39 16 28 10 37 0 T T T 15.1 31 220 M M 6 1 41 220
26 40 27 34 16 31 0 T T T 12.0 24 220 M M 7 1 30 220
27 40 17 29 11 36 0 0.00 0.0 T 14.0 23 220 M M 2 30 220
28 47 30 39 20 26 0 0.00 0.0 0 19.3 31 220 M M 0 42 210
29 50 24 37 18 28 0 0.00 0.0 0 10.8 21 230 M M 0 27 220
30 52 31 42 23 23 0 0.00 0.0 0 14.9 24 240 M M 0 31 250
31 43 6 25 6 40 0 T 1.1 0 19.8 39 310 M M 6 128 56 310
================================================================================
SM 1048 354 1305 0 0.13 3.5 389.1 M 126
================================================================================
AV 33.8 11.4 12.6 FASTST M M 4 MAX(MPH)
MISC ----> 39 310 56 310
================================================================================
NOTES:
# LAST OF SEVERAL OCCURRENCES
COLUMN 17 PEAK WIND IN M.P.H.
PRELIMINARY LOCAL CLIMATOLOGICAL DATA (WS FORM: F-6) , PAGE 2
STATION: HAVRE MT
MONTH: JANUARY
YEAR: 2022
LATITUDE: 48 32 N
LONGITUDE: 109 46 W
[TEMPERATURE DATA] [PRECIPITATION DATA] SYMBOLS USED IN COLUMN 16
AVERAGE MONTHLY: 22.6 TOTAL FOR MONTH: 0.13 1 = FOG OR MIST
DPTR FM NORMAL: 4.9 DPTR FM NORMAL: -0.30 2 = FOG REDUCING VISIBILITY
HIGHEST: 52 ON 30 GRTST 24HR 0.18 ON 6- 6 TO 1/4 MILE OR LESS
LOWEST: -31 ON 1 3 = THUNDER
SNOW, ICE PELLETS, HAIL 4 = ICE PELLETS
TOTAL MONTH: 3.5 INCHES 5 = HAIL
GRTST 24HR 1.1 ON 8- 8 6 = FREEZING RAIN OR DRIZZLE
GRTST DEPTH: 4 ON 11,10 7 = DUSTSTORM OR SANDSTORM:
VSBY 1/2 MILE OR LESS
8 = SMOKE OR HAZE
[NO. OF DAYS WITH] [WEATHER - DAYS WITH] 9 = BLOWING SNOW
X = TORNADO
MAX 32 OR BELOW: 9 0.01 INCH OR MORE: 3
MAX 90 OR ABOVE: 0 0.10 INCH OR MORE: 0
MIN 32 OR BELOW: 28 0.50 INCH OR MORE: 0
MIN 0 OR BELOW: 11 1.00 INCH OR MORE: 0
[HDD (BASE 65) ]
TOTAL THIS MO. 1305 CLEAR (SCALE 0-3) 11
DPTR FM NORMAL -160 PTCLDY (SCALE 4-7) 17
TOTAL FM JUL 1 4516 CLOUDY (SCALE 8-10) 3
DPTR FM NORMAL -301
[CDD (BASE 65) ]
TOTAL THIS MO. 0
DPTR FM NORMAL 0 [PRESSURE DATA]
TOTAL FM JAN 1 0 HIGHEST SLP 30.74 ON 19
DPTR FM NORMAL 0 LOWEST SLP 29.28 ON 7
[REMARKS]
#FINAL-01-22#