000
CXUS52 KMFL 011030
CF6HWO
PRELIMINARY LOCAL CLIMATOLOGICAL DATA (WS FORM: F-6)
STATION: NORTH PERRY ARPT
MONTH: SEPTEMBER
YEAR: 2023
LATITUDE: 26 0 N
LONGITUDE: 80 14 W
TEMPERATURE IN F: :PCPN: SNOW: WIND :SUNSHINE: SKY :PK WND
================================================================================
1 2 3 4 5 6A 6B 7 8 9 10 11 12 13 14 15 16 17 18
12Z AVG MX 2MIN
DY MAX MIN AVG DEP HDD CDD WTR SNW DPTH SPD SPD DIR MIN PSBL S-S WX SPD DR
================================================================================
1 95 73 84 0 0 19 0.53 0.0 0 5.4 35 320 M M 3 138 40 320
2 89 74 82 -2 0 17 0.70 0.0 M 7.6 23 20 M M 4 13 30 50
3 89 73 81 -3 0 16 0.00 M M 10.5 23 70 M M 3 26 40
4 89 80 85 1 0 20 0.00 0.0 0 10.2 21 100 M M 6 25 90
5 90 77 84 0 0 19 0.00 0.0 0 6.6 17 90 M M 2 23 80
6 90 76 83 -1 0 18 0.00 0.0 0 5.1 14 70 M M 0 20 70
7 91 77 84 0 0 19 0.00 0.0 0 4.9 16 100 M M 1 19 90
8 91 76 84 0 0 19 0.00 0.0 0 5.1 15 120 M M 1 20 100
9 88 75 82 -2 0 17 0.58 0.0 0 4.9 22 20 M M 3 13 28 30
10 88 77 83 -1 0 18 0.17 0.0 0 3.0 13 110 M M 2 3 M M
11 91 77 84 1 0 19 T 0.0 0 4.6 14 60 M M 2 3 19 100
12 92 78 85 2 0 20 T 0.0 0 7.0 16 80 M M 1 20 70
13 94 78 86 3 0 21 0.00 0.0 0 5.8 15 80 M M 2 3 21 100
14 93 79 86 3 0 21 T 0.0 0 5.1 14 230 M M 2 19 90
15 90 77 84 1 0 19 0.04 0.0 0 5.1 17 100 M M 4 3 22 100
16 93 78 86 3 0 21 0.02 0.0 0 4.1 25 310 M M 3 3 33 310
17 92 77 85 2 0 20 0.01 0.0 0 4.3 20 140 M M 2 3 25 150
18 95 77 86 3 0 21 0.29 0.0 0 4.8 13 260 M M 2 3 18 120
19 90 74 82 -1 0 17 0.02 M M 6.7 26 80 M M 2 38 36 90
20 90 74 82 -1 0 17 0.04 M M 5.8 15 90 M M 2 3 19 80
21 91 69 80 -3 0 15 0.79 M M 4.6 37 230 M M 2 13 52 230
22 89 73 81 -2 0 16 0.23 M M 6.5 25 90 M M 3 13 31 80
23 86 74 80 -3 0 15 0.00 M M 5.9 16 20 M M 2 3 21 10
24 89 73 81 -2 0 16 0.28 M M 6.6 29 240 M M 2 13 43 220
25 90 71 81 -2 0 16 0.42 M M 7.9 20 90 M M 3 13 25 100
26 91 76 84 2 0 19 0.04 M M 6.2 17 160 M M 2 3 22 130
27 89 75 82 0 0 17 1.04 M M 4.6 17 160 M M 6 13 23 200
28 87 77 82 0 0 17 0.05 M M 4.3 21 180 M M 1 29 190
29 91 76 84 2 0 19 0.66 0.0 0 2.5 22 20 M M 3 13 28 20
30 89 77 83 1 0 18 0.42 0.0 0 4.4 14 320 M M 3 13 17 90
================================================================================
SM 2712 2268 0 546 6.33 0.0 170.1 M 74
================================================================================
AV 90.4 75.6 5.7 FASTST M M 2 MAX(MPH)
MISC ----> 37 230 52 230
================================================================================
NOTES:
# LAST OF SEVERAL OCCURRENCES
COLUMN 17 PEAK WIND IN M.P.H.
PRELIMINARY LOCAL CLIMATOLOGICAL DATA (WS FORM: F-6) , PAGE 2
STATION: NORTH PERRY ARPT
MONTH: SEPTEMBER
YEAR: 2023
LATITUDE: 26 0 N
LONGITUDE: 80 14 W
[TEMPERATURE DATA] [PRECIPITATION DATA] SYMBOLS USED IN COLUMN 16
AVERAGE MONTHLY: 83.0 TOTAL FOR MONTH: 6.33 1 = FOG OR MIST
DPTR FM NORMAL: -0.2 DPTR FM NORMAL: -1.65 2 = FOG REDUCING VISIBILITY
HIGHEST: 95 ON 18, 1 GRTST 24HR 1.23 ON 1- 2 TO 1/4 MILE OR LESS
LOWEST: 69 ON 21 3 = THUNDER
SNOW, ICE PELLETS, HAIL 4 = ICE PELLETS
TOTAL MONTH: 0.0 INCH 5 = HAIL
GRTST 24HR 0.0 6 = FREEZING RAIN OR DRIZZLE
GRTST DEPTH: 0 7 = DUSTSTORM OR SANDSTORM:
VSBY 1/2 MILE OR LESS
8 = SMOKE OR HAZE
[NO. OF DAYS WITH] [WEATHER - DAYS WITH] 9 = BLOWING SNOW
X = TORNADO
MAX 32 OR BELOW: 0 0.01 INCH OR MORE: 19
MAX 90 OR ABOVE: 19 0.10 INCH OR MORE: 12
MIN 32 OR BELOW: 0 0.50 INCH OR MORE: 6
MIN 0 OR BELOW: 0 1.00 INCH OR MORE: 1
[HDD (BASE 65) ]
TOTAL THIS MO. 0 CLEAR (SCALE 0-3) 23
DPTR FM NORMAL 0 PTCLDY (SCALE 4-7) 7
TOTAL FM JUL 1 0 CLOUDY (SCALE 8-10) 0
DPTR FM NORMAL 0
[CDD (BASE 65) ]
TOTAL THIS MO. 546
DPTR FM NORMAL 2 [PRESSURE DATA]
TOTAL FM JAN 1 4011 HIGHEST SLP 30.12 ON 1
DPTR FM NORMAL 344 LOWEST SLP 29.84 ON 14
[REMARKS]
#FINAL-09-23#