000
CXUS54 KEWX 311110
CF6HYI
PRELIMINARY LOCAL CLIMATOLOGICAL DATA (WS FORM: F-6)
STATION: SAN MARCOS
MONTH: JANUARY
YEAR: 2023
LATITUDE: 29 53 N
LONGITUDE: 97 52 W
TEMPERATURE IN F: :PCPN: SNOW: WIND :SUNSHINE: SKY :PK WND
================================================================================
1 2 3 4 5 6A 6B 7 8 9 10 11 12 13 14 15 16 17 18
12Z AVG MX 2MIN
DY MAX MIN AVG DEP HDD CDD WTR SNW DPTH SPD SPD DIR MIN PSBL S-S WX SPD DR
================================================================================
1 82 55 69 M 0 4 0.00 M M 9.0 14 160 M M 4 128 M M
2 86 70 78 M 0 13 0.00 M M 12.2 25 170 M M 8 18 33 170
3 77 63 70 M 0 5 0.00 M M 7.2 20 330 M M 3 8 25 330
4 75 52 64 M 1 0 0.00 M M 7.5 22 270 M M 0 25 330
5 75 45 60 M 5 0 0.00 M M 7.2 13 20 M M 0 M M
6 82 50 66 M 0 1 0.00 M M 9.7 23 190 M M 4 1 31 190
7 73 64 69 M 0 4 0.01 M M 6.8 15 360 M M 9 18 18 20
8 72 50 61 M 4 0 0.00 M M 10.9 18 360 M M 3 24 360
9 75 45 60 M 5 0 0.00 M M 6.5 12 190 M M 0 M M
10 79 57 68 M 0 3 0.00 M M 10.1 16 200 M M 3 18 21 230
11 77 57 67 M 0 2 0.00 M M 8.3 17 220 M M 4 128 23 200
12 64 54 59 M 6 0 0.00 M M 14.7 23 350 M M 0 37 350
13 66 37 52 M 13 0 0.00 M M 7.4 12 10 M M 0 17 340
14 70 34 52 M 13 0 0.00 M M 8.6 15 170 M M 0 M M
15 77 46 62 M 3 0 0.00 M M 13.0 28 200 M M 0 1 36 190
16 77 63 70 M 0 5 0.00 M M 5.6 13 180 M M 4 M M
17 81 50 66 M 0 1 0.00 M M 6.1 15 150 M M 1 18 M M
18 77 63 70 M 0 5 0.00 M M 9.5 24 340 M M 4 18 22 300
19 73 43 58 M 7 0 0.00 M M 6.6 15 10 M M 0 18 360
20 59 54 57 M 8 0 0.00 M M 8.0 15 60 M M 10 M M
21 70 52 61 M 4 0 0.00 M M 4.7 8 100 M M 7 1 M M
22 64 41 53 M 12 0 0.00 M M 11.3 21 350 M M 0 23 310
23 63 32 48 M 17 0 0.00 M M 9.4 16 130 M M 5 M M
24 55 48 52 M 13 0 1.01 M M 13.7 23 340 M M 7 18 31 320
25 55 36 46 M 19 0 0.00 M M 9.9 18 310 M M 0 24 340
26 61 36 49 M 16 0 0.00 M M 6.6 12 20 M M 0 M M
27 55 36 46 M 19 0 T M M 6.2 13 150 M M 6 M M
28 59 48 54 M 11 0 0.14 M M 2.7 7 190 M M 10 128 M M
29 81 48 65 M 0 0 0.12 M M 8.9 24 40 M M 9 128 30 40
30 36 32 34 M 31 0 0.02 M M 17.6 22 360 M M 10 1 30 360
================================================================================
SM 2096 1461 207 43 1.30 M 265.9 M 111
================================================================================
AV 69.9 48.7 8.9 FASTST M M 4 MAX(MPH)
MISC ----> 28 200 37 350
================================================================================
NOTES:
# LAST OF SEVERAL OCCURRENCES
COLUMN 17 PEAK WIND IN M.P.H.
PRELIMINARY LOCAL CLIMATOLOGICAL DATA (WS FORM: F-6) , PAGE 2
STATION: SAN MARCOS
MONTH: JANUARY
YEAR: 2023
LATITUDE: 29 53 N
LONGITUDE: 97 52 W
[TEMPERATURE DATA] [PRECIPITATION DATA] SYMBOLS USED IN COLUMN 16
AVERAGE MONTHLY: 59.3 TOTAL FOR MONTH: 1.30 1 = FOG OR MIST
DPTR FM NORMAL: 0.0 DPTR FM NORMAL: 1.30 2 = FOG REDUCING VISIBILITY
HIGHEST: 86 ON 2 GRTST 24HR 1.01 ON 24-24 TO 1/4 MILE OR LESS
LOWEST: 32 ON 30,23 3 = THUNDER
SNOW, ICE PELLETS, HAIL 4 = ICE PELLETS
TOTAL MONTH: M 5 = HAIL
GRTST 24HR M ON M 6 = FREEZING RAIN OR DRIZZLE
GRTST DEPTH: M ON M 7 = DUSTSTORM OR SANDSTORM:
VSBY 1/2 MILE OR LESS
8 = SMOKE OR HAZE
[NO. OF DAYS WITH] [WEATHER - DAYS WITH] 9 = BLOWING SNOW
X = TORNADO
MAX 32 OR BELOW: 0 0.01 INCH OR MORE: 5
MAX 90 OR ABOVE: 0 0.10 INCH OR MORE: 3
MIN 32 OR BELOW: 2 0.50 INCH OR MORE: 1
MIN 0 OR BELOW: 0 1.00 INCH OR MORE: 1
[HDD (BASE 65) ]
TOTAL THIS MO. 207 CLEAR (SCALE 0-3) 14
DPTR FM NORMAL M PTCLDY (SCALE 4-7) 11
TOTAL FM JUL 1 755 CLOUDY (SCALE 8-10) 5
DPTR FM NORMAL M
[CDD (BASE 65) ]
TOTAL THIS MO. 43
DPTR FM NORMAL M [PRESSURE DATA]
TOTAL FM JAN 1 43 HIGHEST SLP M ON M
DPTR FM NORMAL M LOWEST SLP M ON M
[REMARKS]