000
CXUS54 KHGX 011410
CF6IAH
PRELIMINARY LOCAL CLIMATOLOGICAL DATA (WS FORM: F-6)
STATION: HOUSTON INTERCONTINENTAL
MONTH: JULY
YEAR: 2022
LATITUDE: 29 58 N
LONGITUDE: 95 21 W
TEMPERATURE IN F: :PCPN: SNOW: WIND :SUNSHINE: SKY :PK WND
================================================================================
1 2 3 4 5 6A 6B 7 8 9 10 11 12 13 14 15 16 17 18
12Z AVG MX 2MIN
DY MAX MIN AVG DEP HDD CDD WTR SNW DPTH SPD SPD DIR MIN PSBL S-S WX SPD DR
================================================================================
1 86 75 81 -3 0 16 0.02 0.0 0 6.4 12 110 M M 8 13 16 130
2 96 78 87 3 0 22 T 0.0 0 8.1 17 150 M M 5 3 24 200
3 99 76 88 4 0 23 0.00 0.0 0 7.9 22 130 M M 4 28 130
4 97 76 87 3 0 22 0.00 0.0 0 7.1 21 150 M M 3 27 130
5 100 79 90 6 0 25 0.00 0.0 0 8.1 21 110 M M 3 28 130
6 96 77 87 2 0 22 0.43 0.0 0 7.2 26 140 M M 4 3 31 140
7 98 76 87 2 0 22 0.00 0.0 0 5.8 21 160 M M 3 3 27 150
8 102 74 88 3 0 23 0.00 0.0 0 5.4 18 160 M M 2 1 23 150
9 101 80 91 6 0 26 0.00 0.0 0 7.4 15 150 M M 3 21 280
10 105 82 94 9 0 29 0.06 0.0 0 7.2 23 110 M M 4 3 34 200
11 103 83 93 8 0 28 0.00 0.0 0 7.3 20 140 M M 5 24 150
12 102 82 92 7 0 27 0.00 0.0 0 7.3 21 160 M M 5 3 27 150
13 102 78 90 5 0 25 0.00 0.0 0 6.3 20 150 M M 5 24 140
14 101 77 89 4 0 24 T 0.0 0 7.3 31 140 M M 6 40 140
15 95 75 85 0 0 20 0.40 0.0 0 7.6 30 170 M M 5 13 39 160
16 98 74 86 1 0 21 0.00 0.0 0 5.3 15 140 M M 3 8 20 120
17 100 78 89 4 0 24 0.00 0.0 0 7.2 18 150 M M 3 26 130
18 100 80 90 5 0 25 0.00 0.0 M 7.9 16 170 M M 4 26 180
19 101 81 91 6 0 26 0.00 0.0 0 10.1 21 160 M M 3 31 150
20 101 81 91 6 0 26 0.00 0.0 0 8.4 18 170 M M 3 25 170
21 100 78 89 4 0 24 0.00 0.0 0 7.3 23 150 M M 5 29 140
22 96 77 87 2 0 22 T 0.0 0 6.7 29 60 M M 7 3 36 60
23 96 75 86 0 0 21 0.43 0.0 0 7.9 28 150 M M 6 34 160
24 99 76 88 2 0 23 0.00 0.0 0 7.1 22 130 M M 4 3 28 100
25 99 76 88 2 0 23 0.00 0.0 0 7.7 24 150 M M 3 32 150
26 97 77 87 1 0 22 0.00 0.0 0 7.6 23 140 M M 5 30 140
27 95 77 86 0 0 21 T 0.0 0 6.2 23 140 M M 5 3 30 140
28 98 78 88 2 0 23 T 0.0 0 5.9 20 170 M M 4 3 28 180
29 95 75 85 -1 0 20 0.00 0.0 0 7.1 20 160 M M 3 28 150
30 96 77 87 1 0 22 0.01 0.0 0 7.5 17 150 M M 7 3 23 140
31 99 77 88 2 0 23 0.00 0.0 0 8.4 21 130 M M 5 32 140
================================================================================
SM 3053 2405 0 720 1.35 0.0 224.7 M 135
================================================================================
AV 98.5 77.6 7.2 FASTST M M 4 MAX(MPH)
MISC ----> 31 140 40 140
================================================================================
NOTES:
# LAST OF SEVERAL OCCURRENCES
COLUMN 17 PEAK WIND IN M.P.H.
PRELIMINARY LOCAL CLIMATOLOGICAL DATA (WS FORM: F-6) , PAGE 2
STATION: HOUSTON INTERCONTINENTAL
MONTH: JULY
YEAR: 2022
LATITUDE: 29 58 N
LONGITUDE: 95 21 W
[TEMPERATURE DATA] [PRECIPITATION DATA] SYMBOLS USED IN COLUMN 16
AVERAGE MONTHLY: 88.0 TOTAL FOR MONTH: 1.35 1 = FOG OR MIST
DPTR FM NORMAL: 2.9 DPTR FM NORMAL: -2.42 2 = FOG REDUCING VISIBILITY
HIGHEST: 105 ON 10 GRTST 24HR 0.43 ON 6- 6 TO 1/4 MILE OR LESS
LOWEST: 74 ON 16, 8 3 = THUNDER
SNOW, ICE PELLETS, HAIL 4 = ICE PELLETS
TOTAL MONTH: 0.0 INCH 5 = HAIL
GRTST 24HR 0.0 6 = FREEZING RAIN OR DRIZZLE
GRTST DEPTH: 0 7 = DUSTSTORM OR SANDSTORM:
VSBY 1/2 MILE OR LESS
8 = SMOKE OR HAZE
[NO. OF DAYS WITH] [WEATHER - DAYS WITH] 9 = BLOWING SNOW
X = TORNADO
MAX 32 OR BELOW: 0 0.01 INCH OR MORE: 6
MAX 90 OR ABOVE: 30 0.10 INCH OR MORE: 3
MIN 32 OR BELOW: 0 0.50 INCH OR MORE: 0
MIN 0 OR BELOW: 0 1.00 INCH OR MORE: 0
[HDD (BASE 65) ]
TOTAL THIS MO. 0 CLEAR (SCALE 0-3) 7
DPTR FM NORMAL 0 PTCLDY (SCALE 4-7) 23
TOTAL FM JUL 1 0 CLOUDY (SCALE 8-10) 1
DPTR FM NORMAL 0
[CDD (BASE 65) ]
TOTAL THIS MO. 720
DPTR FM NORMAL 97 [PRESSURE DATA]
TOTAL FM JAN 1 2214 HIGHEST SLP 30.12 ON 31
DPTR FM NORMAL 354 LOWEST SLP 29.73 ON 11
[REMARKS]
#FINAL-07-22#