000
CXUS53 KUNR 010945
CF6ICR
PRELIMINARY LOCAL CLIMATOLOGICAL DATA (WS FORM: F-6)
STATION: WINNER REGIONAL AIRPORT SD
MONTH: SEPTEMBER
YEAR: 2020
LATITUDE: 43 23 N
LONGITUDE: 99 50 W
TEMPERATURE IN F: :PCPN: SNOW: WIND :SUNSHINE: SKY :PK WND
================================================================================
1 2 3 4 5 6A 6B 7 8 9 10 11 12 13 14 15 16 17 18
12Z AVG MX 2MIN
DY MAX MIN AVG DEP HDD CDD WTR SNW DPTH SPD SPD DIR MIN PSBL S-S WX SPD DR
================================================================================
1 84 60 72 2 0 7 0.00 M M 12.1 23 190 M M 4 31 200
2 94 49 72 2 0 7 0.00 M M 12.6 24 340 M M 0 36 230
3 78 51 65 -5 0 0 0.00 M M 11.6 29 340 M M 1 39 350
4 88 52 70 1 0 5 0.00 M M 8.2 18 330 M M 0 26 340
5 99 53 76 7 0 11 0.00 M M 11.0 22 200 M M 0 34 200
6 90 59 75 7 0 10 0.00 M M 11.3 29 320 M M 0 8 39 320
7 64 46 55 -13 10 0 0.07 M M 12.0 26 40 M M 6 35 50
8 47 39 43 -25 22 0 0.16 M M 11.4 23 360 M M 8 32 360
9 53 39 46 -21 19 0 0.04 M M 4.0 8 180 M M 6 11 190
10 65 38 52 -15 13 0 0.00 M M 6.6 13 130 M M 2 19 130
11 60 48 54 -12 11 0 0.34 M M 8.2 14 130 M M 9 1 20 140
12 73 52 63 -3 2 0 0.01 M M 6.4 16 320 M M 5 1 20 310
13 90 53 72 7 0 7 0.00 M M 8.9 18 10 M M 0 12 24 10
14 92 51 72 7 0 7 0.00 M M 13.0 29 200 M M 3 12 37 200
15 92 58 75 11 0 10 0.00 M M 12.1 29 190 M M 0 8 41 190
16 70 48 59 -5 6 0 0.00 M M 9.1 20 350 M M 0 18 25 340
17 77 47 62 -1 3 0 0.00 M M 10.8 18 150 M M 0 26 150
18 71 48 60 -3 5 0 0.00 M M 14.4 23 140 M M 3 37 140
19 88 59 74 12 0 9 0.00 M M 21.0 32 170 M M 0 44 180
20 88 60 74 12 0 9 T M M 12.9 24 190 M M 0 8 34 180
21 87 54 71 9 0 6 0.00 M M 7.2 18 200 M M 0 8 24 190
22 91 54 73 12 0 8 0.00 M M 10.1 21 190 M M 0 8 27 190
23 87 59 73 12 0 8 0.00 M M 8.9 22 210 M M 0 8 32 220
24 86 51 69 9 0 4 0.00 M M 8.6 24 180 M M 0 18 36 170
25 82 59 71 11 0 6 0.00 M M 11.8 26 190 M M 0 36 280
26 81 54 68 9 0 3 T M M 13.7 35 320 M M 0 46 330
27 70 51 61 2 4 0 T M M 15.2 31 330 M M 5 3 53 330
28 66 41 54 -4 11 0 0.00 M M 14.1 30 320 M M 3 41 320
29 83 43 63 5 2 0 0.00 M M 11.6 25 320 M M 2 32 290
30 68 43 56 -1 9 0 0.00 M M 18.4 37 330 M M 0 47 310
================================================================================
SM 2364 1519 117 117 0.62 M 337.2 M 57
================================================================================
AV 78.8 50.6 11.2 FASTST M M 2 MAX(MPH)
MISC ----> # 37 330 # 53 330
================================================================================
NOTES:
# LAST OF SEVERAL OCCURRENCES
COLUMN 17 PEAK WIND IN M.P.H.
PRELIMINARY LOCAL CLIMATOLOGICAL DATA (WS FORM: F-6) , PAGE 2
STATION: WINNER REGIONAL AIRPORT SD
MONTH: SEPTEMBER
YEAR: 2020
LATITUDE: 43 23 N
LONGITUDE: 99 50 W
[TEMPERATURE DATA] [PRECIPITATION DATA] SYMBOLS USED IN COLUMN 16
AVERAGE MONTHLY: 64.7 TOTAL FOR MONTH: 0.62 1 = FOG OR MIST
DPTR FM NORMAL: 0.7 DPTR FM NORMAL: -1.37 2 = FOG REDUCING VISIBILITY
HIGHEST: 99 ON 5 GRTST 24HR 0.34 ON 11-11 TO 1/4 MILE OR LESS
LOWEST: 38 ON 10 3 = THUNDER
SNOW, ICE PELLETS, HAIL 4 = ICE PELLETS
TOTAL MONTH: M 5 = HAIL
GRTST 24HR M ON M 6 = FREEZING RAIN OR DRIZZLE
GRTST DEPTH: M ON M 7 = DUSTSTORM OR SANDSTORM:
VSBY 1/2 MILE OR LESS
8 = SMOKE OR HAZE
[NO. OF DAYS WITH] [WEATHER - DAYS WITH] 9 = BLOWING SNOW
X = TORNADO
MAX 32 OR BELOW: 0 0.01 INCH OR MORE: 5
MAX 90 OR ABOVE: 7 0.10 INCH OR MORE: 2
MIN 32 OR BELOW: 0 0.50 INCH OR MORE: 0
MIN 0 OR BELOW: 0 1.00 INCH OR MORE: 0
[HDD (BASE 65) ]
TOTAL THIS MO. 117 CLEAR (SCALE 0-3) 22
DPTR FM NORMAL -11 PTCLDY (SCALE 4-7) 7
TOTAL FM JUL 1 122 CLOUDY (SCALE 8-10) 1
DPTR FM NORMAL -20
[CDD (BASE 65) ]
TOTAL THIS MO. 117
DPTR FM NORMAL 17 [PRESSURE DATA]
TOTAL FM JAN 1 1107 HIGHEST SLP 30.53 ON 9
DPTR FM NORMAL 201 LOWEST SLP 29.52 ON 26
[REMARKS]
#FINAL-09-20#