000
CXUS53 KUNR 010945
CF6ICR
PRELIMINARY LOCAL CLIMATOLOGICAL DATA (WS FORM: F-6)
STATION: WINNER REGIONAL AIRPORT SD
MONTH: JUNE
YEAR: 2020
LATITUDE: 43 23 N
LONGITUDE: 99 50 W
TEMPERATURE IN F: :PCPN: SNOW: WIND :SUNSHINE: SKY :PK WND
================================================================================
1 2 3 4 5 6A 6B 7 8 9 10 11 12 13 14 15 16 17 18
12Z AVG MX 2MIN
DY MAX MIN AVG DEP HDD CDD WTR SNW DPTH SPD SPD DIR MIN PSBL S-S WX SPD DR
================================================================================
1 94 68 81 18 0 16 0.00 M M 8.5 22 180 M M 0 31 170
2 85 63 74 10 0 9 0.00 M M 11.5 24 350 M M 0 33 340
3 80 61 71 7 0 6 0.06 M M 7.4 20 100 M M 0 3 25 100
4 86 57 72 8 0 7 T M M 7.2 18 20 M M 1 26 20
5 82 58 70 6 0 5 0.00 M M 9.3 18 120 M M 0 26 100
6 89 64 77 12 0 12 T M M 19.6 37 250 M M 1 38 54 240
7 95 64 80 15 0 15 0.00 M M 21.3 37 170 M M 1 56 160
8 82 63 73 7 0 8 0.22 M M 12.2 31 180 M M 6 13 50 170
9 63 53 58 -8 7 0 1.83 M M 18.7 37 330 M M 8 13 51 330
10 75 49 62 -4 3 0 0.00 M M 13.1 25 300 M M 1 35 310
11 82 53 68 2 0 3 0.00 M M 7.7 15 310 M M 0 20 320
12 89 55 72 5 0 7 0.00 M M 10.8 20 150 M M 0 30 140
13 89 66 78 11 0 13 0.00 M M 15.5 25 140 M M 0 35 140
14 90 69 80 12 0 15 0.16 M M 21.8 28 170 M M 0 3 58 200
15 90 72 81 13 0 16 T M M 10.7 38 200 M M 0 3 57 200
16 93 72 83 15 0 18 0.00 M M 24.8 36 160 M M 0 54 160
17 92 68 80 11 0 15 0.35 M M 17.4 33 170 M M 1 13 54 260
18 76 56 66 -3 0 1 0.13 M M 11.4 25 310 M M 5 13 33 340
19 74 54 64 -5 1 0 T M M 5.9 12 310 M M 2 14 320
20 82 60 71 1 0 6 0.00 M M 7.6 17 210 M M 3 23 210
21 81 59 70 0 0 5 0.00 M M 4.7 13 340 M M 2 20 140
22 M M M M M M M M M M M M M M M M M
23 79 55 67 -4 0 2 0.00 M M 6.5 16 320 M M 1 24 310
24 86 58 72 1 0 7 0.00 M M 8.4 15 120 M M 2 20 120
25 88 65 77 6 0 12 0.16 M M 9.5 23 120 M M 2 13 28 120
26 86 66 76 4 0 11 0.19 M M 6.6 14 320 M M 1 13 19 320
27 91 68 80 8 0 15 T M M 11.8 21 160 M M 1 3 32 160
28 93 72 83 11 0 18 0.00 M M 16.6 28 170 M M 0 40 160
29 92 67 80 8 0 15 T M M 12.9 25 130 M M 0 1 34 110
30 89 62 76 3 0 11 0.00 M M 11.8 21 300 M M 5 30 290
================================================================================
SM 2473 1797 11 268 3.10 M 351.2 M 43
================================================================================
AV 85.3 62.0 12.1 FASTST M M 1 MAX(MPH)
MISC ----> # 38 200 # 58 200
================================================================================
NOTES:
# LAST OF SEVERAL OCCURRENCES
COLUMN 17 PEAK WIND IN M.P.H.
PRELIMINARY LOCAL CLIMATOLOGICAL DATA (WS FORM: F-6) , PAGE 2
STATION: WINNER REGIONAL AIRPORT SD
MONTH: JUNE
YEAR: 2020
LATITUDE: 43 23 N
LONGITUDE: 99 50 W
[TEMPERATURE DATA] [PRECIPITATION DATA] SYMBOLS USED IN COLUMN 16
AVERAGE MONTHLY: 73.6 TOTAL FOR MONTH: 3.10 1 = FOG OR MIST
DPTR FM NORMAL: 5.5 DPTR FM NORMAL: -0.55 2 = FOG REDUCING VISIBILITY
HIGHEST: 95 ON 7 GRTST 24HR 1.83 ON 9- 9 TO 1/4 MILE OR LESS
LOWEST: 49 ON 10 3 = THUNDER
SNOW, ICE PELLETS, HAIL 4 = ICE PELLETS
TOTAL MONTH: M 5 = HAIL
GRTST 24HR M ON M 6 = FREEZING RAIN OR DRIZZLE
GRTST DEPTH: M ON M 7 = DUSTSTORM OR SANDSTORM:
VSBY 1/2 MILE OR LESS
8 = SMOKE OR HAZE
[NO. OF DAYS WITH] [WEATHER - DAYS WITH] 9 = BLOWING SNOW
X = TORNADO
MAX 32 OR BELOW: 0 0.01 INCH OR MORE: 8
MAX 90 OR ABOVE: 9 0.10 INCH OR MORE: 7
MIN 32 OR BELOW: 0 0.50 INCH OR MORE: 1
MIN 0 OR BELOW: 0 1.00 INCH OR MORE: 1
[HDD (BASE 65) ]
TOTAL THIS MO. 11 CLEAR (SCALE 0-3) 24
DPTR FM NORMAL -43 PTCLDY (SCALE 4-7) 5
TOTAL FM JUL 1 6518 CLOUDY (SCALE 8-10) 0
DPTR FM NORMAL -181
[CDD (BASE 65) ]
TOTAL THIS MO. 268
DPTR FM NORMAL 123 [PRESSURE DATA]
TOTAL FM JAN 1 282 HIGHEST SLP 30.23 ON 12
DPTR FM NORMAL 107 LOWEST SLP 29.31 ON 7
[REMARKS]
#FINAL-06-20#