000
CXUS53 KICT 011510
CF6ICT
PRELIMINARY LOCAL CLIMATOLOGICAL DATA (WS FORM: F-6)
STATION: WICHITA EISENHOWER NATIONAL
MONTH: DECEMBER
YEAR: 2023
LATITUDE: 37 39 N
LONGITUDE: 97 25 W
TEMPERATURE IN F: :PCPN: SNOW: WIND :SUNSHINE: SKY :PK WND
================================================================================
1 2 3 4 5 6A 6B 7 8 9 10 11 12 13 14 15 16 17 18
12Z AVG MX 2MIN
DY MAX MIN AVG DEP HDD CDD WTR SNW DPTH SPD SPD DIR MIN PSBL S-S WX SPD DR
================================================================================
1 40 26 33 -7 32 0 T 0.0 0 9.2 22 10 M M 7 1 33 360
2 38 26 32 -7 33 0 T 0.0 0 6.0 12 140 M M 7 12 15 120
3 53 25 39 0 26 0 0.00 0.0 0 10.7 31 300 M M 3 1 38 300
4 54 26 40 2 25 0 0.00 0.0 0 8.5 21 200 M M 3 26 210
5 51 30 41 3 24 0 0.00 0.0 0 10.3 21 340 M M 3 26 350
6 57 29 43 5 22 0 0.00 0.0 0 12.8 25 180 M M 1 30 180
7 66 42 54 16 11 0 0.00 0.0 0 16.1 31 200 M M 2 42 190
8 55 36 46 9 19 0 T 0.0 0 8.3 17 10 M M 6 1 24 360
9 50 34 42 5 23 0 T 0.0 0 15.3 25 330 M M 4 33 350
10 47 22 35 -2 30 0 0.00 0.0 0 9.0 17 200 M M 3 23 330
11 56 24 40 4 25 0 0.00 0.0 0 3.6 8 200 M M 2 9 200
12 55 28 42 6 23 0 0.00 0.0 0 6.1 13 100 M M 5 18 90
13 54 37 46 10 19 0 0.00 0.0 0 6.1 12 100 M M 7 15 100
14 52 39 46 10 19 0 T 0.0 0 6.2 13 90 M M 9 19 90
15 48 38 43 8 22 0 0.94 0.0 0 9.5 17 320 M M 10 1 22 310
16 50 28 39 4 26 0 0.00 0.0 0 9.2 20 300 M M 4 24 300
17 58 26 42 7 23 0 0.00 0.0 0 6.1 17 340 M M 2 21 350
18 44 29 37 2 28 0 0.00 0.0 0 8.5 18 360 M M 2 25 350
19 52 29 41 6 24 0 0.00 0.0 0 15.3 33 180 M M 6 44 180
20 55 41 48 14 17 0 0.00 0.0 0 13.4 21 190 M M 8 26 180
21 59 50 55 21 10 0 0.26 0.0 0 10.0 16 170 M M 10 1 24 160
22 57 39 48 14 17 0 0.12 0.0 0 5.8 15 190 M M 8 128 19 180
23 59 36 48 14 17 0 0.33 0.0 0 12.4 25 150 M M 9 123 36 150
24 58 35 47 13 18 0 0.98 0.0 0 16.5 30 340 M M 10 13 42 350
25 35 30 33 -1 32 0 T 0.1 0 19.2 28 330 M M 10 1 38 320
26 37 29 33 -1 32 0 0.01 0.1 T 14.9 24 250 M M 10 1 32 250
27 38 28 33 0 32 0 0.00 0.0 0 15.5 24 320 M M 7 30 330
28 39 27 33 0 32 0 0.00 0.0 0 11.8 21 350 M M 6 28 10
29 50 28 39 6 26 0 0.00 0.0 0 11.4 21 330 M M 3 28 340
30 56 27 42 9 23 0 0.00 0.0 0 4.5 10 220 M M 3 14 240
31 37 29 33 0 32 0 0.00 0.0 M 11.9 21 20 M M 7 27 10
================================================================================
SM 1560 973 742 0 2.64 0.2 324.1 M 177
================================================================================
AV 50.3 31.4 10.5 FASTST M M 6 MAX(MPH)
MISC ----> 33 180 44 180
================================================================================
NOTES:
# LAST OF SEVERAL OCCURRENCES
COLUMN 17 PEAK WIND IN M.P.H.
PRELIMINARY LOCAL CLIMATOLOGICAL DATA (WS FORM: F-6) , PAGE 2
STATION: WICHITA EISENHOWER NATIONAL
MONTH: DECEMBER
YEAR: 2023
LATITUDE: 37 39 N
LONGITUDE: 97 25 W
[TEMPERATURE DATA] [PRECIPITATION DATA] SYMBOLS USED IN COLUMN 16
AVERAGE MONTHLY: 40.9 TOTAL FOR MONTH: 2.64 1 = FOG OR MIST
DPTR FM NORMAL: 5.3 DPTR FM NORMAL: 1.42 2 = FOG REDUCING VISIBILITY
HIGHEST: 66 ON 7 GRTST 24HR 1.29 ON 23-24 TO 1/4 MILE OR LESS
LOWEST: 22 ON 10 3 = THUNDER
SNOW, ICE PELLETS, HAIL 4 = ICE PELLETS
TOTAL MONTH: 0.2 INCH 5 = HAIL
GRTST 24HR 0.1 ON 25-25 6 = FREEZING RAIN OR DRIZZLE
GRTST DEPTH: 2 ON M 7 = DUSTSTORM OR SANDSTORM:
VSBY 1/2 MILE OR LESS
8 = SMOKE OR HAZE
[NO. OF DAYS WITH] [WEATHER - DAYS WITH] 9 = BLOWING SNOW
X = TORNADO
MAX 32 OR BELOW: 0 0.01 INCH OR MORE: 6
MAX 90 OR ABOVE: 0 0.10 INCH OR MORE: 5
MIN 32 OR BELOW: 20 0.50 INCH OR MORE: 2
MIN 0 OR BELOW: 0 1.00 INCH OR MORE: 0
[HDD (BASE 65) ]
TOTAL THIS MO. 742 CLEAR (SCALE 0-3) 9
DPTR FM NORMAL -169 PTCLDY (SCALE 4-7) 14
TOTAL FM JUL 1 1508 CLOUDY (SCALE 8-10) 8
DPTR FM NORMAL -243
[CDD (BASE 65) ]
TOTAL THIS MO. 0
DPTR FM NORMAL 0 [PRESSURE DATA]
TOTAL FM JAN 1 2003 HIGHEST SLP 30.58 ON 14
DPTR FM NORMAL 230 LOWEST SLP 29.56 ON 7
[REMARKS]
#FINAL-12-23#