000
CXUS53 KICT 261410
CF6ICT
PRELIMINARY LOCAL CLIMATOLOGICAL DATA (WS FORM: F-6)
STATION: WICHITA EISENHOWER NATIONAL
MONTH: APRIL
YEAR: 2024
LATITUDE: 37 39 N
LONGITUDE: 97 25 W
TEMPERATURE IN F: :PCPN: SNOW: WIND :SUNSHINE: SKY :PK WND
================================================================================
1 2 3 4 5 6A 6B 7 8 9 10 11 12 13 14 15 16 17 18
12Z AVG MX 2MIN
DY MAX MIN AVG DEP HDD CDD WTR SNW DPTH SPD SPD DIR MIN PSBL S-S WX SPD DR
================================================================================
1 73 44 59 6 6 0 T 0.0 0 16.1 29 350 M M 9 1 36 320
2 62 39 51 -2 14 0 0.15 0.0 0 17.6 28 340 M M 7 1 38 330
3 62 39 51 -2 14 0 0.00 0.0 0 16.3 31 330 M M 2 43 330
4 67 34 51 -2 14 0 0.00 0.0 0 8.1 14 360 M M 1 23 340
5 73 42 58 4 7 0 0.00 0.0 0 13.3 23 170 M M 5 8 28 140
6 77 54 66 12 0 1 T 0.0 0 21.6 41 170 M M 4 8 53 170
7 74 42 58 4 7 0 0.00 0.0 0 13.8 32 280 M M 1 45 280
8 68 43 56 2 9 0 0.00 0.0 0 7.6 17 10 M M 4 23 360
9 68 45 57 2 8 0 0.00 0.0 0 9.7 20 50 M M 7 8 24 40
10 73 51 62 7 3 0 T 0.0 0 8.5 22 30 M M 7 28 30
11 67 39 53 -2 12 0 0.00 0.0 0 16.6 32 320 M M 1 46 330
12 75 35 55 -1 10 0 0.00 0.0 0 8.8 21 190 M M 1 26 170
13 86 53 70 14 0 5 0.00 0.0 0 17.8 32 190 M M 1 42 200
14 93 53 73 17 0 8 0.00 0.0 0 8.2 17 190 M M 2 24 180
15 76 63 70 14 0 5 0.00 0.0 0 17.4 30 160 M M 7 18 40 160
16 82 54 68 11 0 3 0.07 0.0 0 19.6 36 240 M M 4 13 47 230
17 84 46 65 8 0 0 0.00 0.0 0 10.4 24 150 M M 2 31 160
18 71 48 60 3 5 0 0.01 0.0 0 17.9 33 10 M M 7 1 48 10
19 63 43 53 -4 12 0 0.00 0.0 0 12.3 18 40 M M 7 25 50
20 54 46 50 -8 15 0 0.00 0.0 0 13.8 23 50 M M 10 28 50
21 64 40 52 -6 13 0 0.00 0.0 0 8.0 16 350 M M 4 20 340
22 73 36 55 -3 10 0 0.00 0.0 0 19.4 36 190 M M 4 49 180
23 78 52 65 6 0 0 0.00 0.0 0 12.0 26 30 M M 5 35 350
24 74 54 64 5 1 0 T 0.0 0 10.5 16 110 M M 7 21 110
25 65 56 61 2 4 0 0.26 0.0 0 16.0 30 120 M M 10 13 39 130
================================================================================
SM 1802 1151 164 22 0.49 0.0 341.3 M 119
================================================================================
AV 72.1 46.0 13.7 FASTST M M 5 MAX(MPH)
MISC ----> 41 170 53 170
================================================================================
NOTES:
# LAST OF SEVERAL OCCURRENCES
COLUMN 17 PEAK WIND IN M.P.H.
PRELIMINARY LOCAL CLIMATOLOGICAL DATA (WS FORM: F-6) , PAGE 2
STATION: WICHITA EISENHOWER NATIONAL
MONTH: APRIL
YEAR: 2024
LATITUDE: 37 39 N
LONGITUDE: 97 25 W
[TEMPERATURE DATA] [PRECIPITATION DATA] SYMBOLS USED IN COLUMN 16
AVERAGE MONTHLY: 59.1 TOTAL FOR MONTH: 0.49 1 = FOG OR MIST
DPTR FM NORMAL: 3.2 DPTR FM NORMAL: -1.93 2 = FOG REDUCING VISIBILITY
HIGHEST: 93 ON 14 GRTST 24HR 0.26 ON 24-25 TO 1/4 MILE OR LESS
LOWEST: 34 ON 4 3 = THUNDER
SNOW, ICE PELLETS, HAIL 4 = ICE PELLETS
TOTAL MONTH: 0.0 INCH 5 = HAIL
GRTST 24HR 0.0 6 = FREEZING RAIN OR DRIZZLE
GRTST DEPTH: 0 7 = DUSTSTORM OR SANDSTORM:
VSBY 1/2 MILE OR LESS
8 = SMOKE OR HAZE
[NO. OF DAYS WITH] [WEATHER - DAYS WITH] 9 = BLOWING SNOW
X = TORNADO
MAX 32 OR BELOW: 0 0.01 INCH OR MORE: 4
MAX 90 OR ABOVE: 1 0.10 INCH OR MORE: 2
MIN 32 OR BELOW: 0 0.50 INCH OR MORE: 0
MIN 0 OR BELOW: 0 1.00 INCH OR MORE: 0
[HDD (BASE 65) ]
TOTAL THIS MO. 164 CLEAR (SCALE 0-3) 8
DPTR FM NORMAL -82 PTCLDY (SCALE 4-7) 14
TOTAL FM JUL 1 3791 CLOUDY (SCALE 8-10) 3
DPTR FM NORMAL -508
[CDD (BASE 65) ]
TOTAL THIS MO. 22
DPTR FM NORMAL 3 [PRESSURE DATA]
TOTAL FM JAN 1 27 HIGHEST SLP M ON M
DPTR FM NORMAL 4 LOWEST SLP 29.43 ON 16
[REMARKS]