000
CXUS54 KFWD 010730
CF6ILE
PRELIMINARY LOCAL CLIMATOLOGICAL DATA (WS FORM: F-6)
STATION: KILLEEN SKYLARK
MONTH: SEPTEMBER
YEAR: 2020
LATITUDE: 31 4 N
LONGITUDE: 97 41 W
TEMPERATURE IN F: :PCPN: SNOW: WIND :SUNSHINE: SKY :PK WND
================================================================================
1 2 3 4 5 6A 6B 7 8 9 10 11 12 13 14 15 16 17 18
12Z AVG MX 2MIN
DY MAX MIN AVG DEP HDD CDD WTR SNW DPTH SPD SPD DIR MIN PSBL S-S WX SPD DR
================================================================================
1 99 72 86 4 0 21 0.28 0.0 0 14.8 21 200 M M 5 13 27 200
2 78 69 74 -8 0 9 2.19 0.0 0 5.6 14 10 M M 7 13 M M
3 77 71 74 -7 0 9 0.33 0.0 0 4.3 10 290 M M 7 13 M M
4 84 71 78 -3 0 13 0.39 0.0 0 5.3 12 110 M M 5 1 18 110
5 87 72 80 -1 0 15 0.04 0.0 0 5.5 14 60 M M 3 M M
6 92 70 81 1 0 16 0.00 0.0 0 3.4 12 150 M M 1 M M
7 95 72 84 4 0 19 0.00 0.0 0 7.8 13 170 M M 0 18 180
8 89 74 82 2 0 17 0.00 0.0 0 9.9 14 120 M M 3 36 130
9 82 56 69 -11 0 4 M 0.0 0 8.9 14 320 M M 9 13 22 320
10 63 55 59 -20 6 0 0.00 0.0 0 9.6 14 350 M M 10 20 330
11 78 61 70 -9 0 5 0.00 0.0 0 7.0 10 330 M M 7 M M
12 89 65 77 -1 0 12 0.00 0.0 0 3.5 8 70 M M 1 M M
13 90 70 80 2 0 15 0.00 0.0 0 8.7 17 10 M M 1 21 50
14 89 70 80 2 0 15 0.00 0.0 0 10.4 16 30 M M 3 25 30
15 88 71 80 2 0 15 0.00 0.0 0 6.7 12 30 M M 4 M M
16 88 70 79 2 0 14 T 0.0 0 5.7 12 50 M M 2 3 M M
17 86 69 78 1 0 13 M 0.0 0 6.1 13 70 M M 3 3 20 70
18 85 68 77 1 0 12 0.00 0.0 0 8.0 15 40 M M 1 21 40
19 82 64 73 -3 0 8 0.00 0.0 0 7.8 17 30 M M 1 21 40
20 82 58 70 -6 0 5 M 0.0 0 10.1 20 30 M M 2 22 10
21 73 66 70 -6 0 5 M 0.0 0 10.5 15 10 M M 10 1 M M
22 71 66 69 -6 0 4 M 0.0 0 10.3 13 350 M M 10 1 M M
23 74 67 71 -4 0 6 M 0.0 0 8.8 12 350 M M 10 1 M M
24 77 62 70 -4 0 5 M 0.0 0 5.9 12 20 M M 6 M M
25 86 58 72 -2 0 7 0.00 0.0 0 5.2 9 140 M M 0 1 M M
26 88 64 76 2 0 11 0.00 0.0 0 9.3 14 160 M M 3 M M
27 91 74 83 9 0 18 0.00 0.0 0 13.1 22 180 M M 5 31 190
28 79 57 68 -5 0 3 M 0.0 0 14.5 22 20 M M 5 33 10
29 80 52 66 -7 0 1 M 0.0 0 5.7 10 340 M M 0 17 310
30 88 53 71 -2 0 6 M 0.0 0 5.9 12 140 M M 0 M M
================================================================================
SM 2510 1967 6 303 3.23 0.0 238.3 M 124
================================================================================
AV 83.7 65.6 7.9 FASTST M M 4 MAX(MPH)
MISC ----> # 22 180 # 36 130
================================================================================
NOTES:
# LAST OF SEVERAL OCCURRENCES
COLUMN 17 PEAK WIND IN M.P.H.
PRELIMINARY LOCAL CLIMATOLOGICAL DATA (WS FORM: F-6) , PAGE 2
STATION: KILLEEN SKYLARK
MONTH: SEPTEMBER
YEAR: 2020
LATITUDE: 31 4 N
LONGITUDE: 97 41 W
[TEMPERATURE DATA] [PRECIPITATION DATA] SYMBOLS USED IN COLUMN 16
AVERAGE MONTHLY: 74.6 TOTAL FOR MONTH: 3.23 1 = FOG OR MIST
DPTR FM NORMAL: -2.7 DPTR FM NORMAL: 0.62 2 = FOG REDUCING VISIBILITY
HIGHEST: 99 ON 1 GRTST 24HR 2.19 ON 2- 2 TO 1/4 MILE OR LESS
LOWEST: 52 ON 29 3 = THUNDER
SNOW, ICE PELLETS, HAIL 4 = ICE PELLETS
TOTAL MONTH: 0.0 INCH 5 = HAIL
GRTST 24HR 0.0 6 = FREEZING RAIN OR DRIZZLE
GRTST DEPTH: 0 7 = DUSTSTORM OR SANDSTORM:
VSBY 1/2 MILE OR LESS
8 = SMOKE OR HAZE
[NO. OF DAYS WITH] [WEATHER - DAYS WITH] 9 = BLOWING SNOW
X = TORNADO
MAX 32 OR BELOW: 0 0.01 INCH OR MORE: 5
MAX 90 OR ABOVE: 5 0.10 INCH OR MORE: 4
MIN 32 OR BELOW: 0 0.50 INCH OR MORE: 1
MIN 0 OR BELOW: 0 1.00 INCH OR MORE: 1
[HDD (BASE 65) ]
TOTAL THIS MO. 6 CLEAR (SCALE 0-3) 15
DPTR FM NORMAL 0 PTCLDY (SCALE 4-7) 10
TOTAL FM JUL 1 6 CLOUDY (SCALE 8-10) 5
DPTR FM NORMAL 0
[CDD (BASE 65) ]
TOTAL THIS MO. 303
DPTR FM NORMAL -72 [PRESSURE DATA]
TOTAL FM JAN 1 2700 HIGHEST SLP M ON M
DPTR FM NORMAL 341 LOWEST SLP M ON M
[REMARKS]
#FINAL-09-20#