000
CXUS53 KLBF 011510
CF6IML
PRELIMINARY LOCAL CLIMATOLOGICAL DATA (WS FORM: F-6)
STATION: IMPERIAL
MONTH: JANUARY
YEAR: 2024
LATITUDE: 40 31 N
LONGITUDE: 101 37 W
TEMPERATURE IN F: :PCPN: SNOW: WIND :SUNSHINE: SKY :PK WND
================================================================================
1 2 3 4 5 6A 6B 7 8 9 10 11 12 13 14 15 16 17 18
12Z AVG MX 2MIN
DY MAX MIN AVG DEP HDD CDD WTR SNW DPTH SPD SPD DIR MIN PSBL S-S WX SPD DR
================================================================================
1 39 16 28 0 37 0 0.00 M M 4.9 13 330 M M 1 1 17 330
2 41 21 31 3 34 0 0.00 M M 6.5 13 320 M M 0 18 320
3 42 18 30 2 35 0 0.00 M M 6.9 14 130 M M 0 1 17 300
4 33 25 29 1 36 0 T M M 11.5 16 140 M M 10 12 22 120
5 36 29 33 5 32 0 0.03 M M 7.1 13 170 M M 10 1 M M
6 36 19 28 0 37 0 T M M 11.6 21 330 M M 3 1 31 330
7 31 13 22 -7 43 0 0.00 M M 7.6 18 120 M M 4 33 130
8 29 15 22 -7 43 0 T M M 23.4 36 350 M M 10 1 51 330
9 34 12 23 -6 42 0 0.00 M M 11.5 24 320 M M 1 36 320
10 42 19 31 2 34 0 0.00 M M 11.2 22 320 M M 1 39 270
11 22 5 14 -15 51 0 T M M 15.3 25 10 M M 7 18 38 50
12 13 -2 6 -23 59 0 T M M 10.8 22 10 M M 4 8 29 10
13 -2 -13 -7 -36 72 0 T M M 16.4 25 340 M M 5 8 34 330
14 5 -9 -2 -31 67 0 T M M 5.2 16 330 M M 6 8 21 330
15 -1 -19 -10 -39 75 0 0.04 M M 12.0 26 320 M M 6 8 40 330
16 22 -18 2 -27 63 0 0.00 M M 10.4 17 280 M M 0 31 270
17 30 -1 15 -14 50 0 0.00 M M 3.7 10 10 M M 2 18 13 270
18 39 6 23 -6 42 0 0.00 M M 15.9 41 330 M M 7 8 56 330
19 19 1 10 -19 55 0 0.00 M M 7.3 15 320 M M 1 22 320
20 22 0 11 -18 54 0 0.00 M M 15.6 26 160 M M 0 39 150
21 39 9 24 -5 41 0 0.00 M M 6.5 15 160 M M 2 22 160
22 52 16 34 5 31 0 0.00 M M 2.7 8 50 M M 0 1 9 50
23 31 25 28 -1 37 0 0.00 M M 5.8 13 150 M M 9 12 16 130
24 43 28 36 7 29 0 0.00 M M 4.6 10 280 M M 7 12 13 280
25 50 20 35 6 30 0 0.00 M M 4.6 12 310 M M 0 16 300
26 47 27 37 8 28 0 0.00 M M 7.6 14 350 M M 2 18 290
27 48 25 37 8 28 0 0.00 M M 6.2 10 310 M M 1 14 300
28 58 25 42 13 23 0 0.00 M M 8.9 20 320 M M 0 25 320
29 62 34 48 19 17 0 0.00 M M 10.2 20 320 M M 0 24 330
30 65 31 48 18 17 0 0.00 M M 6.3 14 260 M M 0 19 260
31 67 26 47 17 18 0 0.00 M M 4.6 12 280 M M 0 14 280
================================================================================
SM 1094 403 1260 0 0.07 M 282.8 M 99
================================================================================
AV 35.3 13.0 9.1 FASTST M M 3 MAX(MPH)
MISC ----> 41 330 56 330
================================================================================
NOTES:
# LAST OF SEVERAL OCCURRENCES
COLUMN 17 PEAK WIND IN M.P.H.
PRELIMINARY LOCAL CLIMATOLOGICAL DATA (WS FORM: F-6) , PAGE 2
STATION: IMPERIAL
MONTH: JANUARY
YEAR: 2024
LATITUDE: 40 31 N
LONGITUDE: 101 37 W
[TEMPERATURE DATA] [PRECIPITATION DATA] SYMBOLS USED IN COLUMN 16
AVERAGE MONTHLY: 24.1 TOTAL FOR MONTH: 0.07 1 = FOG OR MIST
DPTR FM NORMAL: -4.8 DPTR FM NORMAL: -0.18 2 = FOG REDUCING VISIBILITY
HIGHEST: 67 ON 31 GRTST 24HR 0.05 ON 18-18 TO 1/4 MILE OR LESS
LOWEST: -19 ON 15 3 = THUNDER
SNOW, ICE PELLETS, HAIL 4 = ICE PELLETS
TOTAL MONTH: M 5 = HAIL
GRTST 24HR M ON M 6 = FREEZING RAIN OR DRIZZLE
GRTST DEPTH: M ON M 7 = DUSTSTORM OR SANDSTORM:
VSBY 1/2 MILE OR LESS
8 = SMOKE OR HAZE
[NO. OF DAYS WITH] [WEATHER - DAYS WITH] 9 = BLOWING SNOW
X = TORNADO
MAX 32 OR BELOW: 12 0.01 INCH OR MORE: 2
MAX 90 OR ABOVE: 0 0.10 INCH OR MORE: 0
MIN 32 OR BELOW: 30 0.50 INCH OR MORE: 0
MIN 0 OR BELOW: 7 1.00 INCH OR MORE: 0
[HDD (BASE 65) ]
TOTAL THIS MO. 1260 CLEAR (SCALE 0-3) 19
DPTR FM NORMAL 142 PTCLDY (SCALE 4-7) 8
TOTAL FM JUL 1 3337 CLOUDY (SCALE 8-10) 4
DPTR FM NORMAL -209
[CDD (BASE 65) ]
TOTAL THIS MO. 0
DPTR FM NORMAL 0 [PRESSURE DATA]
TOTAL FM JAN 1 0 HIGHEST SLP 30.69 ON 19
DPTR FM NORMAL 0 LOWEST SLP 29.46 ON 10
[REMARKS]
#FINAL-01-24#