000
CXUS54 KFWD 072153
CF6INJ
PRELIMINARY LOCAL CLIMATOLOGICAL DATA (WS FORM: F-6)
STATION: HILLSBORO
MONTH: AUGUST
YEAR: 2022
LATITUDE: 32 0 N
LONGITUDE: 97 6 W
TEMPERATURE IN F: :PCPN: SNOW: WIND :SUNSHINE: SKY :PK WND
================================================================================
1 2 3 4 5 6A 6B 7 8 9 10 11 12 13 14 15 16 17 18
12Z AVG MX 2MIN
DY MAX MIN AVG DEP HDD CDD WTR SNW DPTH SPD SPD DIR MIN PSBL S-S WX SPD DR
================================================================================
1 100 79 90 5 0 25 0.00 M M 9.8 15 170 M M 0 23 170
2 102 80 91 6 0 26 0.00 M M 13.3 20 190 M M 1 26 190
3 103 79 91 6 0 26 0.00 M M 15.0 22 170 M M 1 28 170
4 102 78 90 5 0 25 0.00 M M 11.3 16 170 M M 0 25 160
5 103 80 92 7 0 27 0.00 M M 9.8 15 130 M M 1 25 130
6 98 76 87 2 0 22 0.00 M M 9.6 17 140 M M 2 22 160
7 100 77 89 4 0 24 0.00 M M 10.1 15 160 M M 2 25 170
8 101 79 90 5 0 25 0.00 M M 7.7 15 160 M M 1 24 160
9 101 78 90 5 0 25 0.00 M M 8.3 17 40 M M 1 26 40
10 100 74 87 2 0 22 0.01 M M 6.2 23 330 M M 2 33 330
11 98 71 85 0 0 20 0.00 M M 4.1 13 40 M M 3 16 20
12 98 76 87 2 0 22 0.00 M M 8.2 12 70 M M 3 22 60
13 100 78 89 4 0 24 0.00 M M 6.7 14 70 M M 2 20 40
14 98 77 88 4 0 23 0.00 M M 7.8 14 170 M M 2 18 180
15 100 74 87 3 0 22 0.00 M M 6.1 13 180 M M 1 20 150
16 100 78 89 5 0 24 0.00 M M 5.3 9 200 M M 0 17 130
17 102 74 88 4 0 23 0.51 M M 7.7 14 70 M M 3 3 24 190
18 91 72 82 -2 0 17 0.02 M M 3.9 10 360 M M 3 1 21 360
19 95 73 84 0 0 19 0.00 M M 5.0 15 170 M M 5 1 18 150
20 96 75 86 2 0 21 0.00 M M 7.6 20 130 M M 6 28 130
21 92 76 84 0 0 19 0.34 M M 10.3 18 160 M M 5 3 21 190
22 78 73 76 -8 0 11 2.05 M M 4.7 15 250 M M 8 3 M M
23 84 74 79 -5 0 14 0.02 M M 5.8 13 360 M M 10 20 340
24 90 73 82 -1 0 17 0.00 M M 6.6 13 30 M M 7 18 30
25 92 70 81 -2 0 16 0.00 M M 6.1 12 10 M M 3 16 10
26 94 72 83 0 0 18 0.00 M M 5.4 10 40 M M 3 17 60
27 98 75 87 4 0 22 0.00 M M 6.3 14 160 M M 3 22 160
28 98 78 88 5 0 23 0.00 M M 11.3 17 180 M M 2 24 190
29 96 77 87 5 0 22 0.00 M M 9.3 16 160 M M 4 21 160
30 87 75 81 -1 0 16 0.32 M M 4.8 15 180 M M 7 M M
31 86 74 80 -2 0 15 0.01 M M 2.1 9 140 M M 2 M M
================================================================================
SM 2983 2345 0 655 3.28 M 236.2 M 93
================================================================================
AV 96.2 75.6 7.6 FASTST M M 3 MAX(MPH)
MISC ----> 23 330 33 330
================================================================================
NOTES:
# LAST OF SEVERAL OCCURRENCES
COLUMN 17 PEAK WIND IN M.P.H.
PRELIMINARY LOCAL CLIMATOLOGICAL DATA (WS FORM: F-6) , PAGE 2
STATION: HILLSBORO
MONTH: AUGUST
YEAR: 2022
LATITUDE: 32 0 N
LONGITUDE: 97 6 W
[TEMPERATURE DATA] [PRECIPITATION DATA] SYMBOLS USED IN COLUMN 16
AVERAGE MONTHLY: 85.9 TOTAL FOR MONTH: 3.28 1 = FOG OR MIST
DPTR FM NORMAL: 2.0 DPTR FM NORMAL: 1.18 2 = FOG REDUCING VISIBILITY
HIGHEST: 103 ON 5, 3 GRTST 24HR 2.05 ON 22-22 TO 1/4 MILE OR LESS
LOWEST: 70 ON 25 3 = THUNDER
SNOW, ICE PELLETS, HAIL 4 = ICE PELLETS
TOTAL MONTH: M 5 = HAIL
GRTST 24HR M ON M 6 = FREEZING RAIN OR DRIZZLE
GRTST DEPTH: M ON M 7 = DUSTSTORM OR SANDSTORM:
VSBY 1/2 MILE OR LESS
8 = SMOKE OR HAZE
[NO. OF DAYS WITH] [WEATHER - DAYS WITH] 9 = BLOWING SNOW
X = TORNADO
MAX 32 OR BELOW: 0 0.01 INCH OR MORE: 8
MAX 90 OR ABOVE: 27 0.10 INCH OR MORE: 4
MIN 32 OR BELOW: 0 0.50 INCH OR MORE: 2
MIN 0 OR BELOW: 0 1.00 INCH OR MORE: 1
[HDD (BASE 65) ]
TOTAL THIS MO. 0 CLEAR (SCALE 0-3) 21
DPTR FM NORMAL 0 PTCLDY (SCALE 4-7) 9
TOTAL FM JUL 1 0 CLOUDY (SCALE 8-10) 1
DPTR FM NORMAL 0
[CDD (BASE 65) ]
TOTAL THIS MO. 655
DPTR FM NORMAL 68 [PRESSURE DATA]
TOTAL FM JAN 1 2547 HIGHEST SLP M ON M
DPTR FM NORMAL 557 LOWEST SLP M ON M
[REMARKS]
#FINAL-08-22#