000
CXUS54 KFWD 161604
CF6INJ
PRELIMINARY LOCAL CLIMATOLOGICAL DATA (WS FORM: F-6)
STATION: HILLSBORO
MONTH: JANUARY
YEAR: 2024
LATITUDE: 32 0 N
LONGITUDE: 97 6 W
TEMPERATURE IN F: :PCPN: SNOW: WIND :SUNSHINE: SKY :PK WND
================================================================================
1 2 3 4 5 6A 6B 7 8 9 10 11 12 13 14 15 16 17 18
12Z AVG MX 2MIN
DY MAX MIN AVG DEP HDD CDD WTR SNW DPTH SPD SPD DIR MIN PSBL S-S WX SPD DR
================================================================================
1 50 31 41 -5 24 0 0.00 M M 9.4 16 360 M M 0 20 10
2 54 30 42 -4 23 0 M M M 6.0 15 70 M M 6 21 70
3 52 38 45 -1 20 0 0.00 M M 3.5 9 360 M M 7 1 M M
4 60 33 47 1 18 0 0.00 M M 7.3 16 140 M M 7 12 21 140
5 59 41 50 4 15 0 0.00 M M 3.6 13 110 M M 6 21 140
6 54 33 44 -2 21 0 0.01 M M 3.9 15 320 M M 2 17 320
7 60 31 46 0 19 0 0.00 M M 8.5 18 150 M M 1 25 150
8 60 41 51 5 14 0 0.12 M M 15.7 31 270 M M 8 13 44 270
9 52 30 41 -6 24 0 0.00 M M 18.0 33 290 M M 1 45 290
10 67 32 50 3 15 0 0.00 M M 10.5 28 220 M M 0 31 220
11 69 40 55 8 10 0 0.00 M M 10.7 22 170 M M 1 1 28 170
12 64 30 47 0 18 0 0.09 M M 14.3 35 310 M M 2 3 41 300
13 63 26 45 -2 20 0 0.00 M M 11.5 23 350 M M 0 35 360
14 26 16 21 -26 44 0 T M M 13.8 18 350 M M 8 25 350
15 26 13 20 -27 45 0 M M M 13.4 17 340 M M 7 29 360
16 29 13 21 -26 44 0 0.00 M M 12.0 20 330 M M 0 26 340
17 44 12 28 -19 37 0 0.00 M M 9.5 22 160 M M 0 26 180
18 69 37 53 6 12 0 0.00 M M 10.9 18 190 M M 0 29 190
19 46 24 35 -12 30 0 0.00 M M 15.2 24 360 M M 0 32 350
20 40 20 30 -17 35 0 0.00 M M 2.8 8 60 M M 1 M M
21 44 33 39 -8 26 0 0.00 M M 6.9 12 130 M M 10 18 120
22 47 35 41 -6 24 0 0.09 M M 0.4 5 60 M M 10 1 M M
23 51 44 48 1 17 0 0.01 M M 3.4 9 340 M M 10 12 M M
24 53 47 50 3 15 0 M M M 3.6 12 360 M M 10 1 M M
25 52 49 51 3 14 0 M M M 3.3 12 350 M M 10 1 16 30
26 52 48 50 2 15 0 0.07 M M 4.3 12 40 M M 10 12 16 50
27 55 37 46 -2 19 0 0.01 M M 12.3 21 310 M M 7 1 26 320
28 65 31 48 0 17 0 0.00 M M 3.8 14 350 M M 0 1 M M
29 73 38 56 8 9 0 0.00 M M 1.5 7 210 M M 0 M M
30 75 41 58 10 7 0 0.00 M M 1.5 8 300 M M 0 M M
31 77 40 59 11 6 0 0.00 M M 1.2 6 170 M M 0 M M
================================================================================
SM 1688 1014 657 0 0.40 M 243.1 M 124
================================================================================
AV 54.5 32.7 7.8 FASTST M M 4 MAX(MPH)
MISC ----> 35 310 45 290
================================================================================
NOTES:
# LAST OF SEVERAL OCCURRENCES
COLUMN 17 PEAK WIND IN M.P.H.
PRELIMINARY LOCAL CLIMATOLOGICAL DATA (WS FORM: F-6) , PAGE 2
STATION: HILLSBORO
MONTH: JANUARY
YEAR: 2024
LATITUDE: 32 0 N
LONGITUDE: 97 6 W
[TEMPERATURE DATA] [PRECIPITATION DATA] SYMBOLS USED IN COLUMN 16
AVERAGE MONTHLY: 43.6 TOTAL FOR MONTH: 0.40 1 = FOG OR MIST
DPTR FM NORMAL: -3.4 DPTR FM NORMAL: -1.99 2 = FOG REDUCING VISIBILITY
HIGHEST: 77 ON 31 GRTST 24HR 0.35 ON 22-23 TO 1/4 MILE OR LESS
LOWEST: 12 ON 17 3 = THUNDER
SNOW, ICE PELLETS, HAIL 4 = ICE PELLETS
TOTAL MONTH: M 5 = HAIL
GRTST 24HR M ON M 6 = FREEZING RAIN OR DRIZZLE
GRTST DEPTH: M ON M 7 = DUSTSTORM OR SANDSTORM:
VSBY 1/2 MILE OR LESS
8 = SMOKE OR HAZE
[NO. OF DAYS WITH] [WEATHER - DAYS WITH] 9 = BLOWING SNOW
X = TORNADO
MAX 32 OR BELOW: 3 0.01 INCH OR MORE: 7
MAX 90 OR ABOVE: 0 0.10 INCH OR MORE: 1
MIN 32 OR BELOW: 14 0.50 INCH OR MORE: 0
MIN 0 OR BELOW: 0 1.00 INCH OR MORE: 0
[HDD (BASE 65) ]
TOTAL THIS MO. 657 CLEAR (SCALE 0-3) 17
DPTR FM NORMAL 97 PTCLDY (SCALE 4-7) 6
TOTAL FM JUL 1 1347 CLOUDY (SCALE 8-10) 8
DPTR FM NORMAL -100
[CDD (BASE 65) ]
TOTAL THIS MO. 0
DPTR FM NORMAL -2 [PRESSURE DATA]
TOTAL FM JAN 1 0 HIGHEST SLP M ON M
DPTR FM NORMAL -2 LOWEST SLP M ON M
[REMARKS]
#FINAL-01-24#