000
CXUS54 KMAF 011457
CF6INK
PRELIMINARY LOCAL CLIMATOLOGICAL DATA (WS FORM: F-6)
STATION: WINK
MONTH: AUGUST
YEAR: 2021
LATITUDE: 31 46 N
LONGITUDE: 103 12 W
TEMPERATURE IN F: :PCPN: SNOW: WIND :SUNSHINE: SKY :PK WND
================================================================================
1 2 3 4 5 6A 6B 7 8 9 10 11 12 13 14 15 16 17 18
12Z AVG MX 2MIN
DY MAX MIN AVG DEP HDD CDD WTR SNW DPTH SPD SPD DIR MIN PSBL S-S WX SPD DR
================================================================================
1 89 69 79 -6 0 14 0.02 M M 11.2 20 30 M M 2 13 33 40
2 85 68 77 -8 0 12 0.31 M M 8.4 17 40 M M 7 18 22 30
3 90 65 78 -7 0 13 0.00 M M 5.7 13 50 M M 0 8 23 60
4 92 62 77 -8 0 12 0.00 M M 6.5 14 60 M M 0 8 18 80
5 91 70 81 -4 0 16 0.00 M M 7.3 13 140 M M 2 M M
6 96 69 83 -2 0 18 0.00 M M 8.8 15 150 M M 0 22 140
7 102 71 87 2 0 22 0.00 M M 11.8 21 150 M M 0 26 150
8 103 74 89 4 0 24 0.00 M M 11.6 22 150 M M 0 28 150
9 104 75 90 5 0 25 T M M 12.0 44 200 M M 0 38 55 190
10 101 74 88 3 0 23 0.19 M M 10.9 32 180 M M 2 38 38 180
11 95 73 84 0 0 19 0.00 M M 11.4 21 190 M M 1 29 190
12 95 73 84 0 0 19 0.07 M M 9.2 23 170 M M 4 3 30 180
13 80 73 77 -7 0 12 M M M 7.5 14 140 M M 1 3 16 120
14 M M M M M M M M M M M M M M 0 3 M M
15 M M M M M M 0.00 M M M M M M M 0 M M
16 M M M M M M 0.02 M M 8.6 28 210 M M 2 3 34 220
17 87 69 78 -6 0 13 0.22 M M 5.8 14 80 M M 6 13 17 90
18 94 69 82 -2 0 17 0.00 M M 7.2 15 190 M M 1 1 19 190
19 M 74 M M M M 0.00 M M 9.5 21 220 M M 0 23 220
20 M M M M M M 0.00 M M 8.0 22 110 M M 1 25 130
21 M M M M M M 0.00 M M 9.9 24 150 M M 1 28 160
22 M 76 M M M M 0.00 M M 12.9 21 140 M M 0 28 160
23 M 74 M M M M 0.00 M M 11.6 18 140 M M 0 22 140
24 M M M M M M 0.00 M M 10.9 16 150 M M 0 21 130
25 M M M M M M 0.00 M M 11.9 21 140 M M 0 32 120
26 M M M M M M 0.00 M M 9.6 18 130 M M 1 25 130
27 M M M M M M 0.00 M M 9.0 18 140 M M 1 22 140
28 M M M M M M 0.00 M M 11.2 20 110 M M 0 24 110
29 M M M M M M 0.00 M M 11.5 23 130 M M 1 29 120
30 M M M M M M T M M 6.9 16 120 M M 2 21 30
31 97 72 85 4 0 20 0.00 M M 6.3 28 170 M M 1 3 33 170
================================================================================
SM 1501 1350 0 279 0.83 M 273.1 M 36
================================================================================
AV 93.8 71.1 9.4 FASTST M M 1 MAX(MPH)
MISC ----> 44 200 55 190
================================================================================
NOTES:
# LAST OF SEVERAL OCCURRENCES
COLUMN 17 PEAK WIND IN M.P.H.
PRELIMINARY LOCAL CLIMATOLOGICAL DATA (WS FORM: F-6) , PAGE 2
STATION: WINK
MONTH: AUGUST
YEAR: 2021
LATITUDE: 31 46 N
LONGITUDE: 103 12 W
[TEMPERATURE DATA] [PRECIPITATION DATA] SYMBOLS USED IN COLUMN 16
AVERAGE MONTHLY: 82.4 TOTAL FOR MONTH: 0.83 1 = FOG OR MIST
DPTR FM NORMAL: -1.2 DPTR FM NORMAL: -0.55 2 = FOG REDUCING VISIBILITY
HIGHEST: 104 ON 9 GRTST 24HR 0.31 ON 2- 2 TO 1/4 MILE OR LESS
LOWEST: 62 ON 4 3 = THUNDER
SNOW, ICE PELLETS, HAIL 4 = ICE PELLETS
TOTAL MONTH: M 5 = HAIL
GRTST 24HR M ON M 6 = FREEZING RAIN OR DRIZZLE
GRTST DEPTH: M ON M 7 = DUSTSTORM OR SANDSTORM:
VSBY 1/2 MILE OR LESS
8 = SMOKE OR HAZE
[NO. OF DAYS WITH] [WEATHER - DAYS WITH] 9 = BLOWING SNOW
X = TORNADO
MAX 32 OR BELOW: 0 0.01 INCH OR MORE: 6
MAX 90 OR ABOVE: 12 0.10 INCH OR MORE: 3
MIN 32 OR BELOW: 0 0.50 INCH OR MORE: 0
MIN 0 OR BELOW: 0 1.00 INCH OR MORE: 0
[HDD (BASE 65) ]
TOTAL THIS MO. 0 CLEAR (SCALE 0-3) 28
DPTR FM NORMAL 0 PTCLDY (SCALE 4-7) 3
TOTAL FM JUL 1 0 CLOUDY (SCALE 8-10) 0
DPTR FM NORMAL 0
[CDD (BASE 65) ]
TOTAL THIS MO. 279
DPTR FM NORMAL -297 [PRESSURE DATA]
TOTAL FM JAN 1 1756 HIGHEST SLP 30.12 ON 1
DPTR FM NORMAL -438 LOWEST SLP 29.60 ON 31
[REMARKS]
#FINAL-08-21#