573
CXUS54 KMAF 011110
CF6INK
PRELIMINARY LOCAL CLIMATOLOGICAL DATA (WS FORM: F-6)
STATION: WINK
MONTH: APRIL
YEAR: 2020
LATITUDE: 31 46 N
LONGITUDE: 103 12 W
TEMPERATURE IN F: :PCPN: SNOW: WIND :SUNSHINE: SKY :PK WND
================================================================================
1 2 3 4 5 6A 6B 7 8 9 10 11 12 13 14 15 16 17 18
12Z AVG MX 2MIN
DY MAX MIN AVG DEP HDD CDD WTR SNW DPTH SPD SPD DIR MIN PSBL S-S WX SPD DR
================================================================================
1 86 57 72 11 0 7 0.00 M M 12.3 23 150 M M 0 29 210
2 87 53 70 9 0 5 0.00 M M 11.8 28 270 M M 0 34 280
3 67 41 54 -8 11 0 0.00 M M 13.0 29 20 M M 2 36 20
4 57 42 50 -12 15 0 0.00 M M 8.9 15 60 M M 7 18 19 70
5 81 43 62 0 3 0 0.00 M M 10.0 23 130 M M 3 1 29 130
6 80 59 70 8 0 5 0.00 0.0 0 7.7 22 140 M M 6 27 140
7 86 59 73 10 0 8 0.00 0.0 0 6.5 15 250 M M 1 18 230
8 88 56 72 9 0 7 0.00 0.0 0 8.4 20 270 M M 0 25 250
9 81 60 71 8 0 6 0.00 M M 6.9 18 230 M M 3 25 230
10 79 51 65 1 0 0 0.00 M M 9.9 17 110 M M 3 3 21 120
11 86 56 71 7 0 6 0.00 M M 8.1 22 260 M M 2 1 29 270
12 82 49 66 2 0 1 0.00 M M 18.3 39 250 M M 1 8 48 260
13 63 36 50 -14 15 0 0.00 M M 11.2 22 70 M M 0 29 60
14 60 37 49 -16 16 0 0.00 0.0 0 10.5 20 70 M M 3 26 70
15 76 41 59 -6 6 0 0.00 M M 11.7 21 170 M M 2 27 170
16 88 48 68 2 0 3 0.00 0.0 0 13.1 28 150 M M 0 33 150
17 64 42 53 -13 12 0 0.00 0.0 0 10.2 30 20 M M 3 39 20
18 81 38 60 -6 5 0 0.00 0.0 0 6.9 16 140 M M 3 18 19 140
19 84 55 70 4 0 5 0.00 0.0 0 12.0 25 310 M M 0 32 290
20 88 53 71 4 0 6 0.00 0.0 0 10.1 22 260 M M 0 31 250
21 93 47 70 3 0 5 0.00 0.0 0 7.9 22 250 M M 0 8 27 250
22 87 61 74 7 0 9 T 0.0 0 11.5 22 320 M M 0 8 28 280
23 89 50 70 2 0 5 0.00 M M 9.8 28 270 M M 0 36 300
24 92 57 75 7 0 10 0.00 M M 11.3 28 340 M M 0 35 330
25 81 50 66 -2 0 1 0.00 M M 8.2 16 110 M M 0 22 70
26 93 55 74 5 0 9 0.00 M M 16.4 26 140 M M 0 33 160
27 100 64 82 13 0 17 0.00 M M 11.0 21 150 M M 0 27 140
28 99 59 79 10 0 14 0.00 M M 8.9 23 310 M M 0 32 290
29 84 62 73 3 0 8 0.00 M M 12.0 28 60 M M 0 40 50
30 94 47 71 1 0 6 0.00 M M 7.8 17 150 M M 0 23 150
================================================================================
SM 2476 1528 83 143 T 0.0 312.3 M 39
================================================================================
AV 82.5 50.9 10.4 FASTST M M 1 MAX(MPH)
MISC ----> 39 250 48 260
================================================================================
NOTES:
# LAST OF SEVERAL OCCURRENCES
COLUMN 17 PEAK WIND IN M.P.H.
PRELIMINARY LOCAL CLIMATOLOGICAL DATA (WS FORM: F-6) , PAGE 2
STATION: WINK
MONTH: APRIL
YEAR: 2020
LATITUDE: 31 46 N
LONGITUDE: 103 12 W
[TEMPERATURE DATA] [PRECIPITATION DATA] SYMBOLS USED IN COLUMN 16
AVERAGE MONTHLY: 66.7 TOTAL FOR MONTH: T 1 = FOG OR MIST
DPTR FM NORMAL: 1.3 DPTR FM NORMAL: -0.59 2 = FOG REDUCING VISIBILITY
HIGHEST: 100 ON 27 GRTST 24HR T ON 22-22 TO 1/4 MILE OR LESS
LOWEST: 36 ON 13 3 = THUNDER
SNOW, ICE PELLETS, HAIL 4 = ICE PELLETS
TOTAL MONTH: 0.0 INCH 5 = HAIL
GRTST 24HR 0.0 6 = FREEZING RAIN OR DRIZZLE
GRTST DEPTH: 0 7 = DUSTSTORM OR SANDSTORM:
VSBY 1/2 MILE OR LESS
8 = SMOKE OR HAZE
[NO. OF DAYS WITH] [WEATHER - DAYS WITH] 9 = BLOWING SNOW
X = TORNADO
MAX 32 OR BELOW: 0 0.01 INCH OR MORE: 0
MAX 90 OR ABOVE: 6 0.10 INCH OR MORE: 0
MIN 32 OR BELOW: 0 0.50 INCH OR MORE: 0
MIN 0 OR BELOW: 0 1.00 INCH OR MORE: 0
[HDD (BASE 65) ]
TOTAL THIS MO. 83 CLEAR (SCALE 0-3) 25
DPTR FM NORMAL -10 PTCLDY (SCALE 4-7) 5
TOTAL FM JUL 1 2281 CLOUDY (SCALE 8-10) 0
DPTR FM NORMAL -223
[CDD (BASE 65) ]
TOTAL THIS MO. 143
DPTR FM NORMAL 39 [PRESSURE DATA]
TOTAL FM JAN 1 180 HIGHEST SLP 30.25 ON 14
DPTR FM NORMAL 56 LOWEST SLP 29.47 ON 11
[REMARKS]
#FINAL-04-20#