000
CXUS55 KPSR 011005
CF6IPL
PRELIMINARY LOCAL CLIMATOLOGICAL DATA (WS FORM: F-6)
STATION: IMPERIAL CA
MONTH: SEPTEMBER
YEAR: 2021
LATITUDE: 32 50 N
LONGITUDE: 115 35 W
TEMPERATURE IN F: :PCPN: SNOW: WIND :SUNSHINE: SKY :PK WND
================================================================================
1 2 3 4 5 6A 6B 7 8 9 10 11 12 13 14 15 16 17 18
12Z AVG MX 2MIN
DY MAX MIN AVG DEP HDD CDD WTR SNW DPTH SPD SPD DIR MIN PSBL S-S WX SPD DR
================================================================================
1 100 73 87 -5 0 22 0.00 M M 5.6 18 140 M M 0 21 140
2 102 75 89 -3 0 24 0.00 M M 4.4 12 130 M M 0 15 120
3 106 77 92 1 0 27 0.00 M M 3.2 12 270 M M 0 16 310
4 108 74 91 0 0 26 0.00 M M 5.3 14 330 M M 0 18 330
5 111 77 94 3 0 29 0.00 M M 3.6 14 120 M M 0 19 120
6 104 83 94 3 0 29 0.00 M M 9.1 17 140 M M 0 22 130
7 107 81 94 4 0 29 0.00 M M 4.5 10 260 M M 0 14 210
8 106 84 95 5 0 30 0.00 0.0 M 8.5 29 140 M M 0 8 42 130
9 109 82 96 6 0 31 0.00 0.0 M 5.0 14 130 M M 0 17 140
10 109 84 97 8 0 32 0.00 0.0 M 8.2 22 140 M M 0 26 230
11 107 82 95 6 0 30 0.00 M M 5.1 13 80 M M 0 15 160
12 111 83 97 8 0 32 0.00 M M 4.7 12 270 M M 1 16 120
13 112 81 97 9 0 32 0.00 M M 6.3 14 260 M M 1 17 260
14 108 80 94 6 0 29 0.00 M M 7.4 20 280 M M 0 27 270
15 105 74 90 2 0 25 0.00 M M 6.4 18 280 M M 0 25 270
16 105 75 90 3 0 25 0.00 M M 5.3 13 270 M M 0 17 270
17 102 76 89 2 0 24 T M M 6.0 22 140 M M 0 3 29 150
18 103 76 90 4 0 25 0.00 M M 7.1 20 260 M M 0 26 250
19 103 71 87 1 0 22 0.00 M M 5.3 16 270 M M 0 21 260
20 100 65 83 -3 0 18 0.00 M M 2.5 9 210 M M 0 8 15 210
21 103 70 87 2 0 22 0.00 M M 3.6 10 30 M M 0 8 13 60
22 107 69 88 3 0 23 0.00 M M 4.2 10 270 M M 1 13 280
23 99 76 88 4 0 23 M M M 7.6 20 130 M M 1 38 24 140
24 83 72 78 -6 0 13 M M M 6.4 20 220 M M 2 13 31 230
25 92 66 79 -5 0 14 0.00 M M 3.2 9 100 M M 0 18 12 90
26 94 73 84 1 0 19 0.00 0.0 M 3.9 10 160 M M 0 8 13 130
27 96 71 84 1 0 19 0.00 0.0 M 5.6 14 260 M M 0 8 19 230
28 99 69 84 2 0 19 0.00 M M 8.8 24 280 M M 0 31 230
29 89 64 77 -5 0 12 0.00 M M 6.6 21 300 M M 0 26 300
30 95 63 79 -3 0 14 0.00 M M 5.8 14 320 M M 0 19 330
================================================================================
SM 3075 2246 0 719 T 0.0 169.2 M 6
================================================================================
AV102.5 74.9 5.6 FASTST M M 0 MAX(MPH)
MISC ----> 29 140 42 130
================================================================================
NOTES:
# LAST OF SEVERAL OCCURRENCES
COLUMN 17 PEAK WIND IN M.P.H.
PRELIMINARY LOCAL CLIMATOLOGICAL DATA (WS FORM: F-6) , PAGE 2
STATION: IMPERIAL CA
MONTH: SEPTEMBER
YEAR: 2021
LATITUDE: 32 50 N
LONGITUDE: 115 35 W
[TEMPERATURE DATA] [PRECIPITATION DATA] SYMBOLS USED IN COLUMN 16
AVERAGE MONTHLY: 88.7 TOTAL FOR MONTH: T 1 = FOG OR MIST
DPTR FM NORMAL: 1.5 DPTR FM NORMAL: -0.18 2 = FOG REDUCING VISIBILITY
HIGHEST: 112 ON 13 GRTST 24HR T ON 17-17 TO 1/4 MILE OR LESS
LOWEST: 63 ON 30 3 = THUNDER
SNOW, ICE PELLETS, HAIL 4 = ICE PELLETS
TOTAL MONTH: 0.0 INCH 5 = HAIL
GRTST 24HR 0.0 6 = FREEZING RAIN OR DRIZZLE
GRTST DEPTH: M ON M 7 = DUSTSTORM OR SANDSTORM:
VSBY 1/2 MILE OR LESS
8 = SMOKE OR HAZE
[NO. OF DAYS WITH] [WEATHER - DAYS WITH] 9 = BLOWING SNOW
X = TORNADO
MAX 32 OR BELOW: 0 0.01 INCH OR MORE: 0
MAX 90 OR ABOVE: 28 0.10 INCH OR MORE: 0
MIN 32 OR BELOW: 0 0.50 INCH OR MORE: 0
MIN 0 OR BELOW: 0 1.00 INCH OR MORE: 0
[HDD (BASE 65) ]
TOTAL THIS MO. 0 CLEAR (SCALE 0-3) 30
DPTR FM NORMAL 0 PTCLDY (SCALE 4-7) 0
TOTAL FM JUL 1 0 CLOUDY (SCALE 8-10) 0
DPTR FM NORMAL 0
[CDD (BASE 65) ]
TOTAL THIS MO. 719
DPTR FM NORMAL 53 [PRESSURE DATA]
TOTAL FM JAN 1 4082 HIGHEST SLP M ON M
DPTR FM NORMAL 303 LOWEST SLP 29.62 ON 1
[REMARKS]
#FINAL-09-21#