000
CXUS55 KEAX 010836
CF6IRK
PRELIMINARY LOCAL CLIMATOLOGICAL DATA (WS FORM: F-6)
STATION: KIRKSVILLE MO
MONTH: FEBRUARY
YEAR: 2021
LATITUDE: 40 5 N
LONGITUDE: 92 33 W
TEMPERATURE IN F: :PCPN: SNOW: WIND :SUNSHINE: SKY :PK WND
================================================================================
1 2 3 4 5 6A 6B 7 8 9 10 11 12 13 14 15 16 17 18
12Z AVG MX 2MIN
DY MAX MIN AVG DEP HDD CDD WTR SNW DPTH SPD SPD DIR MIN PSBL S-S WX SPD DR
================================================================================
1 30 25 28 1 37 0 0.00 M M 9.5 18 330 M M 10 26 330
2 34 14 24 -3 41 0 0.00 M M 4.2 10 70 M M 4 128 13 70
3 46 23 35 8 30 0 0.00 M M 10.4 17 160 M M 5 12 22 170
4 41 18 30 3 35 0 0.26 M M 13.1 26 290 M M 7 128 41 320
5 26 11 19 -8 46 0 0.00 M M 9.9 20 290 M M 3 28 260
6 20 -7 7 -21 58 0 0.18 M M 5.9 15 20 M M 6 128 18 20
7 3 -9 -3 -31 68 0 0.18 M M 8.2 16 40 M M 7 8 19 40
8 7 1 4 -24 61 0 0.04 M M 10.1 15 20 M M 10 168 19 20
9 11 3 7 -21 58 0 0.00 M M 9.5 16 20 M M 8 18 20
10 13 6 10 -18 55 0 0.08 M M 11.6 16 20 M M 9 8 20 360
11 11 2 7 -22 58 0 0.00 M M 12.8 20 360 M M 7 26 350
12 4 -3 1 -28 64 0 0.02 M M 13.5 21 360 M M 6 8 27 360
13 4 -6 -1 -30 66 0 0.02 M M 11.8 18 360 M M 6 8 26 360
14 -2 -7 -4 -33 69 0 0.04 M M 14.4 21 10 M M 9 8 28 10
15 -2 -7 -4 -34 69 0 0.13 M M 13.4 20 360 M M 9 8 25 360
16 9 -12 -1 -31 66 0 0.00 M M 4.9 10 210 M M 1 8 15 270
17 17 -12 3 -27 62 0 0.03 M M 6.5 12 150 M M 7 18 16 140
18 23 -6 9 -21 56 0 0.00 M M 5.3 10 280 M M 1 18 15 290
19 28 -5 12 -19 53 0 0.00 M M 6.6 15 220 M M 3 18 22 240
20 36 8 22 -9 43 0 0.00 M M 7.3 16 190 M M 1 18 21 210
21 37 24 31 0 34 0 0.00 M M 12.2 21 270 M M 6 18 31 280
22 48 29 39 7 26 0 0.00 M M 11.0 21 260 M M 2 18 31 260
23 57 35 46 14 19 0 0.00 M M 8.4 16 190 M M 0 22 250
24 50 28 39 7 26 0 0.00 M M 10.1 20 330 M M 1 30 340
25 44 21 33 0 32 0 0.00 M M 4.2 10 200 M M 0 1 15 220
26 51 23 37 4 28 0 0.01 M M 8.5 20 150 M M 5 27 130
27 57 33 45 11 20 0 0.00 M M 8.8 16 120 M M 2 12 22 120
28 52 29 41 7 24 0 T M M 11.6 23 350 M M 5 12 34 290
================================================================================
SM 755 259 1304 0 0.99 M 263.7 M 140
================================================================================
AV 27.0 9.3 9.4 FASTST M M 5 MAX(MPH)
MISC ----> 26 290 41 320
================================================================================
NOTES:
# LAST OF SEVERAL OCCURRENCES
COLUMN 17 PEAK WIND IN M.P.H.
PRELIMINARY LOCAL CLIMATOLOGICAL DATA (WS FORM: F-6) , PAGE 2
STATION: KIRKSVILLE MO
MONTH: FEBRUARY
YEAR: 2021
LATITUDE: 40 5 N
LONGITUDE: 92 33 W
[TEMPERATURE DATA] [PRECIPITATION DATA] SYMBOLS USED IN COLUMN 16
AVERAGE MONTHLY: 18.1 TOTAL FOR MONTH: 0.99 1 = FOG OR MIST
DPTR FM NORMAL: -11.7 DPTR FM NORMAL: -0.54 2 = FOG REDUCING VISIBILITY
HIGHEST: 57 ON 27,23 GRTST 24HR 0.26 ON 4- 4 TO 1/4 MILE OR LESS
LOWEST: -12 ON 17,16 3 = THUNDER
SNOW, ICE PELLETS, HAIL 4 = ICE PELLETS
TOTAL MONTH: M 5 = HAIL
GRTST 24HR M ON M 6 = FREEZING RAIN OR DRIZZLE
GRTST DEPTH: M ON M 7 = DUSTSTORM OR SANDSTORM:
VSBY 1/2 MILE OR LESS
8 = SMOKE OR HAZE
[NO. OF DAYS WITH] [WEATHER - DAYS WITH] 9 = BLOWING SNOW
X = TORNADO
MAX 32 OR BELOW: 16 0.01 INCH OR MORE: 11
MAX 90 OR ABOVE: 0 0.10 INCH OR MORE: 4
MIN 32 OR BELOW: 26 0.50 INCH OR MORE: 0
MIN 0 OR BELOW: 10 1.00 INCH OR MORE: 0
[HDD (BASE 65) ]
TOTAL THIS MO. 1304 CLEAR (SCALE 0-3) 10
DPTR FM NORMAL 318 PTCLDY (SCALE 4-7) 13
TOTAL FM JUL 1 4521 CLOUDY (SCALE 8-10) 5
DPTR FM NORMAL -12
[CDD (BASE 65) ]
TOTAL THIS MO. 0
DPTR FM NORMAL 0 [PRESSURE DATA]
TOTAL FM JAN 1 0 HIGHEST SLP 30.70 ON 14
DPTR FM NORMAL 0 LOWEST SLP 29.53 ON 4
[REMARKS]
#FINAL-02-21#