000
CXUS53 KGRB 281328
CF6ISW
PRELIMINARY LOCAL CLIMATOLOGICAL DATA (WS FORM: F-6)
STATION: WISCONSIN RAPIDS ASOS
MONTH: DECEMBER
YEAR: 2023
LATITUDE: 44 22 N
LONGITUDE: 89 50 W
TEMPERATURE IN F: :PCPN: SNOW: WIND :SUNSHINE: SKY :PK WND
================================================================================
1 2 3 4 5 6A 6B 7 8 9 10 11 12 13 14 15 16 17 18
12Z AVG MX 2MIN
DY MAX MIN AVG DEP HDD CDD WTR SNW DPTH SPD SPD DIR MIN PSBL S-S WX SPD DR
================================================================================
1 34 18 26 -1 39 0 0.00 0.0 1 6.0 10 40 M M 0 15 60
2 40 18 29 2 36 0 0.00 0.0 1 6.0 13 140 M M 8 17 140
3 34 31 33 7 32 0 0.12 0.5 1 5.0 12 80 M M 10 1 16 90
4 35 30 33 7 32 0 0.00 0.0 T 3.4 9 210 M M 10 1 13 200
5 35 31 33 7 32 0 T T T 5.0 10 300 M M 10 1 16 300
6 37 26 32 7 33 0 0.00 0.0 T 8.3 17 220 M M 6 26 200
7 49 28 39 14 26 0 0.00 0.0 T 5.6 13 150 M M 1 18 140
8 54 36 45 21 20 0 0.00 0.0 T 6.3 13 250 M M 3 20 250
9 42 32 37 13 28 0 0.09 1.0 1 7.2 16 320 M M 8 1 27 320
10 32 21 27 3 38 0 T T T 10.2 21 330 M M 10 1 30 330
11 27 18 23 0 42 0 0.00 0.0 T 5.5 14 230 M M 7 20 230
12 29 15 22 -1 43 0 0.00 0.0 T 9.6 21 310 M M 1 27 310
13 37 13 25 3 40 0 0.00 0.0 T 5.2 13 250 M M 4 20 250
14 51 23 37 15 28 0 0.00 0.0 T 7.5 14 250 M M 0 20 270
15 47 31 39 17 26 0 0.00 0.0 T 4.0 8 100 M M 3 13 210
16 46 37 42 20 23 0 0.03 0.0 0 6.3 13 120 M M 10 18 18 140
17 39 31 35 14 30 0 0.02 0.0 0 8.7 18 310 M M 10 1 26 290
18 32 9 21 0 44 0 0.01 T 0 15.0 30 340 M M 7 47 320
19 32 7 20 -1 45 0 0.00 0.0 0 5.9 17 210 M M 1 25 200
20 40 24 32 12 33 0 0.00 0.0 0 4.8 13 100 M M 1 18 120
21 40 31 36 16 29 0 T 0.0 0 7.1 13 130 M M 8 18 17 170
22 44 35 40 20 25 0 T 0.0 0 2.8 7 120 M M 10 18 11 140
23 45 38 42 22 23 0 0.00 0.0 0 4.8 8 140 M M 10 1 12 130
24 51 41 46 27 19 0 0.01 0.0 0 7.9 15 150 M M 10 1 24 130
25 51 48 50 31 15 0 0.39 0.0 0 10.0 20 90 M M 9 1 29 80
26 49 31 40 21 25 0 0.23 0.0 0 7.6 20 220 M M 10 1 27 220
27 40 24 32 14 33 0 0.00 0.0 0 3.0 9 40 M M 2 1 14 360
28 38 27 33 15 32 0 0.10 0.0 0 8.3 16 10 M M 6 16 22 360
29 44 21 33 15 32 0 0.00 0.0 0 2.5 10 340 M M 0 1 13 340
30 30 19 25 7 40 0 T 0.0 0 4.9 13 300 M M 7 126 18 300
31 31 25 28 10 37 0 0.01 T 0 10.1 21 20 M M 10 16 28 10
================================================================================
SM 1235 819 980 0 1.01 1.5 204.5 M 192
================================================================================
AV 39.8 26.4 6.6 FASTST M M 6 MAX(MPH)
MISC ----> 30 340 47 320
================================================================================
NOTES:
# LAST OF SEVERAL OCCURRENCES
COLUMN 17 PEAK WIND IN M.P.H.
PRELIMINARY LOCAL CLIMATOLOGICAL DATA (WS FORM: F-6) , PAGE 2
STATION: WISCONSIN RAPIDS ASOS
MONTH: DECEMBER
YEAR: 2023
LATITUDE: 44 22 N
LONGITUDE: 89 50 W
[TEMPERATURE DATA] [PRECIPITATION DATA] SYMBOLS USED IN COLUMN 16
AVERAGE MONTHLY: 33.1 TOTAL FOR MONTH: 1.01 1 = FOG OR MIST
DPTR FM NORMAL: 11.2 DPTR FM NORMAL: -0.21 2 = FOG REDUCING VISIBILITY
HIGHEST: 54 ON 8 GRTST 24HR 0.58 ON 25-26 TO 1/4 MILE OR LESS
LOWEST: 7 ON 19 3 = THUNDER
SNOW, ICE PELLETS, HAIL 4 = ICE PELLETS
TOTAL MONTH: 1.5 INCHES 5 = HAIL
GRTST 24HR 1.0 ON 9- 9 6 = FREEZING RAIN OR DRIZZLE
GRTST DEPTH: 1 ON 9, 3 7 = DUSTSTORM OR SANDSTORM:
VSBY 1/2 MILE OR LESS
8 = SMOKE OR HAZE
[NO. OF DAYS WITH] [WEATHER - DAYS WITH] 9 = BLOWING SNOW
X = TORNADO
MAX 32 OR BELOW: 7 0.01 INCH OR MORE: 10
MAX 90 OR ABOVE: 0 0.10 INCH OR MORE: 4
MIN 32 OR BELOW: 25 0.50 INCH OR MORE: 0
MIN 0 OR BELOW: 0 1.00 INCH OR MORE: 0
[HDD (BASE 65) ]
TOTAL THIS MO. 980 CLEAR (SCALE 0-3) 10
DPTR FM NORMAL -358 PTCLDY (SCALE 4-7) 8
TOTAL FM JUL 1 2451 CLOUDY (SCALE 8-10) 13
DPTR FM NORMAL -593
[CDD (BASE 65) ]
TOTAL THIS MO. 0
DPTR FM NORMAL 0 [PRESSURE DATA]
TOTAL FM JAN 1 654 HIGHEST SLP 30.63 ON 13
DPTR FM NORMAL 152 LOWEST SLP 29.49 ON 8
[REMARKS]
#FINAL-12-23#