000
CXUS52 TJSJ 010433
CF6ISX
PRELIMINARY LOCAL CLIMATOLOGICAL DATA (WS FORM: F-6)
STATION: HENRY E. ROHLSEN AP/ST CROIX
MONTH: MAY
YEAR: 2022
LATITUDE: 17 42 N
LONGITUDE: 64 48 W
TEMPERATURE IN F: :PCPN: SNOW: WIND :SUNSHINE: SKY :PK WND
================================================================================
1 2 3 4 5 6A 6B 7 8 9 10 11 12 13 14 15 16 17 18
12Z AVG MX 2MIN
DY MAX MIN AVG DEP HDD CDD WTR SNW DPTH SPD SPD DIR MIN PSBL S-S WX SPD DR
================================================================================
1 84 76 80 -1 0 15 T M M 8.9 18 100 M M 6 22 90
2 86 78 82 1 0 17 T M M 13.9 23 80 M M 6 26 110
3 89 76 83 2 0 18 T M M 13.1 23 100 M M 5 28 100
4 87 76 82 1 0 17 T M M 12.5 23 100 M M 4 1 27 100
5 88 74 81 0 0 16 0.00 M M 11.7 22 100 M M 3 26 100
6 87 73 80 -1 0 15 0.00 M M 10.5 18 100 M M 2 24 100
7 87 73 80 -1 0 15 T M M 11.2 18 90 M M 4 23 110
8 87 75 81 0 0 16 0.10 M M 9.8 18 100 M M 6 1 23 90
9 88 75 82 1 0 17 0.05 M M 9.4 16 120 M M 5 1 22 120
10 88 76 82 1 0 17 0.00 M M 12.9 21 100 M M 4 27 110
11 89 78 84 3 0 19 T M M 14.4 21 90 M M 7 26 100
12 87 79 83 2 0 18 0.01 M M 16.5 23 100 M M 5 8 30 110
13 89 76 83 2 0 18 0.07 M M 14.6 25 90 M M 5 1 32 100
14 89 75 82 1 0 17 0.07 M M 16.6 26 90 M M 4 1 31 80
15 88 76 82 1 0 17 0.03 M M 11.8 22 100 M M 4 18 27 100
16 89 77 83 2 0 18 0.00 M M 13.9 21 100 M M 5 26 100
17 89 79 84 3 0 19 T M M 12.5 22 90 M M 4 8 26 80
18 88 80 84 3 0 19 0.00 M M 11.9 17 90 M M 6 8 21 100
19 89 78 84 3 0 19 0.00 M M 11.2 18 100 M M 7 8 22 110
20 89 77 83 2 0 18 0.00 M M 11.8 21 90 M M 4 8 29 90
21 89 78 84 3 0 19 0.00 M M 12.3 20 100 M M 4 8 24 110
22 89 77 83 1 0 18 0.00 M M 11.5 18 100 M M 3 24 110
23 89 76 83 1 0 18 0.01 M M 11.2 20 100 M M 3 24 110
24 88 76 82 0 0 17 0.00 M M 11.5 20 90 M M 2 25 110
25 89 77 83 1 0 18 0.00 M M 12.2 22 90 M M 3 27 90
26 90 78 84 2 0 19 0.00 M M 11.7 21 100 M M 3 8 30 80
27 89 76 83 1 0 18 0.00 M M 12.3 21 100 M M 2 27 90
28 90 79 85 3 0 20 0.01 M M 14.2 26 90 M M 4 31 100
29 90 78 84 2 0 19 0.00 M M 14.1 23 90 M M 4 29 90
30 90 78 84 2 0 19 T M M 14.6 24 100 M M 3 32 100
31 89 77 83 1 0 18 T 0.0 0 11.8 21 90 M M 4 25 90
================================================================================
SM 2739 2377 0 548 0.35 0.0 386.5 M 131
================================================================================
AV 88.4 76.7 12.5 FASTST M M 4 MAX(MPH)
MISC ----> # 26 90 # 32 100
================================================================================
NOTES:
# LAST OF SEVERAL OCCURRENCES
COLUMN 17 PEAK WIND IN M.P.H.
PRELIMINARY LOCAL CLIMATOLOGICAL DATA (WS FORM: F-6) , PAGE 2
STATION: HENRY E. ROHLSEN AP/ST CROIX
MONTH: MAY
YEAR: 2022
LATITUDE: 17 42 N
LONGITUDE: 64 48 W
[TEMPERATURE DATA] [PRECIPITATION DATA] SYMBOLS USED IN COLUMN 16
AVERAGE MONTHLY: 82.5 TOTAL FOR MONTH: 0.35 1 = FOG OR MIST
DPTR FM NORMAL: 1.3 DPTR FM NORMAL: -3.27 2 = FOG REDUCING VISIBILITY
HIGHEST: 90 ON 30,29 GRTST 24HR 0.14 ON 13-14 TO 1/4 MILE OR LESS
LOWEST: 73 ON 7, 6 3 = THUNDER
SNOW, ICE PELLETS, HAIL 4 = ICE PELLETS
TOTAL MONTH: 0.0 INCH 5 = HAIL
GRTST 24HR 0.0 6 = FREEZING RAIN OR DRIZZLE
GRTST DEPTH: 0 7 = DUSTSTORM OR SANDSTORM:
VSBY 1/2 MILE OR LESS
8 = SMOKE OR HAZE
[NO. OF DAYS WITH] [WEATHER - DAYS WITH] 9 = BLOWING SNOW
X = TORNADO
MAX 32 OR BELOW: 0 0.01 INCH OR MORE: 8
MAX 90 OR ABOVE: 4 0.10 INCH OR MORE: 1
MIN 32 OR BELOW: 0 0.50 INCH OR MORE: 0
MIN 0 OR BELOW: 0 1.00 INCH OR MORE: 0
[HDD (BASE 65) ]
TOTAL THIS MO. 0 CLEAR (SCALE 0-3) 8
DPTR FM NORMAL 0 PTCLDY (SCALE 4-7) 23
TOTAL FM JUL 1 0 CLOUDY (SCALE 8-10) 0
DPTR FM NORMAL 0
[CDD (BASE 65) ]
TOTAL THIS MO. 548
DPTR FM NORMAL 44 [PRESSURE DATA]
TOTAL FM JAN 1 2257 HIGHEST SLP M ON M
DPTR FM NORMAL 143 LOWEST SLP 29.92 ON 11
[REMARKS]
#FINAL-05-22#