000
CXHW53 PHFO 011250
CF6ITO
PRELIMINARY LOCAL CLIMATOLOGICAL DATA (WS FORM: F-6)
STATION: HILO HI
MONTH: MAY
YEAR: 2022
LATITUDE: 19 43 N
LONGITUDE: 155 4 W
TEMPERATURE IN F: :PCPN: SNOW: WIND :SUNSHINE: SKY :PK WND
================================================================================
1 2 3 4 5 6A 6B 7 8 9 10 11 12 13 14 15 16 17 18
12Z AVG MX 2MIN
DY MAX MIN AVG DEP HDD CDD WTR SNW DPTH SPD SPD DIR MIN PSBL S-S WX SPD DR
================================================================================
1 82 70 76 3 0 11 1.08 M M 7.1 16 50 M M 9 13 20 100
2 79 68 74 1 0 9 2.93 M M 5.9 16 100 M M 9 1238 19 90
3 75 66 71 -2 0 6 4.84 M M 5.9 14 70 M M 10 1 18 80
4 80 67 74 1 0 9 0.39 M M 5.6 17 90 M M 10 1 20 80
5 77 69 73 0 0 8 0.25 M M 4.9 10 260 M M 10 1 14 220
6 78 68 73 -1 0 8 0.23 M M 5.5 14 70 M M 9 1 17 80
7 79 69 74 0 0 9 0.05 M M 7.1 14 80 M M 10 1 17 70
8 82 68 75 1 0 10 0.07 M M 7.1 17 80 M M 9 1 21 120
9 83 68 76 2 0 11 0.42 M M 5.8 14 100 M M 8 1 18 100
10 81 70 76 2 0 11 0.20 M M 6.5 17 90 M M 8 1 22 80
11 82 66 74 0 0 9 0.50 M M 7.9 17 100 M M 8 1 25 110
12 83 67 75 1 0 10 0.06 M M 7.5 17 90 M M 5 1 22 90
13 81 66 74 0 0 9 0.18 M M 6.7 17 100 M M 8 1 22 130
14 83 67 75 1 0 10 0.08 M M 7.1 17 70 M M 6 1 23 80
15 82 66 74 0 0 9 0.23 M M 8.0 17 100 M M 8 1 23 110
16 80 68 74 0 0 9 0.17 M M 5.6 17 150 M M 9 18 21 140
17 82 68 75 1 0 10 0.27 M M 8.5 22 130 M M 8 18 29 140
18 86 71 79 5 0 14 0.03 M M 8.8 21 120 M M 6 1 26 120
19 84 72 78 4 0 13 T M M 6.8 16 150 M M 7 21 150
20 84 71 78 4 0 13 0.00 M M 6.8 15 90 M M 8 20 130
21 81 72 77 3 0 12 0.00 M M 5.3 13 70 M M 9 18 60
22 85 68 77 3 0 12 0.02 M M 5.8 18 90 M M 6 8 22 100
23 82 68 75 1 0 10 0.05 M M 6.1 18 110 M M 9 1 24 100
24 82 69 76 2 0 11 0.10 M M 5.2 12 20 M M 8 1 16 30
25 83 65 74 0 0 9 0.08 M M 7.9 16 50 M M 7 23 40
26 83 67 75 1 0 10 0.02 M M 6.0 15 60 M M 9 19 60
27 82 66 74 -1 0 9 0.02 M M 6.8 17 100 M M 8 20 90
28 83 68 76 1 0 11 0.17 M M 7.7 17 90 M M 9 1 23 70
29 82 69 76 1 0 11 0.16 M M 5.6 12 120 M M 9 1 16 290
30 84 65 75 0 0 10 0.00 M M 7.3 17 80 M M 5 23 90
31 83 67 75 0 0 10 0.05 M M 6.2 14 70 M M 7 1 20 100
================================================================================
SM 2533 2109 0 313 12.65 M 205.0 M 251
================================================================================
AV 81.7 68.0 6.6 FASTST M M 8 MAX(MPH)
MISC ----> 22 130 29 140
================================================================================
NOTES:
# LAST OF SEVERAL OCCURRENCES
COLUMN 17 PEAK WIND IN M.P.H.
PRELIMINARY LOCAL CLIMATOLOGICAL DATA (WS FORM: F-6) , PAGE 2
STATION: HILO HI
MONTH: MAY
YEAR: 2022
LATITUDE: 19 43 N
LONGITUDE: 155 4 W
[TEMPERATURE DATA] [PRECIPITATION DATA] SYMBOLS USED IN COLUMN 16
AVERAGE MONTHLY: 74.9 TOTAL FOR MONTH: 12.65 1 = FOG OR MIST
DPTR FM NORMAL: 0.9 DPTR FM NORMAL: 5.66 2 = FOG REDUCING VISIBILITY
HIGHEST: 86 ON 18 GRTST 24HR 4.84 ON 2- 3 TO 1/4 MILE OR LESS
LOWEST: 65 ON 30,25 3 = THUNDER
SNOW, ICE PELLETS, HAIL 4 = ICE PELLETS
TOTAL MONTH: M 5 = HAIL
GRTST 24HR M ON M 6 = FREEZING RAIN OR DRIZZLE
GRTST DEPTH: M ON M 7 = DUSTSTORM OR SANDSTORM:
VSBY 1/2 MILE OR LESS
8 = SMOKE OR HAZE
[NO. OF DAYS WITH] [WEATHER - DAYS WITH] 9 = BLOWING SNOW
X = TORNADO
MAX 32 OR BELOW: 0 0.01 INCH OR MORE: 27
MAX 90 OR ABOVE: 0 0.10 INCH OR MORE: 16
MIN 32 OR BELOW: 0 0.50 INCH OR MORE: 4
MIN 0 OR BELOW: 0 1.00 INCH OR MORE: 3
[HDD (BASE 65) ]
TOTAL THIS MO. 0 CLEAR (SCALE 0-3) 0
DPTR FM NORMAL 0 PTCLDY (SCALE 4-7) 14
TOTAL FM JUL 1 0 CLOUDY (SCALE 8-10) 17
DPTR FM NORMAL 0
[CDD (BASE 65) ]
TOTAL THIS MO. 313
DPTR FM NORMAL 34 [PRESSURE DATA]
TOTAL FM JAN 1 1424 HIGHEST SLP 30.20 ON 7
DPTR FM NORMAL 334 LOWEST SLP 29.94 ON 26
[REMARKS]
#FINAL-05-22#