000
CXUS53 KIWX 011319
CF6IWX
PRELIMINARY LOCAL CLIMATOLOGICAL DATA (WS FORM: F-6)
STATION: NORTH WEBSTER WFO
MONTH: APRIL
YEAR: 2023
LATITUDE: 41 21 N
LONGITUDE: 85 42 W
TEMPERATURE IN F: :PCPN: SNOW: WIND :SUNSHINE: SKY :PK WND
================================================================================
1 2 3 4 5 6A 6B 7 8 9 10 11 12 13 14 15 16 17 18
12Z AVG MX 2MIN
DY MAX MIN AVG DEP HDD CDD WTR SNW DPTH SPD SPD DIR MIN PSBL S-S WX SPD DR
================================================================================
1 52 33 43 -1 22 0 0.13 T 0 M M M M M M M M
2 50 33 42 -2 23 0 0.00 0.0 0 M M M M M M M M
3 63 40 52 7 13 0 T 0.0 0 M M M M M M M M
4 64 47 56 11 9 0 T 0.0 0 M M M M M M M M
5 72 38 55 9 10 0 0.10 0.0 0 M M M M M M 3 M M
6 51 33 42 -4 23 0 0.00 0.0 0 M M M M M M M M
7 54 32 43 -3 22 0 0.00 0.0 0 M M M M M M M M
8 58 33 46 -1 19 0 0.00 0.0 0 M M M M M M M M
9 65 36 51 4 14 0 0.00 0.0 0 M M M M M M M M
10 67 44 56 8 9 0 0.00 0.0 0 M M M M M M M M
11 75 45 60 12 5 0 0.00 0.0 0 M M M M M M M M
12 79 54 67 19 0 2 0.00 0.0 0 M M M M M M M M
13 81 52 67 18 0 2 0.00 0.0 0 M M M M M M M M
14 82 54 68 19 0 3 0.00 0.0 0 M M M M M M M M
15 80 62 71 22 0 6 0.00 0.0 0 M M M M M M M M
16 67 36 52 2 13 0 0.20 0.0 0 M M M M M M M M
17 38 31 35 -15 30 0 0.03 T 0 M M M M M M M M
18 55 32 44 -6 21 0 T T 0 M M M M M M M M
19 69 34 52 1 13 0 0.12 0.0 0 M M M M M M 3 M M
20 81 46 64 13 1 0 0.19 0.0 0 M M M M M M 1 M M
21 59 44 52 0 13 0 0.06 0.0 0 M M M M M M M M
22 51 37 44 -8 21 0 0.02 0.0 0 M M M M M M 1 M M
23 46 34 40 -12 25 0 0.05 T 0 M M M M M M M M
24 52 31 42 -11 23 0 T T 0 M M M M M M M M
25 47 33 40 -13 25 0 0.04 0.0 0 M M M M M M M M
26 56 30 43 -10 22 0 0.00 0.0 0 M M M M M M M M
27 61 34 48 -6 17 0 0.00 0.0 0 M M M M M M M M
28 51 42 47 -7 18 0 0.77 0.0 0 M M M M M M 1 M M
29 67 41 54 0 11 0 0.13 0.0 0 M M M M M M 13 M M
30 53 37 45 -10 20 0 0.15 0.0 0 M M M M M M M M
================================================================================
SM 1846 1178 442 13 1.99 T M M M
================================================================================
AV 61.5 39.3 M FASTST M M M MAX(MPH)
MISC ----> M M M M
================================================================================
NOTES:
# LAST OF SEVERAL OCCURRENCES
COLUMN 17 PEAK WIND IN M.P.H.
PRELIMINARY LOCAL CLIMATOLOGICAL DATA (WS FORM: F-6) , PAGE 2
STATION: NORTH WEBSTER WFO
MONTH: APRIL
YEAR: 2023
LATITUDE: 41 21 N
LONGITUDE: 85 42 W
[TEMPERATURE DATA] [PRECIPITATION DATA] SYMBOLS USED IN COLUMN 16
AVERAGE MONTHLY: 50.4 TOTAL FOR MONTH: 1.99 1 = FOG OR MIST
DPTR FM NORMAL: 0.8 DPTR FM NORMAL: -2.14 2 = FOG REDUCING VISIBILITY
HIGHEST: 82 ON 14 GRTST 24HR 0.77 ON 28-28 TO 1/4 MILE OR LESS
LOWEST: 30 ON 26 3 = THUNDER
SNOW, ICE PELLETS, HAIL 4 = ICE PELLETS
TOTAL MONTH: T 5 = HAIL
GRTST 24HR T ON 1- 1 6 = FREEZING RAIN OR DRIZZLE
GRTST DEPTH: 0 7 = DUSTSTORM OR SANDSTORM:
VSBY 1/2 MILE OR LESS
8 = SMOKE OR HAZE
[NO. OF DAYS WITH] [WEATHER - DAYS WITH] 9 = BLOWING SNOW
X = TORNADO
MAX 32 OR BELOW: 0 0.01 INCH OR MORE: 13
MAX 90 OR ABOVE: 0 0.10 INCH OR MORE: 8
MIN 32 OR BELOW: 5 0.50 INCH OR MORE: 1
MIN 0 OR BELOW: 0 1.00 INCH OR MORE: 0
[HDD (BASE 65) ]
TOTAL THIS MO. 442 CLEAR (SCALE 0-3) 0
DPTR FM NORMAL -27 PTCLDY (SCALE 4-7) 0
TOTAL FM JUL 1 5406 CLOUDY (SCALE 8-10) 30
DPTR FM NORMAL -526
[CDD (BASE 65) ]
TOTAL THIS MO. 13
DPTR FM NORMAL 7 [PRESSURE DATA]
TOTAL FM JAN 1 13 HIGHEST SLP M ON M
DPTR FM NORMAL 5 LOWEST SLP M ON M
[REMARKS]
#FINAL-04-23#