000
CXUS53 KIWX 010800
CF6IWX
PRELIMINARY LOCAL CLIMATOLOGICAL DATA (WS FORM: F-6)
STATION: NORTH WEBSTER WFO
MONTH: MARCH
YEAR: 2020
LATITUDE: 41 21 N
LONGITUDE: 85 42 W
TEMPERATURE IN F: :PCPN: SNOW: WIND :SUNSHINE: SKY :PK WND
================================================================================
1 2 3 4 5 6A 6B 7 8 9 10 11 12 13 14 15 16 17 18
12Z AVG MX 2MIN
DY MAX MIN AVG DEP HDD CDD WTR SNW DPTH SPD SPD DIR MIN PSBL S-S WX SPD DR
================================================================================
1 51 18 35 3 30 0 0.00 0.0 3 M M M M M M M M
2 51 35 43 10 22 0 0.38 0.0 0 M M M M M M M M
3 50 31 41 8 24 0 T 0.0 0 M M M M M M M M
4 48 28 38 4 27 0 0.03 T 0 M M M M M M M M
5 54 27 41 7 24 0 0.11 0.0 0 M M M M M M M M
6 37 24 31 -3 34 0 0.06 0.1 T M M M M M M 4 M M
7 47 19 33 -2 32 0 0.00 0.0 0 M M M M M M M M
8 61 35 48 13 17 0 0.00 0.0 0 M M M M M M M M
9 61 46 54 19 11 0 0.24 0.0 0 M M M M M M M M
10 53 29 41 5 24 0 0.23 0.0 0 M M M M M M M M
11 42 30 36 0 29 0 T 0.0 0 M M M M M M 18 M M
12 57 38 48 12 17 0 0.00 0.0 0 M M M M M M M M
13 52 35 44 7 21 0 T 0.0 0 M M M M M M M M
14 38 30 34 -3 31 0 0.07 1.0 1 M M M M M M M M
15 46 27 37 -1 28 0 0.00 0.0 1 M M M M M M M M
16 41 28 35 -3 30 0 0.02 T 0 M M M M M M 1 M M
17 48 31 40 2 25 0 0.02 0.0 0 M M M M M M 1 M M
18 42 31 37 -2 28 0 0.52 0.0 0 M M M M M M 1 M M
19 61 38 50 11 15 0 0.45 0.0 0 M M M M M M 1 M M
20 64 27 46 7 19 0 0.13 0.0 0 M M M M M M 1 M M
21 30 25 28 -12 37 0 T T 0 M M M M M M M M
22 35 21 28 -12 37 0 0.16 1.8 0 M M M M M M 1 M M
23 40 34 37 -3 28 0 0.01 0.1 2 M M M M M M 1 M M
24 43 29 36 -5 29 0 0.00 0.0 0 M M M M M M M M
25 58 31 45 4 20 0 0.00 0.0 0 M M M M M M 1 M M
26 60 45 53 11 12 0 0.15 0.0 0 M M M M M M M M
27 51 43 47 5 18 0 0.46 0.0 0 M M M M M M M M
28 62 43 53 11 12 0 0.55 0.0 0 M M M M M M M M
29 63 44 54 11 11 0 0.01 0.0 0 M M M M M M M M
30 44 33 39 -4 26 0 0.02 0.0 0 M M M M M M M M
31 42 33 38 -6 27 0 0.02 0.0 0 M M M M M M M M
================================================================================
SM 1532 988 745 0 3.64 3.0 M M M
================================================================================
AV 49.4 31.9 M FASTST M M 6 MAX(MPH)
MISC ----> M M M M
================================================================================
NOTES:
# LAST OF SEVERAL OCCURRENCES
COLUMN 17 PEAK WIND IN M.P.H.
PRELIMINARY LOCAL CLIMATOLOGICAL DATA (WS FORM: F-6) , PAGE 2
STATION: NORTH WEBSTER WFO
MONTH: MARCH
YEAR: 2020
LATITUDE: 41 21 N
LONGITUDE: 85 42 W
[TEMPERATURE DATA] [PRECIPITATION DATA] SYMBOLS USED IN COLUMN 16
AVERAGE MONTHLY: 40.7 TOTAL FOR MONTH: 3.64 1 = FOG OR MIST
DPTR FM NORMAL: 2.7 DPTR FM NORMAL: 0.95 2 = FOG REDUCING VISIBILITY
HIGHEST: 64 ON 20 GRTST 24HR 0.55 ON 28-28 TO 1/4 MILE OR LESS
LOWEST: 18 ON 1 3 = THUNDER
SNOW, ICE PELLETS, HAIL 4 = ICE PELLETS
TOTAL MONTH: 3.0 INCHES 5 = HAIL
GRTST 24HR 1.8 ON 22-22 6 = FREEZING RAIN OR DRIZZLE
GRTST DEPTH: 3 ON 1 7 = DUSTSTORM OR SANDSTORM:
VSBY 1/2 MILE OR LESS
8 = SMOKE OR HAZE
[NO. OF DAYS WITH] [WEATHER - DAYS WITH] 9 = BLOWING SNOW
X = TORNADO
MAX 32 OR BELOW: 1 0.01 INCH OR MORE: 20
MAX 90 OR ABOVE: 0 0.10 INCH OR MORE: 11
MIN 32 OR BELOW: 18 0.50 INCH OR MORE: 2
MIN 0 OR BELOW: 0 1.00 INCH OR MORE: 0
[HDD (BASE 65) ]
TOTAL THIS MO. 745 CLEAR (SCALE 0-3) 0
DPTR FM NORMAL -95 PTCLDY (SCALE 4-7) 0
TOTAL FM JUL 1 5057 CLOUDY (SCALE 8-10) 0
DPTR FM NORMAL -421
[CDD (BASE 65) ]
TOTAL THIS MO. 0
DPTR FM NORMAL 0 [PRESSURE DATA]
TOTAL FM JAN 1 0 HIGHEST SLP M ON M
DPTR FM NORMAL 0 LOWEST SLP M ON M
[REMARKS]
#FINAL-03-20#