000
CXUS54 KJAN 012254
CLMJAN
CLIMATE REPORT
NATIONAL WEATHER SERVICE JACKSON MS
454 PM CST FRI MAR 01 2024
...................................
...THE JACKSON CLIMATE SUMMARY FOR THE MONTH OF FEBRUARY 2024...
CLIMATE NORMAL PERIOD: 1991 TO 2020
CLIMATE RECORD PERIOD: 1896 TO 2024
WEATHER OBSERVED NORMAL DEPART LAST YEAR`S
VALUE DATE(S) VALUE FROM VALUE DATE(S)
NORMAL
................................................................
TEMPERATURE (F)
RECORD
HIGH 89 02/25/1918
LOW 1 02/02/1951
HIGHEST 85 02/27 79 6 87 02/23
LOWEST 26 02/19 20 6 30 02/18
02/04
AVG. MAXIMUM 68.9 62.0 6.9 69.3
AVG. MINIMUM 43.8 39.8 4.0 47.1
MEAN 56.4 50.9 5.5 58.2
DAYS MAX >= 90 0 0.0 0.0 0
DAYS MAX <= 32 0 0.1 -0.1 0
DAYS MIN <= 32 3 8.1 -5.1 MM
DAYS MIN <= 0 0 0.0 0.0 MM
PRECIPITATION (INCHES)
RECORD
MAXIMUM 12.94 1896
MINIMUM 1.15 1947
TOTALS 4.96 5.10 -0.14 5.09
DAILY AVG. 0.17 NAN NAN 0.18
DAYS >= .01 6 9.6 -3.6 7
DAYS >= .10 4 6.6 -2.6 6
DAYS >= .50 4 3.5 0.5 4
DAYS >= 1.00 1 1.5 -0.5 3
GREATEST
24 HR. TOTAL 3.49 02/10 TO 02/11 1.61
SNOWFALL (INCHES)
RECORDS
TOTAL 9.1 1960
TOTALS 0.0 0.2 -0.2 0.0
SINCE 7/1 0.1 0.9 -0.8 MM
DAYS >= TRACE 0
DAYS >= 1.0 0 0.0 0.0 0
GREATEST
24 HR TOTAL MM
DEGREE DAYS
HEATING TOTAL 259 404 -145 249
SINCE 7/1 1622 1888 -266 MM
COOLING TOTAL 14 9 5 68
SINCE 1/1 14 13 1 MM
................................................................
WIND (MPH)
AVERAGE WIND SPEED 7.9
HIGHEST WIND SPEED/DIRECTION 31/120 DATE 02/03
HIGHEST GUST SPEED/DIRECTION 46/270 DATE 02/11
SKY COVER
POSSIBLE SUNSHINE (PERCENT) MM
AVERAGE SKY COVER 0.37
NUMBER OF DAYS FAIR 15
NUMBER OF DAYS PC 9
NUMBER OF DAYS CLOUDY 5
AVERAGE RH (PERCENT) 64
WEATHER CONDITIONS. NUMBER OF DAYS WITH
THUNDERSTORM 2 MIXED PRECIP 0
HEAVY RAIN 4 RAIN 5
LIGHT RAIN 9 FREEZING RAIN 0
LT FREEZING RAIN 0 HAIL 0
HEAVY SNOW 0 SNOW 0
LIGHT SNOW 0 SLEET 0
FOG 10 FOG W/VIS <= 1/4 MILE 0
HAZE 0
- INDICATES NEGATIVE NUMBERS.
R INDICATES RECORD WAS SET OR TIED.
MM INDICATES DATA IS MISSING.
T INDICATES TRACE AMOUNT.
$$