000
CXUS52 KJAX 012018
CF6JAX
PRELIMINARY LOCAL CLIMATOLOGICAL DATA (WS FORM: F-6)
STATION: JACKSONVILLE
MONTH: NOVEMBER
YEAR: 2023
LATITUDE: 30 30 N
LONGITUDE: 81 42 W
TEMPERATURE IN F: :PCPN: SNOW: WIND :SUNSHINE: SKY :PK WND
================================================================================
1 2 3 4 5 6A 6B 7 8 9 10 11 12 13 14 15 16 17 18
12Z AVG MX 2MIN
DY MAX MIN AVG DEP HDD CDD WTR SNW DPTH SPD SPD DIR MIN PSBL S-S WX SPD DR
================================================================================
1 66 46 56 -10 9 0 0.00 0.0 0 10.4 18 20 M M 6 26 30
2 70 43 57 -9 8 0 0.00 0.0 0 12.3 25 50 M M 6 33 10
3 71 50 61 -4 4 0 0.01 0.0 0 11.0 23 40 M M 8 1 31 50
4 77 51 64 -1 1 0 0.00 0.0 0 7.4 17 30 M M 6 22 20
5 79 47 63 -2 2 0 0.00 0.0 0 3.5 13 320 M M 0 20 360
6 80 45 63 -1 2 0 0.00 0.0 0 2.4 12 100 M M 3 15 100
7 82 45 64 0 1 0 0.00 0.0 0 1.2 7 310 M M 2 11 360
8 83 48 66 2 0 1 0.00 0.0 0 1.6 9 120 M M 1 15 200
9 81 52 67 3 0 2 0.00 0.0 0 2.0 10 290 M M 5 1 16 210
10 86 57 72 9 0 7 0.00 0.0 0 3.1 13 190 M M 7 1 16 210
11 78 60 69 6 0 4 0.00 0.0 0 8.5 18 30 M M 9 1 25 70
12 61 56 59 -4 6 0 T 0.0 0 7.8 14 40 M M 10 1 19 40
13 65 56 61 -2 4 0 T 0.0 0 9.7 17 20 M M 10 1 24 40
14 69 59 64 2 1 0 T 0.0 0 12.5 21 40 M M 10 30 30
15 73 63 68 6 0 3 0.92 0.0 0 10.9 21 90 M M 10 1 31 100
16 70 65 68 6 0 3 0.33 0.0 0 9.0 17 20 M M 10 1 23 10
17 73 65 69 7 0 4 0.12 0.0 0 9.0 21 30 M M 10 1 26 30
18 80 58 69 7 0 4 0.00 0.0 0 5.3 15 310 M M 6 1 21 320
19 78 55 67 6 0 2 0.00 0.0 0 4.0 13 80 M M 1 1 17 70
20 77 57 67 6 0 2 0.00 0.0 0 7.2 18 80 M M 6 1 25 110
21 79 66 73 12 0 8 0.01 0.0 0 8.4 17 140 M M 9 1 22 130
22 75 50 63 2 2 0 0.03 0.0 0 10.4 21 290 M M 8 1 29 180
23 64 43 54 -6 11 0 0.00 0.0 0 2.5 9 350 M M 6 14 330
24 62 50 56 -4 9 0 0.25 0.0 0 3.3 12 310 M M 9 1 16 300
25 69 46 58 -2 7 0 T 0.0 0 5.6 16 50 M M 6 20 60
26 64 55 60 0 5 0 2.28 0.0 0 8.1 18 300 M M 10 1 23 300
27 62 48 55 -5 10 0 0.00 0.0 0 8.7 16 270 M M 8 1 24 320
28 59 36 48 -12 17 0 0.00 0.0 0 5.4 14 310 M M 6 20 300
29 60 33 47 -12 18 0 0.00 0.0 0 2.5 10 300 M M 3 14 270
30 68 32 50 -9 15 0 0.00 0.0 0 3.8 13 60 M M 5 17 60
================================================================================
SM 2161 1537 132 40 3.95 0.0 197.5 M 196
================================================================================
AV 72.0 51.2 6.6 FASTST M M 7 MAX(MPH)
MISC ----> 25 50 33 10
================================================================================
NOTES:
# LAST OF SEVERAL OCCURRENCES
COLUMN 17 PEAK WIND IN M.P.H.
PRELIMINARY LOCAL CLIMATOLOGICAL DATA (WS FORM: F-6) , PAGE 2
STATION: JACKSONVILLE
MONTH: NOVEMBER
YEAR: 2023
LATITUDE: 30 30 N
LONGITUDE: 81 42 W
[TEMPERATURE DATA] [PRECIPITATION DATA] SYMBOLS USED IN COLUMN 16
AVERAGE MONTHLY: 61.6 TOTAL FOR MONTH: 3.95 1 = FOG OR MIST
DPTR FM NORMAL: -0.7 DPTR FM NORMAL: 1.95 2 = FOG REDUCING VISIBILITY
HIGHEST: 86 ON 10 GRTST 24HR 2.28 ON 26-26 TO 1/4 MILE OR LESS
LOWEST: 32 ON 30 3 = THUNDER
SNOW, ICE PELLETS, HAIL 4 = ICE PELLETS
TOTAL MONTH: 0.0 INCH 5 = HAIL
GRTST 24HR 0.0 6 = FREEZING RAIN OR DRIZZLE
GRTST DEPTH: 0 7 = DUSTSTORM OR SANDSTORM:
VSBY 1/2 MILE OR LESS
8 = SMOKE OR HAZE
[NO. OF DAYS WITH] [WEATHER - DAYS WITH] 9 = BLOWING SNOW
X = TORNADO
MAX 32 OR BELOW: 0 0.01 INCH OR MORE: 8
MAX 90 OR ABOVE: 0 0.10 INCH OR MORE: 5
MIN 32 OR BELOW: 1 0.50 INCH OR MORE: 2
MIN 0 OR BELOW: 0 1.00 INCH OR MORE: 1
[HDD (BASE 65) ]
TOTAL THIS MO. 132 CLEAR (SCALE 0-3) 6
DPTR FM NORMAL -12 PTCLDY (SCALE 4-7) 13
TOTAL FM JUL 1 153 CLOUDY (SCALE 8-10) 11
DPTR FM NORMAL -16
[CDD (BASE 65) ]
TOTAL THIS MO. 40
DPTR FM NORMAL -21 [PRESSURE DATA]
TOTAL FM JAN 1 3094 HIGHEST SLP 30.37 ON 2
DPTR FM NORMAL 317 LOWEST SLP 29.74 ON 18
[REMARKS]
#FINAL-11-23#