000
CXUS54 KMEG 011000
CF6JBR
PRELIMINARY LOCAL CLIMATOLOGICAL DATA (WS FORM: F-6)
STATION: JONESBORO
MONTH: DECEMBER
YEAR: 2023
LATITUDE: 35 49 N
LONGITUDE: 90 39 W
TEMPERATURE IN F: :PCPN: SNOW: WIND :SUNSHINE: SKY :PK WND
================================================================================
1 2 3 4 5 6A 6B 7 8 9 10 11 12 13 14 15 16 17 18
12Z AVG MX 2MIN
DY MAX MIN AVG DEP HDD CDD WTR SNW DPTH SPD SPD DIR MIN PSBL S-S WX SPD DR
================================================================================
1 61 43 52 7 13 0 0.12 M M 8.8 18 180 M M 7 1 28 180
2 54 40 47 3 18 0 0.00 M M 6.5 15 70 M M 2 1 20 50
3 59 43 51 7 14 0 0.00 M M 6.0 13 150 M M 4 1 17 160
4 54 36 45 1 20 0 0.00 M M 6.6 22 320 M M 3 29 320
5 58 36 47 3 18 0 0.00 M M 9.4 28 290 M M 0 43 270
6 49 30 40 -4 25 0 0.00 M M 4.5 9 200 M M 0 8 14 170
7 59 34 47 4 18 0 0.00 M M 11.0 22 200 M M 0 30 210
8 62 45 54 11 11 0 0.03 M M 12.9 21 170 M M 9 1 30 200
9 64 46 55 12 10 0 0.29 M M 10.3 22 330 M M 6 13 35 320
10 49 34 42 0 23 0 0.00 M M 7.2 16 320 M M 0 25 310
11 52 26 39 -3 26 0 0.00 M M 3.4 15 210 M M 0 20 210
12 58 29 44 2 21 0 0.00 M M 0.8 7 120 M M 0 8 9 180
13 54 34 44 2 21 0 0.00 M M 6.4 12 40 M M 0 16 30
14 62 40 51 9 14 0 0.00 M M 7.7 12 80 M M 0 17 70
15 61 37 49 7 16 0 0.00 M M 6.3 13 150 M M 3 17 130
16 55 43 49 8 16 0 0.24 M M 9.2 17 260 M M 8 1 22 260
17 53 36 45 4 20 0 0.00 M M 4.8 14 280 M M 1 18 330
18 49 30 40 -1 25 0 0.00 M M 10.2 18 320 M M 0 30 350
19 43 23 33 -8 32 0 0.00 M M 3.4 10 130 M M 0 14 140
20 52 28 40 0 25 0 0.00 M M 4.6 13 200 M M 0 18 200
21 56 30 43 3 22 0 0.00 M M 2.1 8 150 M M 0 9 160
22 61 40 51 11 14 0 T M M 4.6 15 210 M M 6 18 21 220
23 63 50 57 17 8 0 0.01 M M 4.1 12 170 M M 9 12 15 170
24 66 49 58 18 7 0 0.10 M M 9.4 23 150 M M 6 12 30 150
25 58 42 50 10 15 0 0.68 M M 11.5 22 240 M M 10 1 27 240
26 48 32 40 0 25 0 0.00 M M 6.2 16 230 M M 2 20 220
27 48 36 42 2 23 0 0.00 M M 9.0 17 300 M M 7 24 300
28 44 36 40 1 25 0 0.00 M M 6.9 13 290 M M 9 19 290
29 40 35 38 -1 27 0 0.03 M M 9.5 15 280 M M 10 1 23 260
30 51 32 42 3 23 0 0.00 M M 8.7 18 220 M M 1 22 220
31 52 32 42 3 23 0 0.00 M M 7.5 16 10 M M 0 23 340
================================================================================
SM 1695 1127 598 0 1.50 M 219.5 M 103
================================================================================
AV 54.7 36.4 7.1 FASTST M M 3 MAX(MPH)
MISC ----> 28 290 43 270
================================================================================
NOTES:
# LAST OF SEVERAL OCCURRENCES
COLUMN 17 PEAK WIND IN M.P.H.
PRELIMINARY LOCAL CLIMATOLOGICAL DATA (WS FORM: F-6) , PAGE 2
STATION: JONESBORO
MONTH: DECEMBER
YEAR: 2023
LATITUDE: 35 49 N
LONGITUDE: 90 39 W
[TEMPERATURE DATA] [PRECIPITATION DATA] SYMBOLS USED IN COLUMN 16
AVERAGE MONTHLY: 45.5 TOTAL FOR MONTH: 1.50 1 = FOG OR MIST
DPTR FM NORMAL: 4.0 DPTR FM NORMAL: -2.95 2 = FOG REDUCING VISIBILITY
HIGHEST: 66 ON 24 GRTST 24HR 1.26 ON 30- 1 TO 1/4 MILE OR LESS
LOWEST: 23 ON 19 3 = THUNDER
SNOW, ICE PELLETS, HAIL 4 = ICE PELLETS
TOTAL MONTH: M 5 = HAIL
GRTST 24HR M ON M 6 = FREEZING RAIN OR DRIZZLE
GRTST DEPTH: M ON M 7 = DUSTSTORM OR SANDSTORM:
VSBY 1/2 MILE OR LESS
8 = SMOKE OR HAZE
[NO. OF DAYS WITH] [WEATHER - DAYS WITH] 9 = BLOWING SNOW
X = TORNADO
MAX 32 OR BELOW: 0 0.01 INCH OR MORE: 8
MAX 90 OR ABOVE: 0 0.10 INCH OR MORE: 5
MIN 32 OR BELOW: 10 0.50 INCH OR MORE: 1
MIN 0 OR BELOW: 0 1.00 INCH OR MORE: 0
[HDD (BASE 65) ]
TOTAL THIS MO. 598 CLEAR (SCALE 0-3) 19
DPTR FM NORMAL -131 PTCLDY (SCALE 4-7) 7
TOTAL FM JUL 1 1115 CLOUDY (SCALE 8-10) 5
DPTR FM NORMAL -238
[CDD (BASE 65) ]
TOTAL THIS MO. 0
DPTR FM NORMAL 0 [PRESSURE DATA]
TOTAL FM JAN 1 2125 HIGHEST SLP 30.68 ON 14
DPTR FM NORMAL 131 LOWEST SLP 29.70 ON 25
[REMARKS]
#FINAL-12-23#