000
CXUS54 KSJT 011000
CF6JCT
PRELIMINARY LOCAL CLIMATOLOGICAL DATA (WS FORM: F-6)
STATION: JUNCTION
MONTH: APRIL
YEAR: 2022
LATITUDE: 30 18 N
LONGITUDE: 99 28 W
TEMPERATURE IN F: :PCPN: SNOW: WIND :SUNSHINE: SKY :PK WND
================================================================================
1 2 3 4 5 6A 6B 7 8 9 10 11 12 13 14 15 16 17 18
12Z AVG MX 2MIN
DY MAX MIN AVG DEP HDD CDD WTR SNW DPTH SPD SPD DIR MIN PSBL S-S WX SPD DR
================================================================================
1 84 40 62 -2 3 0 0.00 0.0 0 9.7 29 160 M M 0 8 41 210
2 88 54 71 7 0 6 0.00 0.0 0 4.3 20 10 M M 1 8 24 10
3 90 49 70 6 0 5 0.00 0.0 0 8.7 21 160 M M 0 28 150
4 80 62 71 7 0 6 0.00 0.0 0 7.7 18 160 M M 5 8 25 170
5 96 54 75 10 0 10 0.00 0.0 0 9.7 24 240 M M 1 18 38 270
6 78 50 64 -1 1 0 0.00 0.0 0 11.6 29 10 M M 0 8 39 360
7 75 41 58 -7 7 0 0.00 0.0 0 7.0 21 30 M M 2 8 28 330
8 79 32 56 -9 9 0 0.00 0.0 0 3.8 17 330 M M 0 8 23 330
9 88 35 62 -4 3 0 0.00 0.0 0 9.7 23 210 M M 0 8 33 170
10 95 60 78 12 0 13 T 0.0 0 10.4 25 150 M M 0 36 150
11 98 66 82 16 0 17 0.00 0.0 0 8.8 22 160 M M 2 8 32 170
12 97 70 84 18 0 19 0.00 0.0 0 11.7 25 210 M M 3 8 39 190
13 88 52 70 4 0 5 0.00 0.0 0 9.9 25 340 M M 1 8 37 340
14 87 41 64 -3 1 0 0.00 0.0 0 8.8 22 130 M M 1 8 29 130
15 90 62 76 9 0 11 0.00 0.0 0 7.9 18 190 M M 3 8 25 200
16 97 69 83 16 0 18 0.00 0.0 0 5.4 23 20 M M 4 8 30 10
17 97 65 81 14 0 16 0.00 0.0 0 7.1 22 330 M M 4 8 30 10
18 84 56 70 2 0 5 0.00 0.0 0 10.4 21 60 M M 1 8 27 60
19 76 57 67 -1 0 2 0.00 0.0 0 12.1 22 160 M M 7 8 32 170
20 90 69 80 12 0 15 0.00 0.0 0 12.7 21 190 M M 6 8 29 180
21 89 72 81 13 0 16 0.00 0.0 0 12.5 23 140 M M 9 8 34 140
22 90 70 80 12 0 15 0.00 0.0 0 17.9 29 170 M M 6 8 42 170
23 89 68 79 10 0 14 0.00 0.0 0 15.7 26 170 M M 5 8 41 170
24 86 64 75 6 0 10 0.00 0.0 0 9.4 22 160 M M 9 8 32 180
25 64 59 62 -7 3 0 0.65 0.0 0 10.7 29 90 M M 10 13 37 90
26 73 54 64 -5 1 0 0.01 0.0 0 7.0 13 170 M M 9 1 19 110
27 78 57 68 -2 0 3 0.00 0.0 0 7.1 20 170 M M 6 18 27 170
28 85 66 76 6 0 11 0.00 0.0 0 11.8 21 170 M M 7 30 180
29 87 69 78 8 0 13 0.00 0.0 0 9.7 22 170 M M 6 18 29 180
30 90 69 80 10 0 15 T 0.0 0 7.7 21 10 M M 5 1 25 20
================================================================================
SM 2588 1732 28 245 0.66 0.0 286.9 M 113
================================================================================
AV 86.3 57.7 9.6 FASTST M M 4 MAX(MPH)
MISC ----> # 29 160 42 170
================================================================================
NOTES:
# LAST OF SEVERAL OCCURRENCES
COLUMN 17 PEAK WIND IN M.P.H.
PRELIMINARY LOCAL CLIMATOLOGICAL DATA (WS FORM: F-6) , PAGE 2
STATION: JUNCTION
MONTH: APRIL
YEAR: 2022
LATITUDE: 30 18 N
LONGITUDE: 99 28 W
[TEMPERATURE DATA] [PRECIPITATION DATA] SYMBOLS USED IN COLUMN 16
AVERAGE MONTHLY: 72.0 TOTAL FOR MONTH: 0.66 1 = FOG OR MIST
DPTR FM NORMAL: 5.1 DPTR FM NORMAL: -1.16 2 = FOG REDUCING VISIBILITY
HIGHEST: 98 ON 11 GRTST 24HR 0.65 ON 25-25 TO 1/4 MILE OR LESS
LOWEST: 32 ON 8 3 = THUNDER
SNOW, ICE PELLETS, HAIL 4 = ICE PELLETS
TOTAL MONTH: 0.0 INCH 5 = HAIL
GRTST 24HR 0.0 6 = FREEZING RAIN OR DRIZZLE
GRTST DEPTH: 0 7 = DUSTSTORM OR SANDSTORM:
VSBY 1/2 MILE OR LESS
8 = SMOKE OR HAZE
[NO. OF DAYS WITH] [WEATHER - DAYS WITH] 9 = BLOWING SNOW
X = TORNADO
MAX 32 OR BELOW: 0 0.01 INCH OR MORE: 2
MAX 90 OR ABOVE: 11 0.10 INCH OR MORE: 1
MIN 32 OR BELOW: 1 0.50 INCH OR MORE: 1
MIN 0 OR BELOW: 0 1.00 INCH OR MORE: 0
[HDD (BASE 65) ]
TOTAL THIS MO. 28 CLEAR (SCALE 0-3) 14
DPTR FM NORMAL -40 PTCLDY (SCALE 4-7) 12
TOTAL FM JUL 1 1800 CLOUDY (SCALE 8-10) 4
DPTR FM NORMAL -250
[CDD (BASE 65) ]
TOTAL THIS MO. 245
DPTR FM NORMAL 118 [PRESSURE DATA]
TOTAL FM JAN 1 308 HIGHEST SLP 30.31 ON 26
DPTR FM NORMAL 130 LOWEST SLP 29.43 ON 12
[REMARKS]
#FINAL-04-22#