000
CXUS53 KLSX 011400
CF6JEF
PRELIMINARY LOCAL CLIMATOLOGICAL DATA (WS FORM: F-6)
STATION: JEFFERSON CITY
MONTH: MAY
YEAR: 2022
LATITUDE: 38 35 N
LONGITUDE: 92 10 W
TEMPERATURE IN F: :PCPN: SNOW: WIND :SUNSHINE: SKY :PK WND
================================================================================
1 2 3 4 5 6A 6B 7 8 9 10 11 12 13 14 15 16 17 18
12Z AVG MX 2MIN
DY MAX MIN AVG DEP HDD CDD WTR SNW DPTH SPD SPD DIR MIN PSBL S-S WX SPD DR
================================================================================
1 71 51 61 0 4 0 0.00 0.0 0 11.5 23 280 M M 1 33 290
2 64 50 57 -5 8 0 0.87 0.0 0 8.4 20 110 M M 5 13 28 110
3 61 52 57 -5 8 0 0.01 0.0 0 8.7 20 280 M M 10 18 29 290
4 57 51 54 -8 11 0 0.35 0.0 0 7.1 15 140 M M 10 138 20 70
5 62 53 58 -4 7 0 1.48 0.0 0 6.4 17 90 M M 10 13 25 90
6 68 55 62 -1 3 0 0.13 0.0 0 8.8 16 300 M M 9 1 24 360
7 76 47 62 -1 3 0 0.00 0.0 0 7.1 16 130 M M 1 22 130
8 81 55 68 5 0 3 0.00 0.0 0 12.9 24 140 M M 3 35 130
9 93 67 80 16 0 15 0.00 0.0 0 13.4 24 170 M M 2 34 160
10 92 71 82 18 0 17 0.00 0.0 0 7.4 15 180 M M 4 22 140
11 94 70 82 18 0 17 0.00 0.0 0 5.8 17 130 M M 1 18 24 160
12 95 66 81 16 0 16 0.00 0.0 0 6.4 13 140 M M 0 18 17 170
13 92 65 79 14 0 14 T 0.0 0 5.0 15 300 M M 1 3 23 300
14 90 65 78 13 0 13 0.00 0.0 0 3.0 9 110 M M 1 1 13 200
15 77 58 68 2 0 3 0.04 0.0 0 6.3 20 10 M M 2 3 29 20
16 82 53 68 2 0 3 0.00 0.0 0 4.9 15 300 M M 0 21 340
17 84 53 69 3 0 4 0.00 0.0 0 6.6 20 190 M M 1 26 180
18 83 64 74 7 0 9 0.19 0.0 0 7.1 17 240 M M 3 3 24 230
19 77 60 69 2 0 4 0.01 0.0 0 5.9 16 220 M M 3 123 23 120
20 91 65 78 11 0 13 T 0.0 0 9.9 20 290 M M 3 27 200
21 65 54 60 -8 5 0 0.94 0.0 0 6.3 23 280 M M 9 13 31 280
22 64 47 56 -12 9 0 0.00 0.0 0 5.2 15 340 M M 0 22 80
23 68 43 56 -12 9 0 0.00 0.0 0 5.8 16 70 M M 7 27 100
24 M 59 M M M M 0.44 0.0 0 8.1 17 100 M M 10 38 26 100
25 M M M M M M 0.13 0.0 0 8.9 23 200 M M 7 38 35 200
26 M M M M M M 0.20 0.0 0 5.8 17 300 M M 8 8 27 300
27 M M M M M M 0.00 0.0 0 7.8 16 290 M M 6 8 25 310
28 M M M M M M 0.00 0.0 0 8.5 17 150 M M 1 128 24 150
29 M M M M M M 0.00 0.0 0 15.5 28 160 M M 0 37 160
30 M 72 M M M M 0.00 0.0 0 13.7 28 170 M M 1 37 160
31 86 75 81 10 0 16 T 0.0 0 6.4 14 180 M M 7 22 190
================================================================================
SM 1873 1521 67 147 4.79 0.0 244.6 M 126
================================================================================
AV 78.0 58.5 7.9 FASTST M M 4 MAX(MPH)
MISC ----> # 28 160 # 37 160
================================================================================
NOTES:
# LAST OF SEVERAL OCCURRENCES
COLUMN 17 PEAK WIND IN M.P.H.
PRELIMINARY LOCAL CLIMATOLOGICAL DATA (WS FORM: F-6) , PAGE 2
STATION: JEFFERSON CITY
MONTH: MAY
YEAR: 2022
LATITUDE: 38 35 N
LONGITUDE: 92 10 W
[TEMPERATURE DATA] [PRECIPITATION DATA] SYMBOLS USED IN COLUMN 16
AVERAGE MONTHLY: 68.3 TOTAL FOR MONTH: 4.79 1 = FOG OR MIST
DPTR FM NORMAL: 2.3 DPTR FM NORMAL: -0.10 2 = FOG REDUCING VISIBILITY
HIGHEST: 95 ON 12 GRTST 24HR 1.83 ON 4- 5 TO 1/4 MILE OR LESS
LOWEST: 43 ON 23 3 = THUNDER
SNOW, ICE PELLETS, HAIL 4 = ICE PELLETS
TOTAL MONTH: 0.0 INCH 5 = HAIL
GRTST 24HR 0.0 6 = FREEZING RAIN OR DRIZZLE
GRTST DEPTH: 0 7 = DUSTSTORM OR SANDSTORM:
VSBY 1/2 MILE OR LESS
8 = SMOKE OR HAZE
[NO. OF DAYS WITH] [WEATHER - DAYS WITH] 9 = BLOWING SNOW
X = TORNADO
MAX 32 OR BELOW: 0 0.01 INCH OR MORE: 12
MAX 90 OR ABOVE: 7 0.10 INCH OR MORE: 9
MIN 32 OR BELOW: 0 0.50 INCH OR MORE: 3
MIN 0 OR BELOW: 0 1.00 INCH OR MORE: 1
[HDD (BASE 65) ]
TOTAL THIS MO. 67 CLEAR (SCALE 0-3) 16
DPTR FM NORMAL -21 PTCLDY (SCALE 4-7) 8
TOTAL FM JUL 1 4058 CLOUDY (SCALE 8-10) 7
DPTR FM NORMAL -525
[CDD (BASE 65) ]
TOTAL THIS MO. 147
DPTR FM NORMAL 28 [PRESSURE DATA]
TOTAL FM JAN 1 173 HIGHEST SLP 30.35 ON 22
DPTR FM NORMAL 20 LOWEST SLP 29.35 ON 20
[REMARKS]
#FINAL-05-22#