000
CXUS55 KBOI 011002
CF6JER
PRELIMINARY LOCAL CLIMATOLOGICAL DATA (WS FORM: F-6)
STATION: JEROME ID
MONTH: FEBRUARY
YEAR: 2024
LATITUDE: 42 43 N
LONGITUDE: 114 27 W
TEMPERATURE IN F: :PCPN: SNOW: WIND :SUNSHINE: SKY :PK WND
================================================================================
1 2 3 4 5 6A 6B 7 8 9 10 11 12 13 14 15 16 17 18
12Z AVG MX 2MIN
DY MAX MIN AVG DEP HDD CDD WTR SNW DPTH SPD SPD DIR MIN PSBL S-S WX SPD DR
================================================================================
1 50 40 45 15 20 0 0.20 M M 13.1 23 70 M M 8 1 29 70
2 43 35 39 9 26 0 0.14 M M 14.5 26 260 M M 8 12 36 260
3 40 32 36 5 29 0 T M M 16.1 24 250 M M 7 1 31 260
4 44 27 36 5 29 0 T M M 11.1 23 80 M M 4 1 30 80
5 53 32 43 12 22 0 0.06 M M 13.3 23 160 M M 6 1 31 170
6 47 37 42 11 23 0 0.03 M M 11.1 20 60 M M 10 12 25 70
7 45 32 39 8 26 0 0.01 M M 13.6 24 270 M M 9 12 32 270
8 42 29 36 5 29 0 0.00 M M 10.6 18 270 M M 8 25 260
9 35 27 31 -1 34 0 T M M 11.6 21 260 M M 7 18 26 270
10 34 25 30 -2 35 0 T M M 6.4 16 280 M M 7 1 22 260
11 41 22 32 0 33 0 0.00 M M 6.3 14 60 M M 1 17 60
12 46 26 36 4 29 0 0.00 M M 7.2 14 270 M M 3 18 260
13 46 30 38 5 27 0 0.00 M M 7.7 17 50 M M 6 22 50
14 45 27 36 3 29 0 0.08 M M 5.9 20 210 M M 5 12 27 200
15 47 35 41 8 24 0 0.29 M M 10.3 28 270 M M 8 1 42 280
16 42 28 35 2 30 0 0.05 M M 16.2 28 280 M M 7 12 38 280
17 38 22 30 -4 35 0 0.00 M M 20.8 30 70 M M 0 38 70
18 38 27 33 -1 32 0 0.05 M M 12.4 26 60 M M 8 12 33 50
19 36 28 32 -2 33 0 0.14 M M 18.2 31 70 M M 3 1 42 60
20 50 28 39 4 26 0 T M M 12.7 18 60 M M 2 24 60
21 44 32 38 3 27 0 0.00 M M 9.3 15 80 M M 2 M M
22 49 29 39 4 26 0 0.00 M M 4.6 15 340 M M 0 18 340
23 51 29 40 4 25 0 0.00 M M 5.2 12 70 M M 0 13 70
24 55 30 43 7 22 0 0.00 M M 5.3 10 300 M M 0 15 300
25 59 37 48 12 17 0 0.00 M M 7.6 21 270 M M 0 27 270
26 47 25 36 -1 29 0 0.17 M M 15.8 36 260 M M 7 12 51 250
27 31 21 26 -11 39 0 T M M 16.2 29 270 M M 6 18 36 270
28 47 26 37 0 28 0 0.00 M M 9.8 16 60 M M 4 21 50
29 56 30 43 5 22 0 T M M 15.2 23 60 M M 6 32 190
================================================================================
SM 1301 848 806 0 1.22 M 328.1 M 142
================================================================================
AV 44.9 29.2 11.3 FASTST M M 5 MAX(MPH)
MISC ----> 36 260 51 250
================================================================================
NOTES:
# LAST OF SEVERAL OCCURRENCES
COLUMN 17 PEAK WIND IN M.P.H.
PRELIMINARY LOCAL CLIMATOLOGICAL DATA (WS FORM: F-6) , PAGE 2
STATION: JEROME ID
MONTH: FEBRUARY
YEAR: 2024
LATITUDE: 42 43 N
LONGITUDE: 114 27 W
[TEMPERATURE DATA] [PRECIPITATION DATA] SYMBOLS USED IN COLUMN 16
AVERAGE MONTHLY: 37.1 TOTAL FOR MONTH: 1.22 1 = FOG OR MIST
DPTR FM NORMAL: 3.8 DPTR FM NORMAL: 0.50 2 = FOG REDUCING VISIBILITY
HIGHEST: 59 ON 25 GRTST 24HR 0.35 ON 14-15 TO 1/4 MILE OR LESS
LOWEST: 21 ON 27 3 = THUNDER
SNOW, ICE PELLETS, HAIL 4 = ICE PELLETS
TOTAL MONTH: M 5 = HAIL
GRTST 24HR M ON M 6 = FREEZING RAIN OR DRIZZLE
GRTST DEPTH: M ON M 7 = DUSTSTORM OR SANDSTORM:
VSBY 1/2 MILE OR LESS
8 = SMOKE OR HAZE
[NO. OF DAYS WITH] [WEATHER - DAYS WITH] 9 = BLOWING SNOW
X = TORNADO
MAX 32 OR BELOW: 1 0.01 INCH OR MORE: 11
MAX 90 OR ABOVE: 0 0.10 INCH OR MORE: 5
MIN 32 OR BELOW: 24 0.50 INCH OR MORE: 0
MIN 0 OR BELOW: 0 1.00 INCH OR MORE: 0
[HDD (BASE 65) ]
TOTAL THIS MO. 806 CLEAR (SCALE 0-3) 10
DPTR FM NORMAL -82 PTCLDY (SCALE 4-7) 15
TOTAL FM JUL 1 4130 CLOUDY (SCALE 8-10) 4
DPTR FM NORMAL -419
[CDD (BASE 65) ]
TOTAL THIS MO. 0
DPTR FM NORMAL 0 [PRESSURE DATA]
TOTAL FM JAN 1 0 HIGHEST SLP 30.42 ON 23
DPTR FM NORMAL 0 LOWEST SLP 29.46 ON 6
[REMARKS]
#FINAL-02-24#